{"version":"1.0","provider_name":"San Juan Deportes","provider_url":"http:\/\/www.sanjuandeportes.com\/wp","author_name":"admin","author_url":"http:\/\/www.sanjuandeportes.com\/wp\/author\/admin\/","title":"La etapa 'reina' fue para un ecuatoriano - San Juan Deportes","type":"rich","width":600,"height":338,"html":"<blockquote class=\"wp-embedded-content\" data-secret=\"blBWG051dn\"><a href=\"http:\/\/www.sanjuandeportes.com\/wp\/2018\/02\/25\/la-etapa-reina-fue-para-un-ecuatoriano\/\">La etapa &#8216;reina&#8217; fue para un ecuatoriano<\/a><\/blockquote><iframe sandbox=\"allow-scripts\" security=\"restricted\" src=\"http:\/\/www.sanjuandeportes.com\/wp\/2018\/02\/25\/la-etapa-reina-fue-para-un-ecuatoriano\/embed\/#?secret=blBWG051dn\" width=\"600\" height=\"338\" title=\"\u00abLa etapa &#8216;reina&#8217; fue para un ecuatoriano\u00bb \u2014 San Juan Deportes\" data-secret=\"blBWG051dn\" frameborder=\"0\" marginwidth=\"0\" marginheight=\"0\" scrolling=\"no\" class=\"wp-embedded-content\"><\/iframe><script>\n\/*! This file is auto-generated *\/\n!function(d,l){\"use strict\";l.querySelector&&d.addEventListener&&\"undefined\"!=typeof URL&&(d.wp=d.wp||{},d.wp.receiveEmbedMessage||(d.wp.receiveEmbedMessage=function(e){var t=e.data;if((t||t.secret||t.message||t.value)&&!\/[^a-zA-Z0-9]\/.test(t.secret)){for(var s,r,n,a=l.querySelectorAll('iframe[data-secret=\"'+t.secret+'\"]'),o=l.querySelectorAll('blockquote[data-secret=\"'+t.secret+'\"]'),c=new RegExp(\"^https?:$\",\"i\"),i=0;i<o.length;i++)o[i].style.display=\"none\";for(i=0;i<a.length;i++)s=a[i],e.source===s.contentWindow&&(s.removeAttribute(\"style\"),\"height\"===t.message?(1e3<(r=parseInt(t.value,10))?r=1e3:~~r<200&&(r=200),s.height=r):\"link\"===t.message&&(r=new URL(s.getAttribute(\"src\")),n=new URL(t.value),c.test(n.protocol))&&n.host===r.host&&l.activeElement===s&&(d.top.location.href=t.value))}},d.addEventListener(\"message\",d.wp.receiveEmbedMessage,!1),l.addEventListener(\"DOMContentLoaded\",function(){for(var e,t,s=l.querySelectorAll(\"iframe.wp-embedded-content\"),r=0;r<s.length;r++)(t=(e=s[r]).getAttribute(\"data-secret\"))||(t=Math.random().toString(36).substring(2,12),e.src+=\"#?secret=\"+t,e.setAttribute(\"data-secret\",t)),e.contentWindow.postMessage({message:\"ready\",secret:t},\"*\")},!1)))}(window,document);\n\/\/# sourceURL=http:\/\/www.sanjuandeportes.com\/wp\/wp-includes\/js\/wp-embed.min.js\n<\/script>\n","description":"Por la pen\u00faltima etapa de la vuelta mendocina, Pedro Rodr\u00edguez de Ecuador fue el ganador. Competencia que por 92 kil\u00f3metros son de constante subida. El ciclista Pedro Rodr\u00edguez del equipo Tims-Eagle Bikes, con un tiempo de 3h09&#8217;52\u00bb cumpli\u00f3 con el recorrido que uni\u00f3 el Valle de Uspallata y el Cristo Redentor en Mendoza. Este es [&hellip;]","thumbnail_url":"https:\/\/www.sanjuandeportes.com\/wp\/wp-content\/uploads\/2018\/02\/7MA-Etapa-Mendoza-2-150x150.jpg"}

Por la penúltima etapa de la vuelta mendocina, Pedro Rodríguez de Ecuador fue el ganador. Competencia que por 92 kilómetros son de constante subida. El ciclista Pedro Rodríguez del equipo Tims-Eagle Bikes, con un tiempo de 3h09&#8217;52» cumplió con el recorrido que unió el Valle de Uspallata y el Cristo Redentor en Mendoza. Este es [&hellip;]
