{"version":"1.0","provider_name":"San Juan Deportes","provider_url":"http:\/\/www.sanjuandeportes.com\/wp","author_name":"admin","author_url":"http:\/\/www.sanjuandeportes.com\/wp\/author\/admin\/","title":"\u00bfUn cambio total en la Davis en 2019? - San Juan Deportes","type":"rich","width":600,"height":338,"html":"<blockquote class=\"wp-embedded-content\" data-secret=\"NGa7BX8O0H\"><a href=\"http:\/\/www.sanjuandeportes.com\/wp\/2018\/02\/26\/un-cambio-total-en-la-davis-en-2019\/\">\u00bfUn cambio total en la Davis en 2019?<\/a><\/blockquote><iframe sandbox=\"allow-scripts\" security=\"restricted\" src=\"http:\/\/www.sanjuandeportes.com\/wp\/2018\/02\/26\/un-cambio-total-en-la-davis-en-2019\/embed\/#?secret=NGa7BX8O0H\" width=\"600\" height=\"338\" title=\"\u00ab\u00bfUn cambio total en la Davis en 2019?\u00bb \u2014 San Juan Deportes\" data-secret=\"NGa7BX8O0H\" frameborder=\"0\" marginwidth=\"0\" marginheight=\"0\" scrolling=\"no\" class=\"wp-embedded-content\"><\/iframe><script>\n\/*! This file is auto-generated *\/\n!function(d,l){\"use strict\";l.querySelector&&d.addEventListener&&\"undefined\"!=typeof URL&&(d.wp=d.wp||{},d.wp.receiveEmbedMessage||(d.wp.receiveEmbedMessage=function(e){var t=e.data;if((t||t.secret||t.message||t.value)&&!\/[^a-zA-Z0-9]\/.test(t.secret)){for(var s,r,n,a=l.querySelectorAll('iframe[data-secret=\"'+t.secret+'\"]'),o=l.querySelectorAll('blockquote[data-secret=\"'+t.secret+'\"]'),c=new RegExp(\"^https?:$\",\"i\"),i=0;i<o.length;i++)o[i].style.display=\"none\";for(i=0;i<a.length;i++)s=a[i],e.source===s.contentWindow&&(s.removeAttribute(\"style\"),\"height\"===t.message?(1e3<(r=parseInt(t.value,10))?r=1e3:~~r<200&&(r=200),s.height=r):\"link\"===t.message&&(r=new URL(s.getAttribute(\"src\")),n=new URL(t.value),c.test(n.protocol))&&n.host===r.host&&l.activeElement===s&&(d.top.location.href=t.value))}},d.addEventListener(\"message\",d.wp.receiveEmbedMessage,!1),l.addEventListener(\"DOMContentLoaded\",function(){for(var e,t,s=l.querySelectorAll(\"iframe.wp-embedded-content\"),r=0;r<s.length;r++)(t=(e=s[r]).getAttribute(\"data-secret\"))||(t=Math.random().toString(36).substring(2,12),e.src+=\"#?secret=\"+t,e.setAttribute(\"data-secret\",t)),e.contentWindow.postMessage({message:\"ready\",secret:t},\"*\")},!1)))}(window,document);\n\/\/# sourceURL=http:\/\/www.sanjuandeportes.com\/wp\/wp-includes\/js\/wp-embed.min.js\n<\/script>\n","description":"Despu\u00e9s de este 2018, la Copa Davis cambiaria de una forma rotunda en el pr\u00f3ximo a\u00f1o. Todos los detalles aqu\u00ed del por qu\u00e9. El Grupo Mundial se disputar\u00e1 con 18 naciones en una \u00fanica sede durante una semana en noviembre. Comenzar\u00e1 en 2019, si el AGM de la ITF de julio aprueba el acuerdo con [&hellip;]","thumbnail_url":"http:\/\/www.sanjuandeportes.com\/wp\/wp-content\/uploads\/2018\/02\/Copa-celebrada-en-2016-300x169.jpg"}

Después de este 2018, la Copa Davis cambiaria de una forma rotunda en el próximo año. Todos los detalles aquí del por qué. El Grupo Mundial se disputará con 18 naciones en una única sede durante una semana en noviembre. Comenzará en 2019, si el AGM de la ITF de julio aprueba el acuerdo con [&hellip;]
