{"version":"1.0","provider_name":"San Juan Deportes","provider_url":"http:\/\/www.sanjuandeportes.com\/wp","author_name":"admin","author_url":"http:\/\/www.sanjuandeportes.com\/wp\/author\/admin\/","title":"Pocito epicentro del deporte comunitario - San Juan Deportes","type":"rich","width":600,"height":338,"html":"<blockquote class=\"wp-embedded-content\" data-secret=\"Yk0yhXACvd\"><a href=\"http:\/\/www.sanjuandeportes.com\/wp\/2018\/07\/26\/pocito-epicentro-del-deporte-comunitario\/\">Pocito epicentro del deporte comunitario<\/a><\/blockquote><iframe sandbox=\"allow-scripts\" security=\"restricted\" src=\"http:\/\/www.sanjuandeportes.com\/wp\/2018\/07\/26\/pocito-epicentro-del-deporte-comunitario\/embed\/#?secret=Yk0yhXACvd\" width=\"600\" height=\"338\" title=\"\u00abPocito epicentro del deporte comunitario\u00bb \u2014 San Juan Deportes\" data-secret=\"Yk0yhXACvd\" frameborder=\"0\" marginwidth=\"0\" marginheight=\"0\" scrolling=\"no\" class=\"wp-embedded-content\"><\/iframe><script>\n\/*! This file is auto-generated *\/\n!function(d,l){\"use strict\";l.querySelector&&d.addEventListener&&\"undefined\"!=typeof URL&&(d.wp=d.wp||{},d.wp.receiveEmbedMessage||(d.wp.receiveEmbedMessage=function(e){var t=e.data;if((t||t.secret||t.message||t.value)&&!\/[^a-zA-Z0-9]\/.test(t.secret)){for(var s,r,n,a=l.querySelectorAll('iframe[data-secret=\"'+t.secret+'\"]'),o=l.querySelectorAll('blockquote[data-secret=\"'+t.secret+'\"]'),c=new RegExp(\"^https?:$\",\"i\"),i=0;i<o.length;i++)o[i].style.display=\"none\";for(i=0;i<a.length;i++)s=a[i],e.source===s.contentWindow&&(s.removeAttribute(\"style\"),\"height\"===t.message?(1e3<(r=parseInt(t.value,10))?r=1e3:~~r<200&&(r=200),s.height=r):\"link\"===t.message&&(r=new URL(s.getAttribute(\"src\")),n=new URL(t.value),c.test(n.protocol))&&n.host===r.host&&l.activeElement===s&&(d.top.location.href=t.value))}},d.addEventListener(\"message\",d.wp.receiveEmbedMessage,!1),l.addEventListener(\"DOMContentLoaded\",function(){for(var e,t,s=l.querySelectorAll(\"iframe.wp-embedded-content\"),r=0;r<s.length;r++)(t=(e=s[r]).getAttribute(\"data-secret\"))||(t=Math.random().toString(36).substring(2,12),e.src+=\"#?secret=\"+t,e.setAttribute(\"data-secret\",t)),e.contentWindow.postMessage({message:\"ready\",secret:t},\"*\")},!1)))}(window,document);\n\/\/# sourceURL=http:\/\/www.sanjuandeportes.com\/wp\/wp-includes\/js\/wp-embed.min.js\n<\/script>\n","thumbnail_url":"https:\/\/www.sanjuandeportes.com\/wp\/wp-content\/uploads\/2018\/07\/Deporte-pocito.jpg","thumbnail_width":1280,"thumbnail_height":853,"description":"M\u00e1s de 1300 personas participar\u00e1n de un evento que realizar\u00e1 la Direcci\u00f3n de Deporte en la Comunidad, a trav\u00e9s de sus programas m\u00e1s importantes. \u00a0Con motivo de mostrar como se viene trabajando en esta primera parte del a\u00f1o, la Secretar\u00eda de Estado de Deportes en conjunto con la Municipalidad de Pocito, llevar\u00e1 a cabo un [&hellip;]"}

Más de 1300 personas participarán de un evento que realizará la Dirección de Deporte en la Comunidad, a través de sus programas más importantes.  Con motivo de mostrar como se viene trabajando en esta primera parte del año, la Secretaría de Estado de Deportes en conjunto con la Municipalidad de Pocito, llevará a cabo un [&hellip;]
