{"version":"1.0","provider_name":"San Juan Deportes","provider_url":"http:\/\/www.sanjuandeportes.com\/wp","author_name":"Pablo Pujado","author_url":"http:\/\/www.sanjuandeportes.com\/wp\/author\/pablo-pujado\/","title":"Pereyra cada vez m\u00e1s cerca de Tokio - San Juan Deportes","type":"rich","width":600,"height":338,"html":"<blockquote class=\"wp-embedded-content\" data-secret=\"yn0FtBMEhY\"><a href=\"http:\/\/www.sanjuandeportes.com\/wp\/2019\/02\/25\/pereyra-cada-vez-mas-cerca-de-tokio\/\">Pereyra cada vez m\u00e1s cerca de Tokio<\/a><\/blockquote><iframe sandbox=\"allow-scripts\" security=\"restricted\" src=\"http:\/\/www.sanjuandeportes.com\/wp\/2019\/02\/25\/pereyra-cada-vez-mas-cerca-de-tokio\/embed\/#?secret=yn0FtBMEhY\" width=\"600\" height=\"338\" title=\"\u00abPereyra cada vez m\u00e1s cerca de Tokio\u00bb \u2014 San Juan Deportes\" data-secret=\"yn0FtBMEhY\" frameborder=\"0\" marginwidth=\"0\" marginheight=\"0\" scrolling=\"no\" class=\"wp-embedded-content\"><\/iframe><script>\n\/*! This file is auto-generated *\/\n!function(d,l){\"use strict\";l.querySelector&&d.addEventListener&&\"undefined\"!=typeof URL&&(d.wp=d.wp||{},d.wp.receiveEmbedMessage||(d.wp.receiveEmbedMessage=function(e){var t=e.data;if((t||t.secret||t.message||t.value)&&!\/[^a-zA-Z0-9]\/.test(t.secret)){for(var s,r,n,a=l.querySelectorAll('iframe[data-secret=\"'+t.secret+'\"]'),o=l.querySelectorAll('blockquote[data-secret=\"'+t.secret+'\"]'),c=new RegExp(\"^https?:$\",\"i\"),i=0;i<o.length;i++)o[i].style.display=\"none\";for(i=0;i<a.length;i++)s=a[i],e.source===s.contentWindow&&(s.removeAttribute(\"style\"),\"height\"===t.message?(1e3<(r=parseInt(t.value,10))?r=1e3:~~r<200&&(r=200),s.height=r):\"link\"===t.message&&(r=new URL(s.getAttribute(\"src\")),n=new URL(t.value),c.test(n.protocol))&&n.host===r.host&&l.activeElement===s&&(d.top.location.href=t.value))}},d.addEventListener(\"message\",d.wp.receiveEmbedMessage,!1),l.addEventListener(\"DOMContentLoaded\",function(){for(var e,t,s=l.querySelectorAll(\"iframe.wp-embedded-content\"),r=0;r<s.length;r++)(t=(e=s[r]).getAttribute(\"data-secret\"))||(t=Math.random().toString(36).substring(2,12),e.src+=\"#?secret=\"+t,e.setAttribute(\"data-secret\",t)),e.contentWindow.postMessage({message:\"ready\",secret:t},\"*\")},!1)))}(window,document);\n\/\/# sourceURL=http:\/\/www.sanjuandeportes.com\/wp\/wp-includes\/js\/wp-embed.min.js\n<\/script>\n","thumbnail_url":"http:\/\/www.sanjuandeportes.com\/wp\/wp-content\/uploads\/2019\/02\/fbe52b7e9c43a5cda17a29d807e5c243_L.jpg","thumbnail_width":782,"thumbnail_height":440,"description":"Este fin de semana el v\u00f3ley de playa dio un gran paso en la b\u00fasqueda de la clasificaci\u00f3n a Tokio 2020.\u00a0En Paraguay, el seleccionado femenino gan\u00f3 la Continental Cup, en lo que respecta al grupo C. El evento tuvo lugar en el Comit\u00e9 O\u00edmpico Paraguayo, en el cual tuvo\u00a0presencia sanjuanina con Fernanda Pereyra\u00a0que junto a [&hellip;]"}

Pereyra cada vez más cerca de Tokio - San Juan Deportes

<blockquote class="wp-embedded-content" data-secret="yn0FtBMEhY"><a href="http://www.sanjuandeportes.com/wp/2019/02/25/pereyra-cada-vez-mas-cerca-de-tokio/">Pereyra cada vez más cerca de Tokio</a></blockquote><iframe sandbox="allow-scripts" security="restricted" src="http://www.sanjuandeportes.com/wp/2019/02/25/pereyra-cada-vez-mas-cerca-de-tokio/embed/#?secret=yn0FtBMEhY" width="600" height="338" title="«Pereyra cada vez más cerca de Tokio» — San Juan Deportes" data-secret="yn0FtBMEhY" frameborder="0" marginwidth="0" marginheight="0" scrolling="no" class="wp-embedded-content"></iframe><script>
/*! This file is auto-generated */
!function(d,l){"use strict";l.querySelector&&d.addEventListener&&"undefined"!=typeof URL&&(d.wp=d.wp||{},d.wp.receiveEmbedMessage||(d.wp.receiveEmbedMessage=function(e){var t=e.data;if((t||t.secret||t.message||t.value)&&!/[^a-zA-Z0-9]/.test(t.secret)){for(var s,r,n,a=l.querySelectorAll('iframe[data-secret="'+t.secret+'"]'),o=l.querySelectorAll('blockquote[data-secret="'+t.secret+'"]'),c=new RegExp("^https?:$","i"),i=0;i<o.length;i++)o[i].style.display="none";for(i=0;i<a.length;i++)s=a[i],e.source===s.contentWindow&&(s.removeAttribute("style"),"height"===t.message?(1e3<(r=parseInt(t.value,10))?r=1e3:~~r<200&&(r=200),s.height=r):"link"===t.message&&(r=new URL(s.getAttribute("src")),n=new URL(t.value),c.test(n.protocol))&&n.host===r.host&&l.activeElement===s&&(d.top.location.href=t.value))}},d.addEventListener("message",d.wp.receiveEmbedMessage,!1),l.addEventListener("DOMContentLoaded",function(){for(var e,t,s=l.querySelectorAll("iframe.wp-embedded-content"),r=0;r<s.length;r++)(t=(e=s[r]).getAttribute("data-secret"))||(t=Math.random().toString(36).substring(2,12),e.src+="#?secret="+t,e.setAttribute("data-secret",t)),e.contentWindow.postMessage({message:"ready",secret:t},"*")},!1)))}(window,document);
//# sourceURL=http://www.sanjuandeportes.com/wp/wp-includes/js/wp-embed.min.js
</script>

Este fin de semana el vóley de playa dio un gran paso en la búsqueda de la clasificación a Tokio 2020. En Paraguay, el seleccionado femenino ganó la Continental Cup, en lo que respecta al grupo C. El evento tuvo lugar en el Comité Oímpico Paraguayo, en el cual tuvo presencia sanjuanina con Fernanda Pereyra que junto a [&hellip;]
