{"version":"1.0","provider_name":"San Juan Deportes","provider_url":"http:\/\/www.sanjuandeportes.com\/wp","author_name":"Pablo Pujado","author_url":"http:\/\/www.sanjuandeportes.com\/wp\/author\/pablo-pujado\/","title":"Tob\u00edas Mart\u00ednez hizo podio en la Formula Renault \u00a0 - San Juan Deportes","type":"rich","width":600,"height":338,"html":"<blockquote class=\"wp-embedded-content\" data-secret=\"JGh0EHZfsq\"><a href=\"http:\/\/www.sanjuandeportes.com\/wp\/2019\/04\/29\/tobias-martinez-hizo-podio-en-la-formula-renault\/\">Tob\u00edas Mart\u00ednez hizo podio en la Formula Renault \u00a0<\/a><\/blockquote><iframe sandbox=\"allow-scripts\" security=\"restricted\" src=\"http:\/\/www.sanjuandeportes.com\/wp\/2019\/04\/29\/tobias-martinez-hizo-podio-en-la-formula-renault\/embed\/#?secret=JGh0EHZfsq\" width=\"600\" height=\"338\" title=\"\u00abTob\u00edas Mart\u00ednez hizo podio en la Formula Renault \u00a0\u00bb \u2014 San Juan Deportes\" data-secret=\"JGh0EHZfsq\" frameborder=\"0\" marginwidth=\"0\" marginheight=\"0\" scrolling=\"no\" class=\"wp-embedded-content\"><\/iframe><script>\n\/*! This file is auto-generated *\/\n!function(d,l){\"use strict\";l.querySelector&&d.addEventListener&&\"undefined\"!=typeof URL&&(d.wp=d.wp||{},d.wp.receiveEmbedMessage||(d.wp.receiveEmbedMessage=function(e){var t=e.data;if((t||t.secret||t.message||t.value)&&!\/[^a-zA-Z0-9]\/.test(t.secret)){for(var s,r,n,a=l.querySelectorAll('iframe[data-secret=\"'+t.secret+'\"]'),o=l.querySelectorAll('blockquote[data-secret=\"'+t.secret+'\"]'),c=new RegExp(\"^https?:$\",\"i\"),i=0;i<o.length;i++)o[i].style.display=\"none\";for(i=0;i<a.length;i++)s=a[i],e.source===s.contentWindow&&(s.removeAttribute(\"style\"),\"height\"===t.message?(1e3<(r=parseInt(t.value,10))?r=1e3:~~r<200&&(r=200),s.height=r):\"link\"===t.message&&(r=new URL(s.getAttribute(\"src\")),n=new URL(t.value),c.test(n.protocol))&&n.host===r.host&&l.activeElement===s&&(d.top.location.href=t.value))}},d.addEventListener(\"message\",d.wp.receiveEmbedMessage,!1),l.addEventListener(\"DOMContentLoaded\",function(){for(var e,t,s=l.querySelectorAll(\"iframe.wp-embedded-content\"),r=0;r<s.length;r++)(t=(e=s[r]).getAttribute(\"data-secret\"))||(t=Math.random().toString(36).substring(2,12),e.src+=\"#?secret=\"+t,e.setAttribute(\"data-secret\",t)),e.contentWindow.postMessage({message:\"ready\",secret:t},\"*\")},!1)))}(window,document);\n\/\/# sourceURL=http:\/\/www.sanjuandeportes.com\/wp\/wp-includes\/js\/wp-embed.min.js\n<\/script>\n","thumbnail_url":"http:\/\/www.sanjuandeportes.com\/wp\/wp-content\/uploads\/2019\/04\/Tob\u00edas-Mart\u00ednez.jpg","thumbnail_width":1359,"thumbnail_height":782,"description":"La F\u00f3rmula 2.0 Renault disput\u00f3 su segunda final del fin de semana en el aut\u00f3dromo de General Roca, donde el sanjuanino Tob\u00edas Mart\u00ednez qued\u00f3 con el segundo puesto. La victoria se la llev\u00f3 Esteban Fern\u00e1ndez. La largada se demor\u00f3 debido a que el auto de Lautaro Pi\u00f1eiro se par\u00f3 antes de formarse en la grilla, [&hellip;]"}

Tobías Martínez hizo podio en la Formula Renault   - San Juan Deportes

<blockquote class="wp-embedded-content" data-secret="JGh0EHZfsq"><a href="http://www.sanjuandeportes.com/wp/2019/04/29/tobias-martinez-hizo-podio-en-la-formula-renault/">Tobías Martínez hizo podio en la Formula Renault  </a></blockquote><iframe sandbox="allow-scripts" security="restricted" src="http://www.sanjuandeportes.com/wp/2019/04/29/tobias-martinez-hizo-podio-en-la-formula-renault/embed/#?secret=JGh0EHZfsq" width="600" height="338" title="«Tobías Martínez hizo podio en la Formula Renault  » — San Juan Deportes" data-secret="JGh0EHZfsq" frameborder="0" marginwidth="0" marginheight="0" scrolling="no" class="wp-embedded-content"></iframe><script>
/*! This file is auto-generated */
!function(d,l){"use strict";l.querySelector&&d.addEventListener&&"undefined"!=typeof URL&&(d.wp=d.wp||{},d.wp.receiveEmbedMessage||(d.wp.receiveEmbedMessage=function(e){var t=e.data;if((t||t.secret||t.message||t.value)&&!/[^a-zA-Z0-9]/.test(t.secret)){for(var s,r,n,a=l.querySelectorAll('iframe[data-secret="'+t.secret+'"]'),o=l.querySelectorAll('blockquote[data-secret="'+t.secret+'"]'),c=new RegExp("^https?:$","i"),i=0;i<o.length;i++)o[i].style.display="none";for(i=0;i<a.length;i++)s=a[i],e.source===s.contentWindow&&(s.removeAttribute("style"),"height"===t.message?(1e3<(r=parseInt(t.value,10))?r=1e3:~~r<200&&(r=200),s.height=r):"link"===t.message&&(r=new URL(s.getAttribute("src")),n=new URL(t.value),c.test(n.protocol))&&n.host===r.host&&l.activeElement===s&&(d.top.location.href=t.value))}},d.addEventListener("message",d.wp.receiveEmbedMessage,!1),l.addEventListener("DOMContentLoaded",function(){for(var e,t,s=l.querySelectorAll("iframe.wp-embedded-content"),r=0;r<s.length;r++)(t=(e=s[r]).getAttribute("data-secret"))||(t=Math.random().toString(36).substring(2,12),e.src+="#?secret="+t,e.setAttribute("data-secret",t)),e.contentWindow.postMessage({message:"ready",secret:t},"*")},!1)))}(window,document);
//# sourceURL=http://www.sanjuandeportes.com/wp/wp-includes/js/wp-embed.min.js
</script>

http://www.sanjuandeportes.com/wp/wp-content/uploads/2019/04/Tobías-Martínez.jpg

La Fórmula 2.0 Renault disputó su segunda final del fin de semana en el autódromo de General Roca, donde el sanjuanino Tobías Martínez quedó con el segundo puesto. La victoria se la llevó Esteban Fernández. La largada se demoró debido a que el auto de Lautaro Piñeiro se paró antes de formarse en la grilla, [&hellip;]
