{"version":"1.0","provider_name":"San Juan Deportes","provider_url":"http:\/\/www.sanjuandeportes.com\/wp","author_name":"Pablo Pujado","author_url":"http:\/\/www.sanjuandeportes.com\/wp\/author\/pablo-pujado\/","title":"F\u00f3rmula 2.0: Tob\u00edas Mart\u00ednez festej\u00f3 en Rosario - San Juan Deportes","type":"rich","width":600,"height":338,"html":"<blockquote class=\"wp-embedded-content\" data-secret=\"D39SjOxOoM\"><a href=\"http:\/\/www.sanjuandeportes.com\/wp\/2019\/06\/10\/formula-2-0-tobias-martinez-festejo-en-rosario\/\">F\u00f3rmula 2.0: Tob\u00edas Mart\u00ednez festej\u00f3 en Rosario<\/a><\/blockquote><iframe sandbox=\"allow-scripts\" security=\"restricted\" src=\"http:\/\/www.sanjuandeportes.com\/wp\/2019\/06\/10\/formula-2-0-tobias-martinez-festejo-en-rosario\/embed\/#?secret=D39SjOxOoM\" width=\"600\" height=\"338\" title=\"\u00abF\u00f3rmula 2.0: Tob\u00edas Mart\u00ednez festej\u00f3 en Rosario\u00bb \u2014 San Juan Deportes\" data-secret=\"D39SjOxOoM\" frameborder=\"0\" marginwidth=\"0\" marginheight=\"0\" scrolling=\"no\" class=\"wp-embedded-content\"><\/iframe><script>\n\/*! This file is auto-generated *\/\n!function(d,l){\"use strict\";l.querySelector&&d.addEventListener&&\"undefined\"!=typeof URL&&(d.wp=d.wp||{},d.wp.receiveEmbedMessage||(d.wp.receiveEmbedMessage=function(e){var t=e.data;if((t||t.secret||t.message||t.value)&&!\/[^a-zA-Z0-9]\/.test(t.secret)){for(var s,r,n,a=l.querySelectorAll('iframe[data-secret=\"'+t.secret+'\"]'),o=l.querySelectorAll('blockquote[data-secret=\"'+t.secret+'\"]'),c=new RegExp(\"^https?:$\",\"i\"),i=0;i<o.length;i++)o[i].style.display=\"none\";for(i=0;i<a.length;i++)s=a[i],e.source===s.contentWindow&&(s.removeAttribute(\"style\"),\"height\"===t.message?(1e3<(r=parseInt(t.value,10))?r=1e3:~~r<200&&(r=200),s.height=r):\"link\"===t.message&&(r=new URL(s.getAttribute(\"src\")),n=new URL(t.value),c.test(n.protocol))&&n.host===r.host&&l.activeElement===s&&(d.top.location.href=t.value))}},d.addEventListener(\"message\",d.wp.receiveEmbedMessage,!1),l.addEventListener(\"DOMContentLoaded\",function(){for(var e,t,s=l.querySelectorAll(\"iframe.wp-embedded-content\"),r=0;r<s.length;r++)(t=(e=s[r]).getAttribute(\"data-secret\"))||(t=Math.random().toString(36).substring(2,12),e.src+=\"#?secret=\"+t,e.setAttribute(\"data-secret\",t)),e.contentWindow.postMessage({message:\"ready\",secret:t},\"*\")},!1)))}(window,document);\n\/\/# sourceURL=http:\/\/www.sanjuandeportes.com\/wp\/wp-includes\/js\/wp-embed.min.js\n<\/script>\n","thumbnail_url":"http:\/\/www.sanjuandeportes.com\/wp\/wp-content\/uploads\/2019\/06\/image5cfc1fc826f4c.jpg","thumbnail_width":945,"thumbnail_height":532,"description":"Tob\u00edas Mart\u00ednez se llev\u00f3 el triunfo en la primera final del fin de semana, mientras que Esteban Fern\u00e1ndez logr\u00f3 la segunda del domingo. La cuarta fecha de la temporada para la F\u00f3rmula 2.0 Renault Copa Pirelli se desarroll\u00f3 en Rosario y Tob\u00edas Mart\u00ednez y Esteban Fern\u00e1ndez se quedaron con la victoria en las dos competencias, [&hellip;]"}

Fórmula 2.0: Tobías Martínez festejó en Rosario - San Juan Deportes

<blockquote class="wp-embedded-content" data-secret="D39SjOxOoM"><a href="http://www.sanjuandeportes.com/wp/2019/06/10/formula-2-0-tobias-martinez-festejo-en-rosario/">Fórmula 2.0: Tobías Martínez festejó en Rosario</a></blockquote><iframe sandbox="allow-scripts" security="restricted" src="http://www.sanjuandeportes.com/wp/2019/06/10/formula-2-0-tobias-martinez-festejo-en-rosario/embed/#?secret=D39SjOxOoM" width="600" height="338" title="«Fórmula 2.0: Tobías Martínez festejó en Rosario» — San Juan Deportes" data-secret="D39SjOxOoM" frameborder="0" marginwidth="0" marginheight="0" scrolling="no" class="wp-embedded-content"></iframe><script>
/*! This file is auto-generated */
!function(d,l){"use strict";l.querySelector&&d.addEventListener&&"undefined"!=typeof URL&&(d.wp=d.wp||{},d.wp.receiveEmbedMessage||(d.wp.receiveEmbedMessage=function(e){var t=e.data;if((t||t.secret||t.message||t.value)&&!/[^a-zA-Z0-9]/.test(t.secret)){for(var s,r,n,a=l.querySelectorAll('iframe[data-secret="'+t.secret+'"]'),o=l.querySelectorAll('blockquote[data-secret="'+t.secret+'"]'),c=new RegExp("^https?:$","i"),i=0;i<o.length;i++)o[i].style.display="none";for(i=0;i<a.length;i++)s=a[i],e.source===s.contentWindow&&(s.removeAttribute("style"),"height"===t.message?(1e3<(r=parseInt(t.value,10))?r=1e3:~~r<200&&(r=200),s.height=r):"link"===t.message&&(r=new URL(s.getAttribute("src")),n=new URL(t.value),c.test(n.protocol))&&n.host===r.host&&l.activeElement===s&&(d.top.location.href=t.value))}},d.addEventListener("message",d.wp.receiveEmbedMessage,!1),l.addEventListener("DOMContentLoaded",function(){for(var e,t,s=l.querySelectorAll("iframe.wp-embedded-content"),r=0;r<s.length;r++)(t=(e=s[r]).getAttribute("data-secret"))||(t=Math.random().toString(36).substring(2,12),e.src+="#?secret="+t,e.setAttribute("data-secret",t)),e.contentWindow.postMessage({message:"ready",secret:t},"*")},!1)))}(window,document);
//# sourceURL=http://www.sanjuandeportes.com/wp/wp-includes/js/wp-embed.min.js
</script>

Tobías Martínez se llevó el triunfo en la primera final del fin de semana, mientras que Esteban Fernández logró la segunda del domingo. La cuarta fecha de la temporada para la Fórmula 2.0 Renault Copa Pirelli se desarrolló en Rosario y Tobías Martínez y Esteban Fernández se quedaron con la victoria en las dos competencias, [&hellip;]
