{"version":"1.0","provider_name":"San Juan Deportes","provider_url":"http:\/\/www.sanjuandeportes.com\/wp","author_name":"Pablo Pujado","author_url":"http:\/\/www.sanjuandeportes.com\/wp\/author\/pablo-pujado\/","title":"San Mart\u00edn: lleg\u00f3 un nuevo refuerzo a Concepci\u00f3n - San Juan Deportes","type":"rich","width":600,"height":338,"html":"<blockquote class=\"wp-embedded-content\" data-secret=\"QMCuABRG4R\"><a href=\"http:\/\/www.sanjuandeportes.com\/wp\/2019\/06\/28\/san-martin-llego-un-nuevo-refuerzo-a-concepcion\/\">San Mart\u00edn: lleg\u00f3 un nuevo refuerzo a Concepci\u00f3n<\/a><\/blockquote><iframe sandbox=\"allow-scripts\" security=\"restricted\" src=\"http:\/\/www.sanjuandeportes.com\/wp\/2019\/06\/28\/san-martin-llego-un-nuevo-refuerzo-a-concepcion\/embed\/#?secret=QMCuABRG4R\" width=\"600\" height=\"338\" title=\"\u00abSan Mart\u00edn: lleg\u00f3 un nuevo refuerzo a Concepci\u00f3n\u00bb \u2014 San Juan Deportes\" data-secret=\"QMCuABRG4R\" frameborder=\"0\" marginwidth=\"0\" marginheight=\"0\" scrolling=\"no\" class=\"wp-embedded-content\"><\/iframe><script>\n\/*! This file is auto-generated *\/\n!function(d,l){\"use strict\";l.querySelector&&d.addEventListener&&\"undefined\"!=typeof URL&&(d.wp=d.wp||{},d.wp.receiveEmbedMessage||(d.wp.receiveEmbedMessage=function(e){var t=e.data;if((t||t.secret||t.message||t.value)&&!\/[^a-zA-Z0-9]\/.test(t.secret)){for(var s,r,n,a=l.querySelectorAll('iframe[data-secret=\"'+t.secret+'\"]'),o=l.querySelectorAll('blockquote[data-secret=\"'+t.secret+'\"]'),c=new RegExp(\"^https?:$\",\"i\"),i=0;i<o.length;i++)o[i].style.display=\"none\";for(i=0;i<a.length;i++)s=a[i],e.source===s.contentWindow&&(s.removeAttribute(\"style\"),\"height\"===t.message?(1e3<(r=parseInt(t.value,10))?r=1e3:~~r<200&&(r=200),s.height=r):\"link\"===t.message&&(r=new URL(s.getAttribute(\"src\")),n=new URL(t.value),c.test(n.protocol))&&n.host===r.host&&l.activeElement===s&&(d.top.location.href=t.value))}},d.addEventListener(\"message\",d.wp.receiveEmbedMessage,!1),l.addEventListener(\"DOMContentLoaded\",function(){for(var e,t,s=l.querySelectorAll(\"iframe.wp-embedded-content\"),r=0;r<s.length;r++)(t=(e=s[r]).getAttribute(\"data-secret\"))||(t=Math.random().toString(36).substring(2,12),e.src+=\"#?secret=\"+t,e.setAttribute(\"data-secret\",t)),e.contentWindow.postMessage({message:\"ready\",secret:t},\"*\")},!1)))}(window,document);\n\/\/# sourceURL=http:\/\/www.sanjuandeportes.com\/wp\/wp-includes\/js\/wp-embed.min.js\n<\/script>\n","thumbnail_url":"https:\/\/www.sanjuandeportes.com\/wp\/wp-content\/uploads\/2019\/06\/D-Jp67xX4AILOmg-696x522.jpg","thumbnail_width":696,"thumbnail_height":522,"description":"San Mart\u00edn sum\u00f3 una cara nueva en este mercado de pases, se trata de Rafael Victorino Barrios de 26 a\u00f1os, nacido el 23 de mayo de 1993, en la provincia de Corrientes. Rafael Barrios, lateral derecho ex Independiente y Defensa y Justicia firm\u00f3 su v\u00ednculo en la jornada de hoy y ya se sum\u00f3 a [&hellip;]"}

San Martín: llegó un nuevo refuerzo a Concepción - San Juan Deportes

<blockquote class="wp-embedded-content" data-secret="QMCuABRG4R"><a href="http://www.sanjuandeportes.com/wp/2019/06/28/san-martin-llego-un-nuevo-refuerzo-a-concepcion/">San Martín: llegó un nuevo refuerzo a Concepción</a></blockquote><iframe sandbox="allow-scripts" security="restricted" src="http://www.sanjuandeportes.com/wp/2019/06/28/san-martin-llego-un-nuevo-refuerzo-a-concepcion/embed/#?secret=QMCuABRG4R" width="600" height="338" title="«San Martín: llegó un nuevo refuerzo a Concepción» — San Juan Deportes" data-secret="QMCuABRG4R" frameborder="0" marginwidth="0" marginheight="0" scrolling="no" class="wp-embedded-content"></iframe><script>
/*! This file is auto-generated */
!function(d,l){"use strict";l.querySelector&&d.addEventListener&&"undefined"!=typeof URL&&(d.wp=d.wp||{},d.wp.receiveEmbedMessage||(d.wp.receiveEmbedMessage=function(e){var t=e.data;if((t||t.secret||t.message||t.value)&&!/[^a-zA-Z0-9]/.test(t.secret)){for(var s,r,n,a=l.querySelectorAll('iframe[data-secret="'+t.secret+'"]'),o=l.querySelectorAll('blockquote[data-secret="'+t.secret+'"]'),c=new RegExp("^https?:$","i"),i=0;i<o.length;i++)o[i].style.display="none";for(i=0;i<a.length;i++)s=a[i],e.source===s.contentWindow&&(s.removeAttribute("style"),"height"===t.message?(1e3<(r=parseInt(t.value,10))?r=1e3:~~r<200&&(r=200),s.height=r):"link"===t.message&&(r=new URL(s.getAttribute("src")),n=new URL(t.value),c.test(n.protocol))&&n.host===r.host&&l.activeElement===s&&(d.top.location.href=t.value))}},d.addEventListener("message",d.wp.receiveEmbedMessage,!1),l.addEventListener("DOMContentLoaded",function(){for(var e,t,s=l.querySelectorAll("iframe.wp-embedded-content"),r=0;r<s.length;r++)(t=(e=s[r]).getAttribute("data-secret"))||(t=Math.random().toString(36).substring(2,12),e.src+="#?secret="+t,e.setAttribute("data-secret",t)),e.contentWindow.postMessage({message:"ready",secret:t},"*")},!1)))}(window,document);
//# sourceURL=http://www.sanjuandeportes.com/wp/wp-includes/js/wp-embed.min.js
</script>

San Martín sumó una cara nueva en este mercado de pases, se trata de Rafael Victorino Barrios de 26 años, nacido el 23 de mayo de 1993, en la provincia de Corrientes. Rafael Barrios, lateral derecho ex Independiente y Defensa y Justicia firmó su vínculo en la jornada de hoy y ya se sumó a [&hellip;]
