{"version":"1.0","provider_name":"San Juan Deportes","provider_url":"http:\/\/www.sanjuandeportes.com\/wp","author_name":"Pablo Pujado","author_url":"http:\/\/www.sanjuandeportes.com\/wp\/author\/pablo-pujado\/","title":"Angelici le dio la bienvenida a Salvio - San Juan Deportes","type":"rich","width":600,"height":338,"html":"<blockquote class=\"wp-embedded-content\" data-secret=\"rPy839dgxO\"><a href=\"http:\/\/www.sanjuandeportes.com\/wp\/2019\/07\/18\/angelici-le-dio-la-bienvenida-a-salvio\/\">Angelici le dio la bienvenida a Salvio<\/a><\/blockquote><iframe sandbox=\"allow-scripts\" security=\"restricted\" src=\"http:\/\/www.sanjuandeportes.com\/wp\/2019\/07\/18\/angelici-le-dio-la-bienvenida-a-salvio\/embed\/#?secret=rPy839dgxO\" width=\"600\" height=\"338\" title=\"\u00abAngelici le dio la bienvenida a Salvio\u00bb \u2014 San Juan Deportes\" data-secret=\"rPy839dgxO\" frameborder=\"0\" marginwidth=\"0\" marginheight=\"0\" scrolling=\"no\" class=\"wp-embedded-content\"><\/iframe><script>\n\/*! This file is auto-generated *\/\n!function(d,l){\"use strict\";l.querySelector&&d.addEventListener&&\"undefined\"!=typeof URL&&(d.wp=d.wp||{},d.wp.receiveEmbedMessage||(d.wp.receiveEmbedMessage=function(e){var t=e.data;if((t||t.secret||t.message||t.value)&&!\/[^a-zA-Z0-9]\/.test(t.secret)){for(var s,r,n,a=l.querySelectorAll('iframe[data-secret=\"'+t.secret+'\"]'),o=l.querySelectorAll('blockquote[data-secret=\"'+t.secret+'\"]'),c=new RegExp(\"^https?:$\",\"i\"),i=0;i<o.length;i++)o[i].style.display=\"none\";for(i=0;i<a.length;i++)s=a[i],e.source===s.contentWindow&&(s.removeAttribute(\"style\"),\"height\"===t.message?(1e3<(r=parseInt(t.value,10))?r=1e3:~~r<200&&(r=200),s.height=r):\"link\"===t.message&&(r=new URL(s.getAttribute(\"src\")),n=new URL(t.value),c.test(n.protocol))&&n.host===r.host&&l.activeElement===s&&(d.top.location.href=t.value))}},d.addEventListener(\"message\",d.wp.receiveEmbedMessage,!1),l.addEventListener(\"DOMContentLoaded\",function(){for(var e,t,s=l.querySelectorAll(\"iframe.wp-embedded-content\"),r=0;r<s.length;r++)(t=(e=s[r]).getAttribute(\"data-secret\"))||(t=Math.random().toString(36).substring(2,12),e.src+=\"#?secret=\"+t,e.setAttribute(\"data-secret\",t)),e.contentWindow.postMessage({message:\"ready\",secret:t},\"*\")},!1)))}(window,document);\n\/\/# sourceURL=http:\/\/www.sanjuandeportes.com\/wp\/wp-includes\/js\/wp-embed.min.js\n<\/script>\n","thumbnail_url":"https:\/\/www.sanjuandeportes.com\/wp\/wp-content\/uploads\/2019\/07\/20190717_191254.jpg","thumbnail_width":1080,"thumbnail_height":1097,"description":"Eduardo Salvio lleg\u00f3 a Buenos Aires para dejar atr\u00e1s sus casi nueve a\u00f1os en Benfica y sumarse a los entrenamientos xeneizes. Despu\u00e9s de hacerse la revisi\u00f3n m\u00e9dica, el Toto ya est\u00e1 listo para firmar su contrato como nuevo jugador de Boca. As\u00ed lo demostr\u00f3 Daniel Angelici en Twitter, quien se sac\u00f3 una foto con el [&hellip;]"}

Eduardo Salvio llegó a Buenos Aires para dejar atrás sus casi nueve años en Benfica y sumarse a los entrenamientos xeneizes. Después de hacerse la revisión médica, el Toto ya está listo para firmar su contrato como nuevo jugador de Boca. Así lo demostró Daniel Angelici en Twitter, quien se sacó una foto con el [&hellip;]
