{"version":"1.0","provider_name":"San Juan Deportes","provider_url":"http:\/\/www.sanjuandeportes.com\/wp","author_name":"Pablo Pujado","author_url":"http:\/\/www.sanjuandeportes.com\/wp\/author\/pablo-pujado\/","title":"Col\u00f3n vuelve a la carga por Luis Ardente - San Juan Deportes","type":"rich","width":600,"height":338,"html":"<blockquote class=\"wp-embedded-content\" data-secret=\"aQBcvh1g3y\"><a href=\"http:\/\/www.sanjuandeportes.com\/wp\/2019\/07\/18\/colon-vuelve-a-la-carga-por-luis-ardente\/\">Col\u00f3n vuelve a la carga por Luis Ardente<\/a><\/blockquote><iframe sandbox=\"allow-scripts\" security=\"restricted\" src=\"http:\/\/www.sanjuandeportes.com\/wp\/2019\/07\/18\/colon-vuelve-a-la-carga-por-luis-ardente\/embed\/#?secret=aQBcvh1g3y\" width=\"600\" height=\"338\" title=\"\u00abCol\u00f3n vuelve a la carga por Luis Ardente\u00bb \u2014 San Juan Deportes\" data-secret=\"aQBcvh1g3y\" frameborder=\"0\" marginwidth=\"0\" marginheight=\"0\" scrolling=\"no\" class=\"wp-embedded-content\"><\/iframe><script>\n\/*! This file is auto-generated *\/\n!function(d,l){\"use strict\";l.querySelector&&d.addEventListener&&\"undefined\"!=typeof URL&&(d.wp=d.wp||{},d.wp.receiveEmbedMessage||(d.wp.receiveEmbedMessage=function(e){var t=e.data;if((t||t.secret||t.message||t.value)&&!\/[^a-zA-Z0-9]\/.test(t.secret)){for(var s,r,n,a=l.querySelectorAll('iframe[data-secret=\"'+t.secret+'\"]'),o=l.querySelectorAll('blockquote[data-secret=\"'+t.secret+'\"]'),c=new RegExp(\"^https?:$\",\"i\"),i=0;i<o.length;i++)o[i].style.display=\"none\";for(i=0;i<a.length;i++)s=a[i],e.source===s.contentWindow&&(s.removeAttribute(\"style\"),\"height\"===t.message?(1e3<(r=parseInt(t.value,10))?r=1e3:~~r<200&&(r=200),s.height=r):\"link\"===t.message&&(r=new URL(s.getAttribute(\"src\")),n=new URL(t.value),c.test(n.protocol))&&n.host===r.host&&l.activeElement===s&&(d.top.location.href=t.value))}},d.addEventListener(\"message\",d.wp.receiveEmbedMessage,!1),l.addEventListener(\"DOMContentLoaded\",function(){for(var e,t,s=l.querySelectorAll(\"iframe.wp-embedded-content\"),r=0;r<s.length;r++)(t=(e=s[r]).getAttribute(\"data-secret\"))||(t=Math.random().toString(36).substring(2,12),e.src+=\"#?secret=\"+t,e.setAttribute(\"data-secret\",t)),e.contentWindow.postMessage({message:\"ready\",secret:t},\"*\")},!1)))}(window,document);\n\/\/# sourceURL=http:\/\/www.sanjuandeportes.com\/wp\/wp-includes\/js\/wp-embed.min.js\n<\/script>\n","thumbnail_url":"https:\/\/www.sanjuandeportes.com\/wp\/wp-content\/uploads\/2019\/07\/ardente.jpg","thumbnail_width":747,"thumbnail_height":687,"description":"Col\u00f3n nuevamente volver\u00e1 a insistir por Luis Ardente. El Sabalero busca un arquero para reforzar el arco en la pr\u00f3xima temporada y uno de los apuntados es el jugador de San Mart\u00edn de San Juan, seg\u00fan inform\u00f3 Cristofer D\u00edaz. Hacen dos semanas que el equipo de Santa F\u00e9 tuvo contacto con la dirigencia verdinegra por [&hellip;]"}

Colón vuelve a la carga por Luis Ardente - San Juan Deportes

<blockquote class="wp-embedded-content" data-secret="aQBcvh1g3y"><a href="http://www.sanjuandeportes.com/wp/2019/07/18/colon-vuelve-a-la-carga-por-luis-ardente/">Colón vuelve a la carga por Luis Ardente</a></blockquote><iframe sandbox="allow-scripts" security="restricted" src="http://www.sanjuandeportes.com/wp/2019/07/18/colon-vuelve-a-la-carga-por-luis-ardente/embed/#?secret=aQBcvh1g3y" width="600" height="338" title="«Colón vuelve a la carga por Luis Ardente» — San Juan Deportes" data-secret="aQBcvh1g3y" frameborder="0" marginwidth="0" marginheight="0" scrolling="no" class="wp-embedded-content"></iframe><script>
/*! This file is auto-generated */
!function(d,l){"use strict";l.querySelector&&d.addEventListener&&"undefined"!=typeof URL&&(d.wp=d.wp||{},d.wp.receiveEmbedMessage||(d.wp.receiveEmbedMessage=function(e){var t=e.data;if((t||t.secret||t.message||t.value)&&!/[^a-zA-Z0-9]/.test(t.secret)){for(var s,r,n,a=l.querySelectorAll('iframe[data-secret="'+t.secret+'"]'),o=l.querySelectorAll('blockquote[data-secret="'+t.secret+'"]'),c=new RegExp("^https?:$","i"),i=0;i<o.length;i++)o[i].style.display="none";for(i=0;i<a.length;i++)s=a[i],e.source===s.contentWindow&&(s.removeAttribute("style"),"height"===t.message?(1e3<(r=parseInt(t.value,10))?r=1e3:~~r<200&&(r=200),s.height=r):"link"===t.message&&(r=new URL(s.getAttribute("src")),n=new URL(t.value),c.test(n.protocol))&&n.host===r.host&&l.activeElement===s&&(d.top.location.href=t.value))}},d.addEventListener("message",d.wp.receiveEmbedMessage,!1),l.addEventListener("DOMContentLoaded",function(){for(var e,t,s=l.querySelectorAll("iframe.wp-embedded-content"),r=0;r<s.length;r++)(t=(e=s[r]).getAttribute("data-secret"))||(t=Math.random().toString(36).substring(2,12),e.src+="#?secret="+t,e.setAttribute("data-secret",t)),e.contentWindow.postMessage({message:"ready",secret:t},"*")},!1)))}(window,document);
//# sourceURL=http://www.sanjuandeportes.com/wp/wp-includes/js/wp-embed.min.js
</script>

Colón nuevamente volverá a insistir por Luis Ardente. El Sabalero busca un arquero para reforzar el arco en la próxima temporada y uno de los apuntados es el jugador de San Martín de San Juan, según informó Cristofer Díaz. Hacen dos semanas que el equipo de Santa Fé tuvo contacto con la dirigencia verdinegra por [&hellip;]
