{"version":"1.0","provider_name":"San Juan Deportes","provider_url":"http:\/\/www.sanjuandeportes.com\/wp","author_name":"Pablo Pujado","author_url":"http:\/\/www.sanjuandeportes.com\/wp\/author\/pablo-pujado\/","title":"Postergan la segunda fecha del Torneo Local - San Juan Deportes","type":"rich","width":600,"height":338,"html":"<blockquote class=\"wp-embedded-content\" data-secret=\"S3g6znrWoO\"><a href=\"http:\/\/www.sanjuandeportes.com\/wp\/2019\/08\/07\/postergan-la-segunda-fecha-del-torneo-local\/\">Postergan la segunda fecha del Torneo Local<\/a><\/blockquote><iframe sandbox=\"allow-scripts\" security=\"restricted\" src=\"http:\/\/www.sanjuandeportes.com\/wp\/2019\/08\/07\/postergan-la-segunda-fecha-del-torneo-local\/embed\/#?secret=S3g6znrWoO\" width=\"600\" height=\"338\" title=\"\u00abPostergan la segunda fecha del Torneo Local\u00bb \u2014 San Juan Deportes\" data-secret=\"S3g6znrWoO\" frameborder=\"0\" marginwidth=\"0\" marginheight=\"0\" scrolling=\"no\" class=\"wp-embedded-content\"><\/iframe><script>\n\/*! This file is auto-generated *\/\n!function(d,l){\"use strict\";l.querySelector&&d.addEventListener&&\"undefined\"!=typeof URL&&(d.wp=d.wp||{},d.wp.receiveEmbedMessage||(d.wp.receiveEmbedMessage=function(e){var t=e.data;if((t||t.secret||t.message||t.value)&&!\/[^a-zA-Z0-9]\/.test(t.secret)){for(var s,r,n,a=l.querySelectorAll('iframe[data-secret=\"'+t.secret+'\"]'),o=l.querySelectorAll('blockquote[data-secret=\"'+t.secret+'\"]'),c=new RegExp(\"^https?:$\",\"i\"),i=0;i<o.length;i++)o[i].style.display=\"none\";for(i=0;i<a.length;i++)s=a[i],e.source===s.contentWindow&&(s.removeAttribute(\"style\"),\"height\"===t.message?(1e3<(r=parseInt(t.value,10))?r=1e3:~~r<200&&(r=200),s.height=r):\"link\"===t.message&&(r=new URL(s.getAttribute(\"src\")),n=new URL(t.value),c.test(n.protocol))&&n.host===r.host&&l.activeElement===s&&(d.top.location.href=t.value))}},d.addEventListener(\"message\",d.wp.receiveEmbedMessage,!1),l.addEventListener(\"DOMContentLoaded\",function(){for(var e,t,s=l.querySelectorAll(\"iframe.wp-embedded-content\"),r=0;r<s.length;r++)(t=(e=s[r]).getAttribute(\"data-secret\"))||(t=Math.random().toString(36).substring(2,12),e.src+=\"#?secret=\"+t,e.setAttribute(\"data-secret\",t)),e.contentWindow.postMessage({message:\"ready\",secret:t},\"*\")},!1)))}(window,document);\n\/\/# sourceURL=http:\/\/www.sanjuandeportes.com\/wp\/wp-includes\/js\/wp-embed.min.js\n<\/script>\n","thumbnail_url":"https:\/\/www.sanjuandeportes.com\/wp\/wp-content\/uploads\/2019\/07\/66719377_2297173677216379_7226370887421788160_n.jpg","thumbnail_width":960,"thumbnail_height":651,"description":"Por las PASO de este domingo 11 de Agosto, es que no habr\u00e1 fecha del f\u00fatbol local este fin de semana. Adem\u00e1s quedaron confirmados los d\u00edas que se disputar\u00e1n los partidos que fueron postergados: 1ra Fecha 21\/08 Desamparados vs \u00c1rbol Verde 28\/07 Pe\u00f1arol vs Del Bono"}

Por las PASO de este domingo 11 de Agosto, es que no habrá fecha del fútbol local este fin de semana. Además quedaron confirmados los días que se disputarán los partidos que fueron postergados: 1ra Fecha 21/08 Desamparados vs Árbol Verde 28/07 Peñarol vs Del Bono
