{"version":"1.0","provider_name":"San Juan Deportes","provider_url":"http:\/\/www.sanjuandeportes.com\/wp","author_name":"Pablo Pujado","author_url":"http:\/\/www.sanjuandeportes.com\/wp\/author\/pablo-pujado\/","title":"Fabi\u00e1n Flaqu\u00e9 se alej\u00f3 del equipo Fiat Octanos - San Juan Deportes","type":"rich","width":600,"height":338,"html":"<blockquote class=\"wp-embedded-content\" data-secret=\"7Ez627LU7E\"><a href=\"http:\/\/www.sanjuandeportes.com\/wp\/2019\/09\/03\/fabian-flaque-se-alejo-del-equipo-fiat-octanos\/\">Fabi\u00e1n Flaqu\u00e9 se alej\u00f3 del equipo Fiat Octanos<\/a><\/blockquote><iframe sandbox=\"allow-scripts\" security=\"restricted\" src=\"http:\/\/www.sanjuandeportes.com\/wp\/2019\/09\/03\/fabian-flaque-se-alejo-del-equipo-fiat-octanos\/embed\/#?secret=7Ez627LU7E\" width=\"600\" height=\"338\" title=\"\u00abFabi\u00e1n Flaqu\u00e9 se alej\u00f3 del equipo Fiat Octanos\u00bb \u2014 San Juan Deportes\" data-secret=\"7Ez627LU7E\" frameborder=\"0\" marginwidth=\"0\" marginheight=\"0\" scrolling=\"no\" class=\"wp-embedded-content\"><\/iframe><script>\n\/*! This file is auto-generated *\/\n!function(d,l){\"use strict\";l.querySelector&&d.addEventListener&&\"undefined\"!=typeof URL&&(d.wp=d.wp||{},d.wp.receiveEmbedMessage||(d.wp.receiveEmbedMessage=function(e){var t=e.data;if((t||t.secret||t.message||t.value)&&!\/[^a-zA-Z0-9]\/.test(t.secret)){for(var s,r,n,a=l.querySelectorAll('iframe[data-secret=\"'+t.secret+'\"]'),o=l.querySelectorAll('blockquote[data-secret=\"'+t.secret+'\"]'),c=new RegExp(\"^https?:$\",\"i\"),i=0;i<o.length;i++)o[i].style.display=\"none\";for(i=0;i<a.length;i++)s=a[i],e.source===s.contentWindow&&(s.removeAttribute(\"style\"),\"height\"===t.message?(1e3<(r=parseInt(t.value,10))?r=1e3:~~r<200&&(r=200),s.height=r):\"link\"===t.message&&(r=new URL(s.getAttribute(\"src\")),n=new URL(t.value),c.test(n.protocol))&&n.host===r.host&&l.activeElement===s&&(d.top.location.href=t.value))}},d.addEventListener(\"message\",d.wp.receiveEmbedMessage,!1),l.addEventListener(\"DOMContentLoaded\",function(){for(var e,t,s=l.querySelectorAll(\"iframe.wp-embedded-content\"),r=0;r<s.length;r++)(t=(e=s[r]).getAttribute(\"data-secret\"))||(t=Math.random().toString(36).substring(2,12),e.src+=\"#?secret=\"+t,e.setAttribute(\"data-secret\",t)),e.contentWindow.postMessage({message:\"ready\",secret:t},\"*\")},!1)))}(window,document);\n\/\/# sourceURL=http:\/\/www.sanjuandeportes.com\/wp\/wp-includes\/js\/wp-embed.min.js\n<\/script>\n","thumbnail_url":"https:\/\/www.sanjuandeportes.com\/wp\/wp-content\/uploads\/2019\/09\/5ec0c05b-49e8-40c5-89bf-03fe45ea67d9.jpg","thumbnail_width":1280,"thumbnail_height":853,"description":"Luego de la \u00faltima fecha del fin de semana de la Top Race Series en Olavarr\u00eda, el piloto sanjuanino Fabi\u00e1n Flaqu\u00e9 decidi\u00f3 alejarse de su equipo, el Fiat Octanos Competici\u00f3n. \u201cHa sido mi \u00faltima carrera en el equipo Fiat Octanos. M\u00e1s que nada agradecerle al equipo por todo lo que hemos pasado estos a\u00f1os, un [&hellip;]"}

Fabián Flaqué se alejó del equipo Fiat Octanos - San Juan Deportes

<blockquote class="wp-embedded-content" data-secret="7Ez627LU7E"><a href="http://www.sanjuandeportes.com/wp/2019/09/03/fabian-flaque-se-alejo-del-equipo-fiat-octanos/">Fabián Flaqué se alejó del equipo Fiat Octanos</a></blockquote><iframe sandbox="allow-scripts" security="restricted" src="http://www.sanjuandeportes.com/wp/2019/09/03/fabian-flaque-se-alejo-del-equipo-fiat-octanos/embed/#?secret=7Ez627LU7E" width="600" height="338" title="«Fabián Flaqué se alejó del equipo Fiat Octanos» — San Juan Deportes" data-secret="7Ez627LU7E" frameborder="0" marginwidth="0" marginheight="0" scrolling="no" class="wp-embedded-content"></iframe><script>
/*! This file is auto-generated */
!function(d,l){"use strict";l.querySelector&&d.addEventListener&&"undefined"!=typeof URL&&(d.wp=d.wp||{},d.wp.receiveEmbedMessage||(d.wp.receiveEmbedMessage=function(e){var t=e.data;if((t||t.secret||t.message||t.value)&&!/[^a-zA-Z0-9]/.test(t.secret)){for(var s,r,n,a=l.querySelectorAll('iframe[data-secret="'+t.secret+'"]'),o=l.querySelectorAll('blockquote[data-secret="'+t.secret+'"]'),c=new RegExp("^https?:$","i"),i=0;i<o.length;i++)o[i].style.display="none";for(i=0;i<a.length;i++)s=a[i],e.source===s.contentWindow&&(s.removeAttribute("style"),"height"===t.message?(1e3<(r=parseInt(t.value,10))?r=1e3:~~r<200&&(r=200),s.height=r):"link"===t.message&&(r=new URL(s.getAttribute("src")),n=new URL(t.value),c.test(n.protocol))&&n.host===r.host&&l.activeElement===s&&(d.top.location.href=t.value))}},d.addEventListener("message",d.wp.receiveEmbedMessage,!1),l.addEventListener("DOMContentLoaded",function(){for(var e,t,s=l.querySelectorAll("iframe.wp-embedded-content"),r=0;r<s.length;r++)(t=(e=s[r]).getAttribute("data-secret"))||(t=Math.random().toString(36).substring(2,12),e.src+="#?secret="+t,e.setAttribute("data-secret",t)),e.contentWindow.postMessage({message:"ready",secret:t},"*")},!1)))}(window,document);
//# sourceURL=http://www.sanjuandeportes.com/wp/wp-includes/js/wp-embed.min.js
</script>

Luego de la última fecha del fin de semana de la Top Race Series en Olavarría, el piloto sanjuanino Fabián Flaqué decidió alejarse de su equipo, el Fiat Octanos Competición. “Ha sido mi última carrera en el equipo Fiat Octanos. Más que nada agradecerle al equipo por todo lo que hemos pasado estos años, un [&hellip;]
