{"version":"1.0","provider_name":"San Juan Deportes","provider_url":"http:\/\/www.sanjuandeportes.com\/wp","author_name":"Pablo Pujado","author_url":"http:\/\/www.sanjuandeportes.com\/wp\/author\/pablo-pujado\/","title":"Las gimnastas sanjuaninas coparon La Serena - San Juan Deportes","type":"rich","width":600,"height":338,"html":"<blockquote class=\"wp-embedded-content\" data-secret=\"zqmx6FvDd2\"><a href=\"http:\/\/www.sanjuandeportes.com\/wp\/2019\/09\/03\/las-gimnastas-sanjuaninas-coparon-la-serena\/\">Las gimnastas sanjuaninas coparon La Serena<\/a><\/blockquote><iframe sandbox=\"allow-scripts\" security=\"restricted\" src=\"http:\/\/www.sanjuandeportes.com\/wp\/2019\/09\/03\/las-gimnastas-sanjuaninas-coparon-la-serena\/embed\/#?secret=zqmx6FvDd2\" width=\"600\" height=\"338\" title=\"\u00abLas gimnastas sanjuaninas coparon La Serena\u00bb \u2014 San Juan Deportes\" data-secret=\"zqmx6FvDd2\" frameborder=\"0\" marginwidth=\"0\" marginheight=\"0\" scrolling=\"no\" class=\"wp-embedded-content\"><\/iframe><script>\n\/*! This file is auto-generated *\/\n!function(d,l){\"use strict\";l.querySelector&&d.addEventListener&&\"undefined\"!=typeof URL&&(d.wp=d.wp||{},d.wp.receiveEmbedMessage||(d.wp.receiveEmbedMessage=function(e){var t=e.data;if((t||t.secret||t.message||t.value)&&!\/[^a-zA-Z0-9]\/.test(t.secret)){for(var s,r,n,a=l.querySelectorAll('iframe[data-secret=\"'+t.secret+'\"]'),o=l.querySelectorAll('blockquote[data-secret=\"'+t.secret+'\"]'),c=new RegExp(\"^https?:$\",\"i\"),i=0;i<o.length;i++)o[i].style.display=\"none\";for(i=0;i<a.length;i++)s=a[i],e.source===s.contentWindow&&(s.removeAttribute(\"style\"),\"height\"===t.message?(1e3<(r=parseInt(t.value,10))?r=1e3:~~r<200&&(r=200),s.height=r):\"link\"===t.message&&(r=new URL(s.getAttribute(\"src\")),n=new URL(t.value),c.test(n.protocol))&&n.host===r.host&&l.activeElement===s&&(d.top.location.href=t.value))}},d.addEventListener(\"message\",d.wp.receiveEmbedMessage,!1),l.addEventListener(\"DOMContentLoaded\",function(){for(var e,t,s=l.querySelectorAll(\"iframe.wp-embedded-content\"),r=0;r<s.length;r++)(t=(e=s[r]).getAttribute(\"data-secret\"))||(t=Math.random().toString(36).substring(2,12),e.src+=\"#?secret=\"+t,e.setAttribute(\"data-secret\",t)),e.contentWindow.postMessage({message:\"ready\",secret:t},\"*\")},!1)))}(window,document);\n\/\/# sourceURL=http:\/\/www.sanjuandeportes.com\/wp\/wp-includes\/js\/wp-embed.min.js\n<\/script>\n","thumbnail_url":"https:\/\/www.sanjuandeportes.com\/wp\/wp-content\/uploads\/2019\/09\/b6d5854b45b2d2aba9a292d79d9ceeb2_L.jpg","thumbnail_width":782,"thumbnail_height":441,"description":"Finaliz\u00f3 la XVIII Edici\u00f3n de la Copa de la Serena en el pa\u00eds vecino, que se desarroll\u00f3 entre el 29 de\u00a0agosto hasta el 1\u00b0 de septiembre, con la participaci\u00f3n de 34 chicas sanjuaninas de entre 6 y 16 a\u00f1os. Entre las gimnastas que estuvieron representando a la provincia, se encuentra Sof\u00eda Toibero, quien es becada [&hellip;]"}

Finalizó la XVIII Edición de la Copa de la Serena en el país vecino, que se desarrolló entre el 29 de agosto hasta el 1° de septiembre, con la participación de 34 chicas sanjuaninas de entre 6 y 16 años. Entre las gimnastas que estuvieron representando a la provincia, se encuentra Sofía Toibero, quien es becada [&hellip;]
