{"version":"1.0","provider_name":"San Juan Deportes","provider_url":"http:\/\/www.sanjuandeportes.com\/wp","author_name":"Pablo Pujado","author_url":"http:\/\/www.sanjuandeportes.com\/wp\/author\/pablo-pujado\/","title":"Juan Pablo Castro, nuevamente citado por Los Pumas - San Juan Deportes","type":"rich","width":600,"height":338,"html":"<blockquote class=\"wp-embedded-content\" data-secret=\"lB1dulBYOg\"><a href=\"http:\/\/www.sanjuandeportes.com\/wp\/2020\/05\/27\/juan-pablo-castro-nuevamente-citado-por-los-pumas\/\">Juan Pablo Castro, nuevamente citado por Los Pumas<\/a><\/blockquote><iframe sandbox=\"allow-scripts\" security=\"restricted\" src=\"http:\/\/www.sanjuandeportes.com\/wp\/2020\/05\/27\/juan-pablo-castro-nuevamente-citado-por-los-pumas\/embed\/#?secret=lB1dulBYOg\" width=\"600\" height=\"338\" title=\"\u00abJuan Pablo Castro, nuevamente citado por Los Pumas\u00bb \u2014 San Juan Deportes\" data-secret=\"lB1dulBYOg\" frameborder=\"0\" marginwidth=\"0\" marginheight=\"0\" scrolling=\"no\" class=\"wp-embedded-content\"><\/iframe><script>\n\/*! This file is auto-generated *\/\n!function(d,l){\"use strict\";l.querySelector&&d.addEventListener&&\"undefined\"!=typeof URL&&(d.wp=d.wp||{},d.wp.receiveEmbedMessage||(d.wp.receiveEmbedMessage=function(e){var t=e.data;if((t||t.secret||t.message||t.value)&&!\/[^a-zA-Z0-9]\/.test(t.secret)){for(var s,r,n,a=l.querySelectorAll('iframe[data-secret=\"'+t.secret+'\"]'),o=l.querySelectorAll('blockquote[data-secret=\"'+t.secret+'\"]'),c=new RegExp(\"^https?:$\",\"i\"),i=0;i<o.length;i++)o[i].style.display=\"none\";for(i=0;i<a.length;i++)s=a[i],e.source===s.contentWindow&&(s.removeAttribute(\"style\"),\"height\"===t.message?(1e3<(r=parseInt(t.value,10))?r=1e3:~~r<200&&(r=200),s.height=r):\"link\"===t.message&&(r=new URL(s.getAttribute(\"src\")),n=new URL(t.value),c.test(n.protocol))&&n.host===r.host&&l.activeElement===s&&(d.top.location.href=t.value))}},d.addEventListener(\"message\",d.wp.receiveEmbedMessage,!1),l.addEventListener(\"DOMContentLoaded\",function(){for(var e,t,s=l.querySelectorAll(\"iframe.wp-embedded-content\"),r=0;r<s.length;r++)(t=(e=s[r]).getAttribute(\"data-secret\"))||(t=Math.random().toString(36).substring(2,12),e.src+=\"#?secret=\"+t,e.setAttribute(\"data-secret\",t)),e.contentWindow.postMessage({message:\"ready\",secret:t},\"*\")},!1)))}(window,document);\n\/\/# sourceURL=http:\/\/www.sanjuandeportes.com\/wp\/wp-includes\/js\/wp-embed.min.js\n<\/script>\n","thumbnail_url":"https:\/\/www.sanjuandeportes.com\/wp\/wp-content\/uploads\/2019\/06\/5d0c0cea071b8.jpeg","thumbnail_width":800,"thumbnail_height":441,"description":"En las \u00faltimas horas se confirm\u00f3 la noticia de que el jugador sanjuanino Juan Pablo Castro fue citado para participar de distintas actividades con Los Pumas. La Uni\u00f3n Argentina de Rugby anunci\u00f3 la n\u00f3mina de rugbiers citados a trav\u00e9s de su sitio web oficial. La idea del equipo de trabajo que dirige al plantel superior [&hellip;]"}

En las últimas horas se confirmó la noticia de que el jugador sanjuanino Juan Pablo Castro fue citado para participar de distintas actividades con Los Pumas. La Unión Argentina de Rugby anunció la nómina de rugbiers citados a través de su sitio web oficial. La idea del equipo de trabajo que dirige al plantel superior [&hellip;]
