{"version":"1.0","provider_name":"San Juan Deportes","provider_url":"http:\/\/www.sanjuandeportes.com\/wp","author_name":"Pablo Pujado","author_url":"http:\/\/www.sanjuandeportes.com\/wp\/author\/pablo-pujado\/","title":"Sanjuaninos desembarcaba en el hockey de Europa - San Juan Deportes","type":"rich","width":600,"height":338,"html":"<blockquote class=\"wp-embedded-content\" data-secret=\"4VHaD07tee\"><a href=\"http:\/\/www.sanjuandeportes.com\/wp\/2020\/07\/06\/sanjuaninos-desembarcaba-en-el-hockey-de-europa\/\">Sanjuaninos desembarcaba en el hockey de Europa<\/a><\/blockquote><iframe sandbox=\"allow-scripts\" security=\"restricted\" src=\"http:\/\/www.sanjuandeportes.com\/wp\/2020\/07\/06\/sanjuaninos-desembarcaba-en-el-hockey-de-europa\/embed\/#?secret=4VHaD07tee\" width=\"600\" height=\"338\" title=\"\u00abSanjuaninos desembarcaba en el hockey de Europa\u00bb \u2014 San Juan Deportes\" data-secret=\"4VHaD07tee\" frameborder=\"0\" marginwidth=\"0\" marginheight=\"0\" scrolling=\"no\" class=\"wp-embedded-content\"><\/iframe><script>\n\/*! This file is auto-generated *\/\n!function(d,l){\"use strict\";l.querySelector&&d.addEventListener&&\"undefined\"!=typeof URL&&(d.wp=d.wp||{},d.wp.receiveEmbedMessage||(d.wp.receiveEmbedMessage=function(e){var t=e.data;if((t||t.secret||t.message||t.value)&&!\/[^a-zA-Z0-9]\/.test(t.secret)){for(var s,r,n,a=l.querySelectorAll('iframe[data-secret=\"'+t.secret+'\"]'),o=l.querySelectorAll('blockquote[data-secret=\"'+t.secret+'\"]'),c=new RegExp(\"^https?:$\",\"i\"),i=0;i<o.length;i++)o[i].style.display=\"none\";for(i=0;i<a.length;i++)s=a[i],e.source===s.contentWindow&&(s.removeAttribute(\"style\"),\"height\"===t.message?(1e3<(r=parseInt(t.value,10))?r=1e3:~~r<200&&(r=200),s.height=r):\"link\"===t.message&&(r=new URL(s.getAttribute(\"src\")),n=new URL(t.value),c.test(n.protocol))&&n.host===r.host&&l.activeElement===s&&(d.top.location.href=t.value))}},d.addEventListener(\"message\",d.wp.receiveEmbedMessage,!1),l.addEventListener(\"DOMContentLoaded\",function(){for(var e,t,s=l.querySelectorAll(\"iframe.wp-embedded-content\"),r=0;r<s.length;r++)(t=(e=s[r]).getAttribute(\"data-secret\"))||(t=Math.random().toString(36).substring(2,12),e.src+=\"#?secret=\"+t,e.setAttribute(\"data-secret\",t)),e.contentWindow.postMessage({message:\"ready\",secret:t},\"*\")},!1)))}(window,document);\n\/\/# sourceURL=http:\/\/www.sanjuandeportes.com\/wp\/wp-includes\/js\/wp-embed.min.js\n<\/script>\n","thumbnail_url":"https:\/\/www.sanjuandeportes.com\/wp\/wp-content\/uploads\/2020\/07\/sdasda.jpg","thumbnail_width":636,"thumbnail_height":434,"description":"Este fin de semana se confirm\u00f3 que dos jugadores sanjuaninos jugar\u00e1n al hockey sobre patines en Europa. En primero lugar hablamos de de Bautista Acevedo que se convertir\u00e1 en jugador del Barcelos de Portugal, donde disputar\u00e1 la nueva temporada del Hockey Europeo. Hace una semana habl\u00f3 con el presidente de la instituci\u00f3n, donde se pusieron [&hellip;]"}

Este fin de semana se confirmó que dos jugadores sanjuaninos jugarán al hockey sobre patines en Europa. En primero lugar hablamos de de Bautista Acevedo que se convertirá en jugador del Barcelos de Portugal, donde disputará la nueva temporada del Hockey Europeo. Hace una semana habló con el presidente de la institución, donde se pusieron [&hellip;]
