{"version":"1.0","provider_name":"San Juan Deportes","provider_url":"http:\/\/www.sanjuandeportes.com\/wp","author_name":"Pablo Pujado","author_url":"http:\/\/www.sanjuandeportes.com\/wp\/author\/pablo-pujado\/","title":"Internaron de urgencia a Alejandro Sabella - San Juan Deportes","type":"rich","width":600,"height":338,"html":"<blockquote class=\"wp-embedded-content\" data-secret=\"6V9EqhdYGl\"><a href=\"http:\/\/www.sanjuandeportes.com\/wp\/2020\/11\/26\/internaron-de-urgencia-a-alejandro-sabella\/\">Internaron de urgencia a Alejandro Sabella<\/a><\/blockquote><iframe sandbox=\"allow-scripts\" security=\"restricted\" src=\"http:\/\/www.sanjuandeportes.com\/wp\/2020\/11\/26\/internaron-de-urgencia-a-alejandro-sabella\/embed\/#?secret=6V9EqhdYGl\" width=\"600\" height=\"338\" title=\"\u00abInternaron de urgencia a Alejandro Sabella\u00bb \u2014 San Juan Deportes\" data-secret=\"6V9EqhdYGl\" frameborder=\"0\" marginwidth=\"0\" marginheight=\"0\" scrolling=\"no\" class=\"wp-embedded-content\"><\/iframe><script>\n\/*! This file is auto-generated *\/\n!function(d,l){\"use strict\";l.querySelector&&d.addEventListener&&\"undefined\"!=typeof URL&&(d.wp=d.wp||{},d.wp.receiveEmbedMessage||(d.wp.receiveEmbedMessage=function(e){var t=e.data;if((t||t.secret||t.message||t.value)&&!\/[^a-zA-Z0-9]\/.test(t.secret)){for(var s,r,n,a=l.querySelectorAll('iframe[data-secret=\"'+t.secret+'\"]'),o=l.querySelectorAll('blockquote[data-secret=\"'+t.secret+'\"]'),c=new RegExp(\"^https?:$\",\"i\"),i=0;i<o.length;i++)o[i].style.display=\"none\";for(i=0;i<a.length;i++)s=a[i],e.source===s.contentWindow&&(s.removeAttribute(\"style\"),\"height\"===t.message?(1e3<(r=parseInt(t.value,10))?r=1e3:~~r<200&&(r=200),s.height=r):\"link\"===t.message&&(r=new URL(s.getAttribute(\"src\")),n=new URL(t.value),c.test(n.protocol))&&n.host===r.host&&l.activeElement===s&&(d.top.location.href=t.value))}},d.addEventListener(\"message\",d.wp.receiveEmbedMessage,!1),l.addEventListener(\"DOMContentLoaded\",function(){for(var e,t,s=l.querySelectorAll(\"iframe.wp-embedded-content\"),r=0;r<s.length;r++)(t=(e=s[r]).getAttribute(\"data-secret\"))||(t=Math.random().toString(36).substring(2,12),e.src+=\"#?secret=\"+t,e.setAttribute(\"data-secret\",t)),e.contentWindow.postMessage({message:\"ready\",secret:t},\"*\")},!1)))}(window,document);\n\/\/# sourceURL=http:\/\/www.sanjuandeportes.com\/wp\/wp-includes\/js\/wp-embed.min.js\n<\/script>\n","thumbnail_url":"http:\/\/www.sanjuandeportes.com\/wp\/wp-content\/uploads\/2020\/11\/3.jpg","thumbnail_width":768,"thumbnail_height":432,"description":"Seg\u00fan la informaci\u00f3n publicada por\u00a0TyC Sports,\u00a0Alejandro Sabella fue internado de urgencia en una cl\u00ednica de Capital Federal en la jornada de ayer. Se aguarda por un parte m\u00e9dico oficial para constatar cu\u00e1l es su estado de salud. El entrenador de 66 a\u00f1os se realiza estudios que determinar\u00e1n los pasos a seguir en el Instituto Cardiovascular [&hellip;]"}

Según la información publicada por TyC Sports, Alejandro Sabella fue internado de urgencia en una clínica de Capital Federal en la jornada de ayer. Se aguarda por un parte médico oficial para constatar cuál es su estado de salud. El entrenador de 66 años se realiza estudios que determinarán los pasos a seguir en el Instituto Cardiovascular [&hellip;]
