{"version":"1.0","provider_name":"San Juan Deportes","provider_url":"http:\/\/www.sanjuandeportes.com\/wp","author_name":"Pablo Pujado","author_url":"http:\/\/www.sanjuandeportes.com\/wp\/author\/pablo-pujado\/","title":"Tob\u00edas Mart\u00ednez lider\u00f3 los entrenamientos en La Plata - San Juan Deportes","type":"rich","width":600,"height":338,"html":"<blockquote class=\"wp-embedded-content\" data-secret=\"9ju91iKbSh\"><a href=\"http:\/\/www.sanjuandeportes.com\/wp\/2020\/12\/05\/tobias-martinez-lidero-los-entrenamientos-en-la-plata\/\">Tob\u00edas Mart\u00ednez lider\u00f3 los entrenamientos en La Plata<\/a><\/blockquote><iframe sandbox=\"allow-scripts\" security=\"restricted\" src=\"http:\/\/www.sanjuandeportes.com\/wp\/2020\/12\/05\/tobias-martinez-lidero-los-entrenamientos-en-la-plata\/embed\/#?secret=9ju91iKbSh\" width=\"600\" height=\"338\" title=\"\u00abTob\u00edas Mart\u00ednez lider\u00f3 los entrenamientos en La Plata\u00bb \u2014 San Juan Deportes\" data-secret=\"9ju91iKbSh\" frameborder=\"0\" marginwidth=\"0\" marginheight=\"0\" scrolling=\"no\" class=\"wp-embedded-content\"><\/iframe><script>\n\/*! This file is auto-generated *\/\n!function(d,l){\"use strict\";l.querySelector&&d.addEventListener&&\"undefined\"!=typeof URL&&(d.wp=d.wp||{},d.wp.receiveEmbedMessage||(d.wp.receiveEmbedMessage=function(e){var t=e.data;if((t||t.secret||t.message||t.value)&&!\/[^a-zA-Z0-9]\/.test(t.secret)){for(var s,r,n,a=l.querySelectorAll('iframe[data-secret=\"'+t.secret+'\"]'),o=l.querySelectorAll('blockquote[data-secret=\"'+t.secret+'\"]'),c=new RegExp(\"^https?:$\",\"i\"),i=0;i<o.length;i++)o[i].style.display=\"none\";for(i=0;i<a.length;i++)s=a[i],e.source===s.contentWindow&&(s.removeAttribute(\"style\"),\"height\"===t.message?(1e3<(r=parseInt(t.value,10))?r=1e3:~~r<200&&(r=200),s.height=r):\"link\"===t.message&&(r=new URL(s.getAttribute(\"src\")),n=new URL(t.value),c.test(n.protocol))&&n.host===r.host&&l.activeElement===s&&(d.top.location.href=t.value))}},d.addEventListener(\"message\",d.wp.receiveEmbedMessage,!1),l.addEventListener(\"DOMContentLoaded\",function(){for(var e,t,s=l.querySelectorAll(\"iframe.wp-embedded-content\"),r=0;r<s.length;r++)(t=(e=s[r]).getAttribute(\"data-secret\"))||(t=Math.random().toString(36).substring(2,12),e.src+=\"#?secret=\"+t,e.setAttribute(\"data-secret\",t)),e.contentWindow.postMessage({message:\"ready\",secret:t},\"*\")},!1)))}(window,document);\n\/\/# sourceURL=http:\/\/www.sanjuandeportes.com\/wp\/wp-includes\/js\/wp-embed.min.js\n<\/script>\n","thumbnail_url":"https:\/\/www.sanjuandeportes.com\/wp\/wp-content\/uploads\/2020\/10\/28f237f8-4950-41e1-90ba-2427afea0af4.jpg","thumbnail_width":1280,"thumbnail_height":853,"description":"Gran inicio de la \u201cCopa Coronaci\u00f3n\u201d del TC Pista Mouras en La Plata, y como en la fecha pasada, Tob\u00edas Mart\u00ednez se qued\u00f3 con el mejor tiempo de la general de entrenamientos, iniciando la actividad de la 9\u00aa fecha en el Aut\u00f3dromo Roberto Mouras, cierre de temporada de la categor\u00eda menor del TC. Con la [&hellip;]"}

Tobías Martínez lideró los entrenamientos en La Plata - San Juan Deportes

<blockquote class="wp-embedded-content" data-secret="9ju91iKbSh"><a href="http://www.sanjuandeportes.com/wp/2020/12/05/tobias-martinez-lidero-los-entrenamientos-en-la-plata/">Tobías Martínez lideró los entrenamientos en La Plata</a></blockquote><iframe sandbox="allow-scripts" security="restricted" src="http://www.sanjuandeportes.com/wp/2020/12/05/tobias-martinez-lidero-los-entrenamientos-en-la-plata/embed/#?secret=9ju91iKbSh" width="600" height="338" title="«Tobías Martínez lideró los entrenamientos en La Plata» — San Juan Deportes" data-secret="9ju91iKbSh" frameborder="0" marginwidth="0" marginheight="0" scrolling="no" class="wp-embedded-content"></iframe><script>
/*! This file is auto-generated */
!function(d,l){"use strict";l.querySelector&&d.addEventListener&&"undefined"!=typeof URL&&(d.wp=d.wp||{},d.wp.receiveEmbedMessage||(d.wp.receiveEmbedMessage=function(e){var t=e.data;if((t||t.secret||t.message||t.value)&&!/[^a-zA-Z0-9]/.test(t.secret)){for(var s,r,n,a=l.querySelectorAll('iframe[data-secret="'+t.secret+'"]'),o=l.querySelectorAll('blockquote[data-secret="'+t.secret+'"]'),c=new RegExp("^https?:$","i"),i=0;i<o.length;i++)o[i].style.display="none";for(i=0;i<a.length;i++)s=a[i],e.source===s.contentWindow&&(s.removeAttribute("style"),"height"===t.message?(1e3<(r=parseInt(t.value,10))?r=1e3:~~r<200&&(r=200),s.height=r):"link"===t.message&&(r=new URL(s.getAttribute("src")),n=new URL(t.value),c.test(n.protocol))&&n.host===r.host&&l.activeElement===s&&(d.top.location.href=t.value))}},d.addEventListener("message",d.wp.receiveEmbedMessage,!1),l.addEventListener("DOMContentLoaded",function(){for(var e,t,s=l.querySelectorAll("iframe.wp-embedded-content"),r=0;r<s.length;r++)(t=(e=s[r]).getAttribute("data-secret"))||(t=Math.random().toString(36).substring(2,12),e.src+="#?secret="+t,e.setAttribute("data-secret",t)),e.contentWindow.postMessage({message:"ready",secret:t},"*")},!1)))}(window,document);
//# sourceURL=http://www.sanjuandeportes.com/wp/wp-includes/js/wp-embed.min.js
</script>

Gran inicio de la “Copa Coronación” del TC Pista Mouras en La Plata, y como en la fecha pasada, Tobías Martínez se quedó con el mejor tiempo de la general de entrenamientos, iniciando la actividad de la 9ª fecha en el Autódromo Roberto Mouras, cierre de temporada de la categoría menor del TC. Con la [&hellip;]
