{"version":"1.0","provider_name":"San Juan Deportes","provider_url":"http:\/\/www.sanjuandeportes.com\/wp","author_name":"Pablo Pujado","author_url":"http:\/\/www.sanjuandeportes.com\/wp\/author\/pablo-pujado\/","title":"Finalmente, Facundo Mora debutar\u00e1 en Brasil - San Juan Deportes","type":"rich","width":600,"height":338,"html":"<blockquote class=\"wp-embedded-content\" data-secret=\"aTKrVDDluo\"><a href=\"http:\/\/www.sanjuandeportes.com\/wp\/2020\/12\/10\/finalmente-facundo-mora-debutara-en-brasil\/\">Finalmente, Facundo Mora debutar\u00e1 en Brasil<\/a><\/blockquote><iframe sandbox=\"allow-scripts\" security=\"restricted\" src=\"http:\/\/www.sanjuandeportes.com\/wp\/2020\/12\/10\/finalmente-facundo-mora-debutara-en-brasil\/embed\/#?secret=aTKrVDDluo\" width=\"600\" height=\"338\" title=\"\u00abFinalmente, Facundo Mora debutar\u00e1 en Brasil\u00bb \u2014 San Juan Deportes\" data-secret=\"aTKrVDDluo\" frameborder=\"0\" marginwidth=\"0\" marginheight=\"0\" scrolling=\"no\" class=\"wp-embedded-content\"><\/iframe><script>\n\/*! This file is auto-generated *\/\n!function(d,l){\"use strict\";l.querySelector&&d.addEventListener&&\"undefined\"!=typeof URL&&(d.wp=d.wp||{},d.wp.receiveEmbedMessage||(d.wp.receiveEmbedMessage=function(e){var t=e.data;if((t||t.secret||t.message||t.value)&&!\/[^a-zA-Z0-9]\/.test(t.secret)){for(var s,r,n,a=l.querySelectorAll('iframe[data-secret=\"'+t.secret+'\"]'),o=l.querySelectorAll('blockquote[data-secret=\"'+t.secret+'\"]'),c=new RegExp(\"^https?:$\",\"i\"),i=0;i<o.length;i++)o[i].style.display=\"none\";for(i=0;i<a.length;i++)s=a[i],e.source===s.contentWindow&&(s.removeAttribute(\"style\"),\"height\"===t.message?(1e3<(r=parseInt(t.value,10))?r=1e3:~~r<200&&(r=200),s.height=r):\"link\"===t.message&&(r=new URL(s.getAttribute(\"src\")),n=new URL(t.value),c.test(n.protocol))&&n.host===r.host&&l.activeElement===s&&(d.top.location.href=t.value))}},d.addEventListener(\"message\",d.wp.receiveEmbedMessage,!1),l.addEventListener(\"DOMContentLoaded\",function(){for(var e,t,s=l.querySelectorAll(\"iframe.wp-embedded-content\"),r=0;r<s.length;r++)(t=(e=s[r]).getAttribute(\"data-secret\"))||(t=Math.random().toString(36).substring(2,12),e.src+=\"#?secret=\"+t,e.setAttribute(\"data-secret\",t)),e.contentWindow.postMessage({message:\"ready\",secret:t},\"*\")},!1)))}(window,document);\n\/\/# sourceURL=http:\/\/www.sanjuandeportes.com\/wp\/wp-includes\/js\/wp-embed.min.js\n<\/script>\n","thumbnail_url":"http:\/\/www.sanjuandeportes.com\/wp\/wp-content\/uploads\/2020\/12\/649203b9e181a5442d5c502ca7eea02b_L.jpg","thumbnail_width":782,"thumbnail_height":521,"description":"El piloto sanjuanino no pudo correr en noviembre pasado porque prohib\u00edan la entrada de extranjeros al pa\u00eds por v\u00eda terrestre. Hace un mes la oportunidad de Facundo Mora de debutar en el Campeonato Superbike de Brasil se ve\u00eda frustrada. Es que luego de un largo viaje hacia ese pa\u00eds v\u00eda terrestre, un decreto de necesidad [&hellip;]"}

Finalmente, Facundo Mora debutará en Brasil - San Juan Deportes

<blockquote class="wp-embedded-content" data-secret="aTKrVDDluo"><a href="http://www.sanjuandeportes.com/wp/2020/12/10/finalmente-facundo-mora-debutara-en-brasil/">Finalmente, Facundo Mora debutará en Brasil</a></blockquote><iframe sandbox="allow-scripts" security="restricted" src="http://www.sanjuandeportes.com/wp/2020/12/10/finalmente-facundo-mora-debutara-en-brasil/embed/#?secret=aTKrVDDluo" width="600" height="338" title="«Finalmente, Facundo Mora debutará en Brasil» — San Juan Deportes" data-secret="aTKrVDDluo" frameborder="0" marginwidth="0" marginheight="0" scrolling="no" class="wp-embedded-content"></iframe><script>
/*! This file is auto-generated */
!function(d,l){"use strict";l.querySelector&&d.addEventListener&&"undefined"!=typeof URL&&(d.wp=d.wp||{},d.wp.receiveEmbedMessage||(d.wp.receiveEmbedMessage=function(e){var t=e.data;if((t||t.secret||t.message||t.value)&&!/[^a-zA-Z0-9]/.test(t.secret)){for(var s,r,n,a=l.querySelectorAll('iframe[data-secret="'+t.secret+'"]'),o=l.querySelectorAll('blockquote[data-secret="'+t.secret+'"]'),c=new RegExp("^https?:$","i"),i=0;i<o.length;i++)o[i].style.display="none";for(i=0;i<a.length;i++)s=a[i],e.source===s.contentWindow&&(s.removeAttribute("style"),"height"===t.message?(1e3<(r=parseInt(t.value,10))?r=1e3:~~r<200&&(r=200),s.height=r):"link"===t.message&&(r=new URL(s.getAttribute("src")),n=new URL(t.value),c.test(n.protocol))&&n.host===r.host&&l.activeElement===s&&(d.top.location.href=t.value))}},d.addEventListener("message",d.wp.receiveEmbedMessage,!1),l.addEventListener("DOMContentLoaded",function(){for(var e,t,s=l.querySelectorAll("iframe.wp-embedded-content"),r=0;r<s.length;r++)(t=(e=s[r]).getAttribute("data-secret"))||(t=Math.random().toString(36).substring(2,12),e.src+="#?secret="+t,e.setAttribute("data-secret",t)),e.contentWindow.postMessage({message:"ready",secret:t},"*")},!1)))}(window,document);
//# sourceURL=http://www.sanjuandeportes.com/wp/wp-includes/js/wp-embed.min.js
</script>

El piloto sanjuanino no pudo correr en noviembre pasado porque prohibían la entrada de extranjeros al país por vía terrestre. Hace un mes la oportunidad de Facundo Mora de debutar en el Campeonato Superbike de Brasil se veía frustrada. Es que luego de un largo viaje hacia ese país vía terrestre, un decreto de necesidad [&hellip;]
