{"version":"1.0","provider_name":"San Juan Deportes","provider_url":"http:\/\/www.sanjuandeportes.com\/wp","author_name":"Pablo Pujado","author_url":"http:\/\/www.sanjuandeportes.com\/wp\/author\/pablo-pujado\/","title":"Pe\u00f1arol confirm\u00f3 la llegada de seis refuerzos - San Juan Deportes","type":"rich","width":600,"height":338,"html":"<blockquote class=\"wp-embedded-content\" data-secret=\"phUtxcg3oN\"><a href=\"http:\/\/www.sanjuandeportes.com\/wp\/2021\/02\/22\/penarol-confirmo-la-llegada-de-seis-refuerzos\/\">Pe\u00f1arol confirm\u00f3 la llegada de seis refuerzos<\/a><\/blockquote><iframe sandbox=\"allow-scripts\" security=\"restricted\" src=\"http:\/\/www.sanjuandeportes.com\/wp\/2021\/02\/22\/penarol-confirmo-la-llegada-de-seis-refuerzos\/embed\/#?secret=phUtxcg3oN\" width=\"600\" height=\"338\" title=\"\u00abPe\u00f1arol confirm\u00f3 la llegada de seis refuerzos\u00bb \u2014 San Juan Deportes\" data-secret=\"phUtxcg3oN\" frameborder=\"0\" marginwidth=\"0\" marginheight=\"0\" scrolling=\"no\" class=\"wp-embedded-content\"><\/iframe><script>\n\/*! This file is auto-generated *\/\n!function(d,l){\"use strict\";l.querySelector&&d.addEventListener&&\"undefined\"!=typeof URL&&(d.wp=d.wp||{},d.wp.receiveEmbedMessage||(d.wp.receiveEmbedMessage=function(e){var t=e.data;if((t||t.secret||t.message||t.value)&&!\/[^a-zA-Z0-9]\/.test(t.secret)){for(var s,r,n,a=l.querySelectorAll('iframe[data-secret=\"'+t.secret+'\"]'),o=l.querySelectorAll('blockquote[data-secret=\"'+t.secret+'\"]'),c=new RegExp(\"^https?:$\",\"i\"),i=0;i<o.length;i++)o[i].style.display=\"none\";for(i=0;i<a.length;i++)s=a[i],e.source===s.contentWindow&&(s.removeAttribute(\"style\"),\"height\"===t.message?(1e3<(r=parseInt(t.value,10))?r=1e3:~~r<200&&(r=200),s.height=r):\"link\"===t.message&&(r=new URL(s.getAttribute(\"src\")),n=new URL(t.value),c.test(n.protocol))&&n.host===r.host&&l.activeElement===s&&(d.top.location.href=t.value))}},d.addEventListener(\"message\",d.wp.receiveEmbedMessage,!1),l.addEventListener(\"DOMContentLoaded\",function(){for(var e,t,s=l.querySelectorAll(\"iframe.wp-embedded-content\"),r=0;r<s.length;r++)(t=(e=s[r]).getAttribute(\"data-secret\"))||(t=Math.random().toString(36).substring(2,12),e.src+=\"#?secret=\"+t,e.setAttribute(\"data-secret\",t)),e.contentWindow.postMessage({message:\"ready\",secret:t},\"*\")},!1)))}(window,document);\n\/\/# sourceURL=http:\/\/www.sanjuandeportes.com\/wp\/wp-includes\/js\/wp-embed.min.js\n<\/script>\n","thumbnail_url":"https:\/\/www.sanjuandeportes.com\/wp\/wp-content\/uploads\/2020\/03\/87638112_3058206910878289_6692045911775772672_o.jpg","thumbnail_width":1170,"thumbnail_height":659,"description":"Sportivo Pe\u00f1arol confirm\u00f3 la llegada de nuevas incorporaciones en vistas al Federal A. El elenco dirigido por Salvador M\u00f3naco apunta al 28 de marzo, fecha en la que se estableci\u00f3 el reinicio del Torneo Federal A. En pleno recambio de temporada, el plantel empieza a tener refuerzos para encarar lo que viene. El primero en [&hellip;]"}

Peñarol confirmó la llegada de seis refuerzos - San Juan Deportes

<blockquote class="wp-embedded-content" data-secret="phUtxcg3oN"><a href="http://www.sanjuandeportes.com/wp/2021/02/22/penarol-confirmo-la-llegada-de-seis-refuerzos/">Peñarol confirmó la llegada de seis refuerzos</a></blockquote><iframe sandbox="allow-scripts" security="restricted" src="http://www.sanjuandeportes.com/wp/2021/02/22/penarol-confirmo-la-llegada-de-seis-refuerzos/embed/#?secret=phUtxcg3oN" width="600" height="338" title="«Peñarol confirmó la llegada de seis refuerzos» — San Juan Deportes" data-secret="phUtxcg3oN" frameborder="0" marginwidth="0" marginheight="0" scrolling="no" class="wp-embedded-content"></iframe><script>
/*! This file is auto-generated */
!function(d,l){"use strict";l.querySelector&&d.addEventListener&&"undefined"!=typeof URL&&(d.wp=d.wp||{},d.wp.receiveEmbedMessage||(d.wp.receiveEmbedMessage=function(e){var t=e.data;if((t||t.secret||t.message||t.value)&&!/[^a-zA-Z0-9]/.test(t.secret)){for(var s,r,n,a=l.querySelectorAll('iframe[data-secret="'+t.secret+'"]'),o=l.querySelectorAll('blockquote[data-secret="'+t.secret+'"]'),c=new RegExp("^https?:$","i"),i=0;i<o.length;i++)o[i].style.display="none";for(i=0;i<a.length;i++)s=a[i],e.source===s.contentWindow&&(s.removeAttribute("style"),"height"===t.message?(1e3<(r=parseInt(t.value,10))?r=1e3:~~r<200&&(r=200),s.height=r):"link"===t.message&&(r=new URL(s.getAttribute("src")),n=new URL(t.value),c.test(n.protocol))&&n.host===r.host&&l.activeElement===s&&(d.top.location.href=t.value))}},d.addEventListener("message",d.wp.receiveEmbedMessage,!1),l.addEventListener("DOMContentLoaded",function(){for(var e,t,s=l.querySelectorAll("iframe.wp-embedded-content"),r=0;r<s.length;r++)(t=(e=s[r]).getAttribute("data-secret"))||(t=Math.random().toString(36).substring(2,12),e.src+="#?secret="+t,e.setAttribute("data-secret",t)),e.contentWindow.postMessage({message:"ready",secret:t},"*")},!1)))}(window,document);
//# sourceURL=http://www.sanjuandeportes.com/wp/wp-includes/js/wp-embed.min.js
</script>

Sportivo Peñarol confirmó la llegada de nuevas incorporaciones en vistas al Federal A. El elenco dirigido por Salvador Mónaco apunta al 28 de marzo, fecha en la que se estableció el reinicio del Torneo Federal A. En pleno recambio de temporada, el plantel empieza a tener refuerzos para encarar lo que viene. El primero en [&hellip;]
