{"version":"1.0","provider_name":"San Juan Deportes","provider_url":"http:\/\/www.sanjuandeportes.com\/wp","author_name":"Pablo Pujado","author_url":"http:\/\/www.sanjuandeportes.com\/wp\/author\/pablo-pujado\/","title":"Tob\u00edas Mart\u00ednez largar\u00e1 sexto en La Plata - San Juan Deportes","type":"rich","width":600,"height":338,"html":"<blockquote class=\"wp-embedded-content\" data-secret=\"kU0Ywr28Bl\"><a href=\"http:\/\/www.sanjuandeportes.com\/wp\/2021\/06\/03\/tobias-martinez-largara-sexto-en-la-plata\/\">Tob\u00edas Mart\u00ednez largar\u00e1 sexto en La Plata<\/a><\/blockquote><iframe sandbox=\"allow-scripts\" security=\"restricted\" src=\"http:\/\/www.sanjuandeportes.com\/wp\/2021\/06\/03\/tobias-martinez-largara-sexto-en-la-plata\/embed\/#?secret=kU0Ywr28Bl\" width=\"600\" height=\"338\" title=\"\u00abTob\u00edas Mart\u00ednez largar\u00e1 sexto en La Plata\u00bb \u2014 San Juan Deportes\" data-secret=\"kU0Ywr28Bl\" frameborder=\"0\" marginwidth=\"0\" marginheight=\"0\" scrolling=\"no\" class=\"wp-embedded-content\"><\/iframe><script>\n\/*! This file is auto-generated *\/\n!function(d,l){\"use strict\";l.querySelector&&d.addEventListener&&\"undefined\"!=typeof URL&&(d.wp=d.wp||{},d.wp.receiveEmbedMessage||(d.wp.receiveEmbedMessage=function(e){var t=e.data;if((t||t.secret||t.message||t.value)&&!\/[^a-zA-Z0-9]\/.test(t.secret)){for(var s,r,n,a=l.querySelectorAll('iframe[data-secret=\"'+t.secret+'\"]'),o=l.querySelectorAll('blockquote[data-secret=\"'+t.secret+'\"]'),c=new RegExp(\"^https?:$\",\"i\"),i=0;i<o.length;i++)o[i].style.display=\"none\";for(i=0;i<a.length;i++)s=a[i],e.source===s.contentWindow&&(s.removeAttribute(\"style\"),\"height\"===t.message?(1e3<(r=parseInt(t.value,10))?r=1e3:~~r<200&&(r=200),s.height=r):\"link\"===t.message&&(r=new URL(s.getAttribute(\"src\")),n=new URL(t.value),c.test(n.protocol))&&n.host===r.host&&l.activeElement===s&&(d.top.location.href=t.value))}},d.addEventListener(\"message\",d.wp.receiveEmbedMessage,!1),l.addEventListener(\"DOMContentLoaded\",function(){for(var e,t,s=l.querySelectorAll(\"iframe.wp-embedded-content\"),r=0;r<s.length;r++)(t=(e=s[r]).getAttribute(\"data-secret\"))||(t=Math.random().toString(36).substring(2,12),e.src+=\"#?secret=\"+t,e.setAttribute(\"data-secret\",t)),e.contentWindow.postMessage({message:\"ready\",secret:t},\"*\")},!1)))}(window,document);\n\/\/# sourceURL=http:\/\/www.sanjuandeportes.com\/wp\/wp-includes\/js\/wp-embed.min.js\n<\/script>\n","thumbnail_url":"http:\/\/www.sanjuandeportes.com\/wp\/wp-content\/uploads\/2021\/05\/29a06991-06d5-4a4b-9b2a-7e5d66819a46.jpg","thumbnail_width":1280,"thumbnail_height":853,"description":"Tob\u00edas Mart\u00ednez, deportista que integra el programa Alto Rendimiento desarrollado por la Secretar\u00eda de Deportes, mejor\u00f3 este jueves lo realizado en los entrenamientos. El mi\u00e9rcoles hab\u00eda quedado 12\u00b0 en la general, ubicado a 852 mil\u00e9simas del l\u00edder y con un tiempo de 1:28:503. Recordemos que el TC Mouras desarrolla su octava fecha entre semana en [&hellip;]"}

Tobías Martínez largará sexto en La Plata - San Juan Deportes

<blockquote class="wp-embedded-content" data-secret="kU0Ywr28Bl"><a href="http://www.sanjuandeportes.com/wp/2021/06/03/tobias-martinez-largara-sexto-en-la-plata/">Tobías Martínez largará sexto en La Plata</a></blockquote><iframe sandbox="allow-scripts" security="restricted" src="http://www.sanjuandeportes.com/wp/2021/06/03/tobias-martinez-largara-sexto-en-la-plata/embed/#?secret=kU0Ywr28Bl" width="600" height="338" title="«Tobías Martínez largará sexto en La Plata» — San Juan Deportes" data-secret="kU0Ywr28Bl" frameborder="0" marginwidth="0" marginheight="0" scrolling="no" class="wp-embedded-content"></iframe><script>
/*! This file is auto-generated */
!function(d,l){"use strict";l.querySelector&&d.addEventListener&&"undefined"!=typeof URL&&(d.wp=d.wp||{},d.wp.receiveEmbedMessage||(d.wp.receiveEmbedMessage=function(e){var t=e.data;if((t||t.secret||t.message||t.value)&&!/[^a-zA-Z0-9]/.test(t.secret)){for(var s,r,n,a=l.querySelectorAll('iframe[data-secret="'+t.secret+'"]'),o=l.querySelectorAll('blockquote[data-secret="'+t.secret+'"]'),c=new RegExp("^https?:$","i"),i=0;i<o.length;i++)o[i].style.display="none";for(i=0;i<a.length;i++)s=a[i],e.source===s.contentWindow&&(s.removeAttribute("style"),"height"===t.message?(1e3<(r=parseInt(t.value,10))?r=1e3:~~r<200&&(r=200),s.height=r):"link"===t.message&&(r=new URL(s.getAttribute("src")),n=new URL(t.value),c.test(n.protocol))&&n.host===r.host&&l.activeElement===s&&(d.top.location.href=t.value))}},d.addEventListener("message",d.wp.receiveEmbedMessage,!1),l.addEventListener("DOMContentLoaded",function(){for(var e,t,s=l.querySelectorAll("iframe.wp-embedded-content"),r=0;r<s.length;r++)(t=(e=s[r]).getAttribute("data-secret"))||(t=Math.random().toString(36).substring(2,12),e.src+="#?secret="+t,e.setAttribute("data-secret",t)),e.contentWindow.postMessage({message:"ready",secret:t},"*")},!1)))}(window,document);
//# sourceURL=http://www.sanjuandeportes.com/wp/wp-includes/js/wp-embed.min.js
</script>

Tobías Martínez, deportista que integra el programa Alto Rendimiento desarrollado por la Secretaría de Deportes, mejoró este jueves lo realizado en los entrenamientos. El miércoles había quedado 12° en la general, ubicado a 852 milésimas del líder y con un tiempo de 1:28:503. Recordemos que el TC Mouras desarrolla su octava fecha entre semana en [&hellip;]
