{"version":"1.0","provider_name":"San Juan Deportes","provider_url":"http:\/\/www.sanjuandeportes.com\/wp","author_name":"Pablo Pujado","author_url":"http:\/\/www.sanjuandeportes.com\/wp\/author\/pablo-pujado\/","title":"Maldonado ante otra competencia internacional - San Juan Deportes","type":"rich","width":600,"height":338,"html":"<blockquote class=\"wp-embedded-content\" data-secret=\"hV2jCSzoo1\"><a href=\"http:\/\/www.sanjuandeportes.com\/wp\/2021\/10\/07\/maldonado-ante-otra-competencia-internacional\/\">Maldonado ante otra competencia internacional<\/a><\/blockquote><iframe sandbox=\"allow-scripts\" security=\"restricted\" src=\"http:\/\/www.sanjuandeportes.com\/wp\/2021\/10\/07\/maldonado-ante-otra-competencia-internacional\/embed\/#?secret=hV2jCSzoo1\" width=\"600\" height=\"338\" title=\"\u00abMaldonado ante otra competencia internacional\u00bb \u2014 San Juan Deportes\" data-secret=\"hV2jCSzoo1\" frameborder=\"0\" marginwidth=\"0\" marginheight=\"0\" scrolling=\"no\" class=\"wp-embedded-content\"><\/iframe><script>\n\/*! This file is auto-generated *\/\n!function(d,l){\"use strict\";l.querySelector&&d.addEventListener&&\"undefined\"!=typeof URL&&(d.wp=d.wp||{},d.wp.receiveEmbedMessage||(d.wp.receiveEmbedMessage=function(e){var t=e.data;if((t||t.secret||t.message||t.value)&&!\/[^a-zA-Z0-9]\/.test(t.secret)){for(var s,r,n,a=l.querySelectorAll('iframe[data-secret=\"'+t.secret+'\"]'),o=l.querySelectorAll('blockquote[data-secret=\"'+t.secret+'\"]'),c=new RegExp(\"^https?:$\",\"i\"),i=0;i<o.length;i++)o[i].style.display=\"none\";for(i=0;i<a.length;i++)s=a[i],e.source===s.contentWindow&&(s.removeAttribute(\"style\"),\"height\"===t.message?(1e3<(r=parseInt(t.value,10))?r=1e3:~~r<200&&(r=200),s.height=r):\"link\"===t.message&&(r=new URL(s.getAttribute(\"src\")),n=new URL(t.value),c.test(n.protocol))&&n.host===r.host&&l.activeElement===s&&(d.top.location.href=t.value))}},d.addEventListener(\"message\",d.wp.receiveEmbedMessage,!1),l.addEventListener(\"DOMContentLoaded\",function(){for(var e,t,s=l.querySelectorAll(\"iframe.wp-embedded-content\"),r=0;r<s.length;r++)(t=(e=s[r]).getAttribute(\"data-secret\"))||(t=Math.random().toString(36).substring(2,12),e.src+=\"#?secret=\"+t,e.setAttribute(\"data-secret\",t)),e.contentWindow.postMessage({message:\"ready\",secret:t},\"*\")},!1)))}(window,document);\n\/\/# sourceURL=http:\/\/www.sanjuandeportes.com\/wp\/wp-includes\/js\/wp-embed.min.js\n<\/script>\n","thumbnail_url":"http:\/\/www.sanjuandeportes.com\/wp\/wp-content\/uploads\/2021\/08\/40316990ffd8b2710b7cd6c36199c17f_L.jpg","thumbnail_width":782,"thumbnail_height":440,"description":"El sanjuanino se encuentra en Buenos Aires donde, desde ma\u00f1ana, participar\u00e1 de una carrera en clase L\u00e1ser ante exponentes internacionales de buen nivel. El velerista sanjuanino se encuentra en Buenos Aires convocado a la selecci\u00f3n Argentina. Tambi\u00e9n entrena pensando en los pr\u00f3ximos compromisos internacionales. Desde este jueves, compite en Clase Laser, ante rivales de destacados [&hellip;]"}

El sanjuanino se encuentra en Buenos Aires donde, desde mañana, participará de una carrera en clase Láser ante exponentes internacionales de buen nivel. El velerista sanjuanino se encuentra en Buenos Aires convocado a la selección Argentina. También entrena pensando en los próximos compromisos internacionales. Desde este jueves, compite en Clase Laser, ante rivales de destacados [&hellip;]
