{"version":"1.0","provider_name":"San Juan Deportes","provider_url":"https:\/\/www.sanjuandeportes.com\/wp","author_name":"admin","author_url":"https:\/\/www.sanjuandeportes.com\/wp\/author\/admin\/","title":"Los sanjuaninos Soto y Rodr\u00edguez presentes en GP3 - San Juan Deportes","type":"rich","width":600,"height":338,"html":"<blockquote class=\"wp-embedded-content\" data-secret=\"dNYEO6NTpN\"><a href=\"https:\/\/www.sanjuandeportes.com\/wp\/2017\/09\/08\/los-sanjuaninos-soto-y-rodriguez-presentes-en-gp3\/\">Los sanjuaninos Soto y Rodr\u00edguez presentes en GP3<\/a><\/blockquote><iframe sandbox=\"allow-scripts\" security=\"restricted\" src=\"https:\/\/www.sanjuandeportes.com\/wp\/2017\/09\/08\/los-sanjuaninos-soto-y-rodriguez-presentes-en-gp3\/embed\/#?secret=dNYEO6NTpN\" width=\"600\" height=\"338\" title=\"\u00abLos sanjuaninos Soto y Rodr\u00edguez presentes en GP3\u00bb \u2014 San Juan Deportes\" data-secret=\"dNYEO6NTpN\" frameborder=\"0\" marginwidth=\"0\" marginheight=\"0\" scrolling=\"no\" class=\"wp-embedded-content\"><\/iframe><script>\n\/*! This file is auto-generated *\/\n!function(d,l){\"use strict\";l.querySelector&&d.addEventListener&&\"undefined\"!=typeof URL&&(d.wp=d.wp||{},d.wp.receiveEmbedMessage||(d.wp.receiveEmbedMessage=function(e){var t=e.data;if((t||t.secret||t.message||t.value)&&!\/[^a-zA-Z0-9]\/.test(t.secret)){for(var s,r,n,a=l.querySelectorAll('iframe[data-secret=\"'+t.secret+'\"]'),o=l.querySelectorAll('blockquote[data-secret=\"'+t.secret+'\"]'),c=new RegExp(\"^https?:$\",\"i\"),i=0;i<o.length;i++)o[i].style.display=\"none\";for(i=0;i<a.length;i++)s=a[i],e.source===s.contentWindow&&(s.removeAttribute(\"style\"),\"height\"===t.message?(1e3<(r=parseInt(t.value,10))?r=1e3:~~r<200&&(r=200),s.height=r):\"link\"===t.message&&(r=new URL(s.getAttribute(\"src\")),n=new URL(t.value),c.test(n.protocol))&&n.host===r.host&&l.activeElement===s&&(d.top.location.href=t.value))}},d.addEventListener(\"message\",d.wp.receiveEmbedMessage,!1),l.addEventListener(\"DOMContentLoaded\",function(){for(var e,t,s=l.querySelectorAll(\"iframe.wp-embedded-content\"),r=0;r<s.length;r++)(t=(e=s[r]).getAttribute(\"data-secret\"))||(t=Math.random().toString(36).substring(2,12),e.src+=\"#?secret=\"+t,e.setAttribute(\"data-secret\",t)),e.contentWindow.postMessage({message:\"ready\",secret:t},\"*\")},!1)))}(window,document);\n\/\/# sourceURL=https:\/\/www.sanjuandeportes.com\/wp\/wp-includes\/js\/wp-embed.min.js\n<\/script>\n","thumbnail_url":"https:\/\/www.sanjuandeportes.com\/wp\/wp-content\/uploads\/2017\/09\/21462423_1329717120489146_3716294414774964367_n.jpg","thumbnail_width":960,"thumbnail_height":640,"description":"Los pilotos sanjuaninos nos representan de gran manera en el motociclismo de velocidad nacional, y en el Campeonato GP3 del vecino pa\u00eds. Mat\u00edas Soto disputar\u00e1 la 8\u00aa fecha del Campeonato de Motociclismo de Velocidad GP3 de Chile, reciente campe\u00f3n de la GP2 Promocional, para esta fecha estrenar\u00e1 su nueva moto Yamaha 300 cc. La fecha [&hellip;]"}

Los sanjuaninos Soto y Rodríguez presentes en GP3 - San Juan Deportes

<blockquote class="wp-embedded-content" data-secret="dNYEO6NTpN"><a href="https://www.sanjuandeportes.com/wp/2017/09/08/los-sanjuaninos-soto-y-rodriguez-presentes-en-gp3/">Los sanjuaninos Soto y Rodríguez presentes en GP3</a></blockquote><iframe sandbox="allow-scripts" security="restricted" src="https://www.sanjuandeportes.com/wp/2017/09/08/los-sanjuaninos-soto-y-rodriguez-presentes-en-gp3/embed/#?secret=dNYEO6NTpN" width="600" height="338" title="«Los sanjuaninos Soto y Rodríguez presentes en GP3» — San Juan Deportes" data-secret="dNYEO6NTpN" frameborder="0" marginwidth="0" marginheight="0" scrolling="no" class="wp-embedded-content"></iframe><script>
/*! This file is auto-generated */
!function(d,l){"use strict";l.querySelector&&d.addEventListener&&"undefined"!=typeof URL&&(d.wp=d.wp||{},d.wp.receiveEmbedMessage||(d.wp.receiveEmbedMessage=function(e){var t=e.data;if((t||t.secret||t.message||t.value)&&!/[^a-zA-Z0-9]/.test(t.secret)){for(var s,r,n,a=l.querySelectorAll('iframe[data-secret="'+t.secret+'"]'),o=l.querySelectorAll('blockquote[data-secret="'+t.secret+'"]'),c=new RegExp("^https?:$","i"),i=0;i<o.length;i++)o[i].style.display="none";for(i=0;i<a.length;i++)s=a[i],e.source===s.contentWindow&&(s.removeAttribute("style"),"height"===t.message?(1e3<(r=parseInt(t.value,10))?r=1e3:~~r<200&&(r=200),s.height=r):"link"===t.message&&(r=new URL(s.getAttribute("src")),n=new URL(t.value),c.test(n.protocol))&&n.host===r.host&&l.activeElement===s&&(d.top.location.href=t.value))}},d.addEventListener("message",d.wp.receiveEmbedMessage,!1),l.addEventListener("DOMContentLoaded",function(){for(var e,t,s=l.querySelectorAll("iframe.wp-embedded-content"),r=0;r<s.length;r++)(t=(e=s[r]).getAttribute("data-secret"))||(t=Math.random().toString(36).substring(2,12),e.src+="#?secret="+t,e.setAttribute("data-secret",t)),e.contentWindow.postMessage({message:"ready",secret:t},"*")},!1)))}(window,document);
//# sourceURL=https://www.sanjuandeportes.com/wp/wp-includes/js/wp-embed.min.js
</script>

Los pilotos sanjuaninos nos representan de gran manera en el motociclismo de velocidad nacional, y en el Campeonato GP3 del vecino país. Matías Soto disputará la 8ª fecha del Campeonato de Motociclismo de Velocidad GP3 de Chile, reciente campeón de la GP2 Promocional, para esta fecha estrenará su nueva moto Yamaha 300 cc. La fecha [&hellip;]
