{"version":"1.0","provider_name":"San Juan Deportes","provider_url":"https:\/\/www.sanjuandeportes.com\/wp","author_name":"admin","author_url":"https:\/\/www.sanjuandeportes.com\/wp\/author\/admin\/","title":"Montoya termin\u00f3 sexto en el Campeonato Europeo - San Juan Deportes","type":"rich","width":600,"height":338,"html":"<blockquote class=\"wp-embedded-content\" data-secret=\"3291Vjrwot\"><a href=\"https:\/\/www.sanjuandeportes.com\/wp\/2017\/09\/13\/montoya-termino-sexto-en-el-campeonato-europeo\/\">Montoya termin\u00f3 sexto en el Campeonato Europeo<\/a><\/blockquote><iframe sandbox=\"allow-scripts\" security=\"restricted\" src=\"https:\/\/www.sanjuandeportes.com\/wp\/2017\/09\/13\/montoya-termino-sexto-en-el-campeonato-europeo\/embed\/#?secret=3291Vjrwot\" width=\"600\" height=\"338\" title=\"\u00abMontoya termin\u00f3 sexto en el Campeonato Europeo\u00bb \u2014 San Juan Deportes\" data-secret=\"3291Vjrwot\" frameborder=\"0\" marginwidth=\"0\" marginheight=\"0\" scrolling=\"no\" class=\"wp-embedded-content\"><\/iframe><script>\n\/*! This file is auto-generated *\/\n!function(d,l){\"use strict\";l.querySelector&&d.addEventListener&&\"undefined\"!=typeof URL&&(d.wp=d.wp||{},d.wp.receiveEmbedMessage||(d.wp.receiveEmbedMessage=function(e){var t=e.data;if((t||t.secret||t.message||t.value)&&!\/[^a-zA-Z0-9]\/.test(t.secret)){for(var s,r,n,a=l.querySelectorAll('iframe[data-secret=\"'+t.secret+'\"]'),o=l.querySelectorAll('blockquote[data-secret=\"'+t.secret+'\"]'),c=new RegExp(\"^https?:$\",\"i\"),i=0;i<o.length;i++)o[i].style.display=\"none\";for(i=0;i<a.length;i++)s=a[i],e.source===s.contentWindow&&(s.removeAttribute(\"style\"),\"height\"===t.message?(1e3<(r=parseInt(t.value,10))?r=1e3:~~r<200&&(r=200),s.height=r):\"link\"===t.message&&(r=new URL(s.getAttribute(\"src\")),n=new URL(t.value),c.test(n.protocol))&&n.host===r.host&&l.activeElement===s&&(d.top.location.href=t.value))}},d.addEventListener(\"message\",d.wp.receiveEmbedMessage,!1),l.addEventListener(\"DOMContentLoaded\",function(){for(var e,t,s=l.querySelectorAll(\"iframe.wp-embedded-content\"),r=0;r<s.length;r++)(t=(e=s[r]).getAttribute(\"data-secret\"))||(t=Math.random().toString(36).substring(2,12),e.src+=\"#?secret=\"+t,e.setAttribute(\"data-secret\",t)),e.contentWindow.postMessage({message:\"ready\",secret:t},\"*\")},!1)))}(window,document);\n\/\/# sourceURL=https:\/\/www.sanjuandeportes.com\/wp\/wp-includes\/js\/wp-embed.min.js\n<\/script>\n","thumbnail_url":"https:\/\/www.sanjuandeportes.com\/wp\/wp-content\/uploads\/2017\/09\/21728410_1333825883411603_8290945563184846061_n.jpg","thumbnail_width":960,"thumbnail_height":606,"description":"El raider sanjuanino culmin\u00f3 sexto en\u00a0la \u00faltima fecha del Campeonato Europeo, disputado en Praga, Rep\u00fablica Checa. Maximiliano Montoya se encuentra en Europa afinando detalles para el pr\u00f3ximo mundial de Kayak en la provincia, que se disputara desde el 29 de noviembre hasta el 3 de diciembre. Luego del tercer puesto conseguido en Polonia, Maximiliano volvi\u00f3 [&hellip;]"}

Montoya terminó sexto en el Campeonato Europeo - San Juan Deportes

<blockquote class="wp-embedded-content" data-secret="3291Vjrwot"><a href="https://www.sanjuandeportes.com/wp/2017/09/13/montoya-termino-sexto-en-el-campeonato-europeo/">Montoya terminó sexto en el Campeonato Europeo</a></blockquote><iframe sandbox="allow-scripts" security="restricted" src="https://www.sanjuandeportes.com/wp/2017/09/13/montoya-termino-sexto-en-el-campeonato-europeo/embed/#?secret=3291Vjrwot" width="600" height="338" title="«Montoya terminó sexto en el Campeonato Europeo» — San Juan Deportes" data-secret="3291Vjrwot" frameborder="0" marginwidth="0" marginheight="0" scrolling="no" class="wp-embedded-content"></iframe><script>
/*! This file is auto-generated */
!function(d,l){"use strict";l.querySelector&&d.addEventListener&&"undefined"!=typeof URL&&(d.wp=d.wp||{},d.wp.receiveEmbedMessage||(d.wp.receiveEmbedMessage=function(e){var t=e.data;if((t||t.secret||t.message||t.value)&&!/[^a-zA-Z0-9]/.test(t.secret)){for(var s,r,n,a=l.querySelectorAll('iframe[data-secret="'+t.secret+'"]'),o=l.querySelectorAll('blockquote[data-secret="'+t.secret+'"]'),c=new RegExp("^https?:$","i"),i=0;i<o.length;i++)o[i].style.display="none";for(i=0;i<a.length;i++)s=a[i],e.source===s.contentWindow&&(s.removeAttribute("style"),"height"===t.message?(1e3<(r=parseInt(t.value,10))?r=1e3:~~r<200&&(r=200),s.height=r):"link"===t.message&&(r=new URL(s.getAttribute("src")),n=new URL(t.value),c.test(n.protocol))&&n.host===r.host&&l.activeElement===s&&(d.top.location.href=t.value))}},d.addEventListener("message",d.wp.receiveEmbedMessage,!1),l.addEventListener("DOMContentLoaded",function(){for(var e,t,s=l.querySelectorAll("iframe.wp-embedded-content"),r=0;r<s.length;r++)(t=(e=s[r]).getAttribute("data-secret"))||(t=Math.random().toString(36).substring(2,12),e.src+="#?secret="+t,e.setAttribute("data-secret",t)),e.contentWindow.postMessage({message:"ready",secret:t},"*")},!1)))}(window,document);
//# sourceURL=https://www.sanjuandeportes.com/wp/wp-includes/js/wp-embed.min.js
</script>

El raider sanjuanino culminó sexto en la última fecha del Campeonato Europeo, disputado en Praga, República Checa. Maximiliano Montoya se encuentra en Europa afinando detalles para el próximo mundial de Kayak en la provincia, que se disputara desde el 29 de noviembre hasta el 3 de diciembre. Luego del tercer puesto conseguido en Polonia, Maximiliano volvió [&hellip;]
