{"version":"1.0","provider_name":"San Juan Deportes","provider_url":"https:\/\/www.sanjuandeportes.com\/wp","author_name":"admin","author_url":"https:\/\/www.sanjuandeportes.com\/wp\/author\/admin\/","title":"Juani Rodriguez Campe\u00f3n del Superbike - San Juan Deportes","type":"rich","width":600,"height":338,"html":"<blockquote class=\"wp-embedded-content\" data-secret=\"eGRyNBal0E\"><a href=\"https:\/\/www.sanjuandeportes.com\/wp\/2017\/11\/27\/juani-rodriguez-campeon-del-superbike\/\">Juani Rodriguez Campe\u00f3n del Superbike<\/a><\/blockquote><iframe sandbox=\"allow-scripts\" security=\"restricted\" src=\"https:\/\/www.sanjuandeportes.com\/wp\/2017\/11\/27\/juani-rodriguez-campeon-del-superbike\/embed\/#?secret=eGRyNBal0E\" width=\"600\" height=\"338\" title=\"\u00abJuani Rodriguez Campe\u00f3n del Superbike\u00bb \u2014 San Juan Deportes\" data-secret=\"eGRyNBal0E\" frameborder=\"0\" marginwidth=\"0\" marginheight=\"0\" scrolling=\"no\" class=\"wp-embedded-content\"><\/iframe><script>\n\/*! This file is auto-generated *\/\n!function(d,l){\"use strict\";l.querySelector&&d.addEventListener&&\"undefined\"!=typeof URL&&(d.wp=d.wp||{},d.wp.receiveEmbedMessage||(d.wp.receiveEmbedMessage=function(e){var t=e.data;if((t||t.secret||t.message||t.value)&&!\/[^a-zA-Z0-9]\/.test(t.secret)){for(var s,r,n,a=l.querySelectorAll('iframe[data-secret=\"'+t.secret+'\"]'),o=l.querySelectorAll('blockquote[data-secret=\"'+t.secret+'\"]'),c=new RegExp(\"^https?:$\",\"i\"),i=0;i<o.length;i++)o[i].style.display=\"none\";for(i=0;i<a.length;i++)s=a[i],e.source===s.contentWindow&&(s.removeAttribute(\"style\"),\"height\"===t.message?(1e3<(r=parseInt(t.value,10))?r=1e3:~~r<200&&(r=200),s.height=r):\"link\"===t.message&&(r=new URL(s.getAttribute(\"src\")),n=new URL(t.value),c.test(n.protocol))&&n.host===r.host&&l.activeElement===s&&(d.top.location.href=t.value))}},d.addEventListener(\"message\",d.wp.receiveEmbedMessage,!1),l.addEventListener(\"DOMContentLoaded\",function(){for(var e,t,s=l.querySelectorAll(\"iframe.wp-embedded-content\"),r=0;r<s.length;r++)(t=(e=s[r]).getAttribute(\"data-secret\"))||(t=Math.random().toString(36).substring(2,12),e.src+=\"#?secret=\"+t,e.setAttribute(\"data-secret\",t)),e.contentWindow.postMessage({message:\"ready\",secret:t},\"*\")},!1)))}(window,document);\n\/\/# sourceURL=https:\/\/www.sanjuandeportes.com\/wp\/wp-includes\/js\/wp-embed.min.js\n<\/script>\n","thumbnail_url":"https:\/\/www.sanjuandeportes.com\/wp\/wp-content\/uploads\/2017\/11\/24129595_1403825949744929_1640474079541014633_n.jpg","thumbnail_width":480,"thumbnail_height":320,"description":"El piloto sanjuanino se consagr\u00f3 este fin de semana en La Pampa, tras terminar tercero en pista y segundo en la t\u00e9cnica. Mauricio Quiroga, el otro representante local, culmin\u00f3 tercero.\u00a0\u201cJuani\u201d, se coron\u00f3 este fin de semana en el Superbike Argentino, categor\u00eda m\u00e1s importante de motociclismo en el pa\u00eds. El representante local culmin\u00f3 tercero en el [&hellip;]"}

Juani Rodriguez Campeón del Superbike - San Juan Deportes

<blockquote class="wp-embedded-content" data-secret="eGRyNBal0E"><a href="https://www.sanjuandeportes.com/wp/2017/11/27/juani-rodriguez-campeon-del-superbike/">Juani Rodriguez Campeón del Superbike</a></blockquote><iframe sandbox="allow-scripts" security="restricted" src="https://www.sanjuandeportes.com/wp/2017/11/27/juani-rodriguez-campeon-del-superbike/embed/#?secret=eGRyNBal0E" width="600" height="338" title="«Juani Rodriguez Campeón del Superbike» — San Juan Deportes" data-secret="eGRyNBal0E" frameborder="0" marginwidth="0" marginheight="0" scrolling="no" class="wp-embedded-content"></iframe><script>
/*! This file is auto-generated */
!function(d,l){"use strict";l.querySelector&&d.addEventListener&&"undefined"!=typeof URL&&(d.wp=d.wp||{},d.wp.receiveEmbedMessage||(d.wp.receiveEmbedMessage=function(e){var t=e.data;if((t||t.secret||t.message||t.value)&&!/[^a-zA-Z0-9]/.test(t.secret)){for(var s,r,n,a=l.querySelectorAll('iframe[data-secret="'+t.secret+'"]'),o=l.querySelectorAll('blockquote[data-secret="'+t.secret+'"]'),c=new RegExp("^https?:$","i"),i=0;i<o.length;i++)o[i].style.display="none";for(i=0;i<a.length;i++)s=a[i],e.source===s.contentWindow&&(s.removeAttribute("style"),"height"===t.message?(1e3<(r=parseInt(t.value,10))?r=1e3:~~r<200&&(r=200),s.height=r):"link"===t.message&&(r=new URL(s.getAttribute("src")),n=new URL(t.value),c.test(n.protocol))&&n.host===r.host&&l.activeElement===s&&(d.top.location.href=t.value))}},d.addEventListener("message",d.wp.receiveEmbedMessage,!1),l.addEventListener("DOMContentLoaded",function(){for(var e,t,s=l.querySelectorAll("iframe.wp-embedded-content"),r=0;r<s.length;r++)(t=(e=s[r]).getAttribute("data-secret"))||(t=Math.random().toString(36).substring(2,12),e.src+="#?secret="+t,e.setAttribute("data-secret",t)),e.contentWindow.postMessage({message:"ready",secret:t},"*")},!1)))}(window,document);
//# sourceURL=https://www.sanjuandeportes.com/wp/wp-includes/js/wp-embed.min.js
</script>

El piloto sanjuanino se consagró este fin de semana en La Pampa, tras terminar tercero en pista y segundo en la técnica. Mauricio Quiroga, el otro representante local, culminó tercero. “Juani”, se coronó este fin de semana en el Superbike Argentino, categoría más importante de motociclismo en el país. El representante local culminó tercero en el [&hellip;]
