{"version":"1.0","provider_name":"San Juan Deportes","provider_url":"https:\/\/www.sanjuandeportes.com\/wp","author_name":"admin","author_url":"https:\/\/www.sanjuandeportes.com\/wp\/author\/admin\/","title":"Mundial Kayak: La ola en marcha - San Juan Deportes","type":"rich","width":600,"height":338,"html":"<blockquote class=\"wp-embedded-content\" data-secret=\"yVf09eB8H6\"><a href=\"https:\/\/www.sanjuandeportes.com\/wp\/2017\/11\/27\/mundial-kayak-la-ola-en-marcha\/\">Mundial Kayak: La ola en marcha<\/a><\/blockquote><iframe sandbox=\"allow-scripts\" security=\"restricted\" src=\"https:\/\/www.sanjuandeportes.com\/wp\/2017\/11\/27\/mundial-kayak-la-ola-en-marcha\/embed\/#?secret=yVf09eB8H6\" width=\"600\" height=\"338\" title=\"\u00abMundial Kayak: La ola en marcha\u00bb \u2014 San Juan Deportes\" data-secret=\"yVf09eB8H6\" frameborder=\"0\" marginwidth=\"0\" marginheight=\"0\" scrolling=\"no\" class=\"wp-embedded-content\"><\/iframe><script>\n\/*! This file is auto-generated *\/\n!function(d,l){\"use strict\";l.querySelector&&d.addEventListener&&\"undefined\"!=typeof URL&&(d.wp=d.wp||{},d.wp.receiveEmbedMessage||(d.wp.receiveEmbedMessage=function(e){var t=e.data;if((t||t.secret||t.message||t.value)&&!\/[^a-zA-Z0-9]\/.test(t.secret)){for(var s,r,n,a=l.querySelectorAll('iframe[data-secret=\"'+t.secret+'\"]'),o=l.querySelectorAll('blockquote[data-secret=\"'+t.secret+'\"]'),c=new RegExp(\"^https?:$\",\"i\"),i=0;i<o.length;i++)o[i].style.display=\"none\";for(i=0;i<a.length;i++)s=a[i],e.source===s.contentWindow&&(s.removeAttribute(\"style\"),\"height\"===t.message?(1e3<(r=parseInt(t.value,10))?r=1e3:~~r<200&&(r=200),s.height=r):\"link\"===t.message&&(r=new URL(s.getAttribute(\"src\")),n=new URL(t.value),c.test(n.protocol))&&n.host===r.host&&l.activeElement===s&&(d.top.location.href=t.value))}},d.addEventListener(\"message\",d.wp.receiveEmbedMessage,!1),l.addEventListener(\"DOMContentLoaded\",function(){for(var e,t,s=l.querySelectorAll(\"iframe.wp-embedded-content\"),r=0;r<s.length;r++)(t=(e=s[r]).getAttribute(\"data-secret\"))||(t=Math.random().toString(36).substring(2,12),e.src+=\"#?secret=\"+t,e.setAttribute(\"data-secret\",t)),e.contentWindow.postMessage({message:\"ready\",secret:t},\"*\")},!1)))}(window,document);\n\/\/# sourceURL=https:\/\/www.sanjuandeportes.com\/wp\/wp-includes\/js\/wp-embed.min.js\n<\/script>\n","thumbnail_url":"https:\/\/www.sanjuandeportes.com\/wp\/wp-content\/uploads\/2017\/11\/23316818_923476857799765_8965510319569950732_n.jpg","thumbnail_width":960,"thumbnail_height":540,"description":"Ayer, en la Plaza del Bicentenario, se realiz\u00f3 el acto inaugural del Mundial Kayak Freestyle 2017. Desde hoy, hasta el s\u00e1bado 2 de diciembre se desarrollar\u00e1 la competencia. La cita m\u00e1xima de este deporte tuvo su acto de apertura ayer en la provincia. La Plaza del Bicentenario fue el lugar elegido, para que m\u00e1s de [&hellip;]"}

Ayer, en la Plaza del Bicentenario, se realizó el acto inaugural del Mundial Kayak Freestyle 2017. Desde hoy, hasta el sábado 2 de diciembre se desarrollará la competencia. La cita máxima de este deporte tuvo su acto de apertura ayer en la provincia. La Plaza del Bicentenario fue el lugar elegido, para que más de [&hellip;]
