{"version":"1.0","provider_name":"San Juan Deportes","provider_url":"https:\/\/www.sanjuandeportes.com\/wp","author_name":"admin","author_url":"https:\/\/www.sanjuandeportes.com\/wp\/author\/admin\/","title":"ABARCA CORRE EN EL RALLY CROSS - San Juan Deportes","type":"rich","width":600,"height":338,"html":"<blockquote class=\"wp-embedded-content\" data-secret=\"jUCzAvmrmI\"><a href=\"https:\/\/www.sanjuandeportes.com\/wp\/2018\/07\/27\/abarca-corre-en-el-rally-cross\/\">ABARCA CORRE EN EL RALLY CROSS<\/a><\/blockquote><iframe sandbox=\"allow-scripts\" security=\"restricted\" src=\"https:\/\/www.sanjuandeportes.com\/wp\/2018\/07\/27\/abarca-corre-en-el-rally-cross\/embed\/#?secret=jUCzAvmrmI\" width=\"600\" height=\"338\" title=\"\u00abABARCA CORRE EN EL RALLY CROSS\u00bb \u2014 San Juan Deportes\" data-secret=\"jUCzAvmrmI\" frameborder=\"0\" marginwidth=\"0\" marginheight=\"0\" scrolling=\"no\" class=\"wp-embedded-content\"><\/iframe><script>\n\/*! This file is auto-generated *\/\n!function(d,l){\"use strict\";l.querySelector&&d.addEventListener&&\"undefined\"!=typeof URL&&(d.wp=d.wp||{},d.wp.receiveEmbedMessage||(d.wp.receiveEmbedMessage=function(e){var t=e.data;if((t||t.secret||t.message||t.value)&&!\/[^a-zA-Z0-9]\/.test(t.secret)){for(var s,r,n,a=l.querySelectorAll('iframe[data-secret=\"'+t.secret+'\"]'),o=l.querySelectorAll('blockquote[data-secret=\"'+t.secret+'\"]'),c=new RegExp(\"^https?:$\",\"i\"),i=0;i<o.length;i++)o[i].style.display=\"none\";for(i=0;i<a.length;i++)s=a[i],e.source===s.contentWindow&&(s.removeAttribute(\"style\"),\"height\"===t.message?(1e3<(r=parseInt(t.value,10))?r=1e3:~~r<200&&(r=200),s.height=r):\"link\"===t.message&&(r=new URL(s.getAttribute(\"src\")),n=new URL(t.value),c.test(n.protocol))&&n.host===r.host&&l.activeElement===s&&(d.top.location.href=t.value))}},d.addEventListener(\"message\",d.wp.receiveEmbedMessage,!1),l.addEventListener(\"DOMContentLoaded\",function(){for(var e,t,s=l.querySelectorAll(\"iframe.wp-embedded-content\"),r=0;r<s.length;r++)(t=(e=s[r]).getAttribute(\"data-secret\"))||(t=Math.random().toString(36).substring(2,12),e.src+=\"#?secret=\"+t,e.setAttribute(\"data-secret\",t)),e.contentWindow.postMessage({message:\"ready\",secret:t},\"*\")},!1)))}(window,document);\n\/\/# sourceURL=https:\/\/www.sanjuandeportes.com\/wp\/wp-includes\/js\/wp-embed.min.js\n<\/script>\n","thumbnail_url":"http:\/\/www.sanjuandeportes.com\/wp\/wp-content\/uploads\/2018\/07\/Rally-Abarco.jpg","thumbnail_width":749,"thumbnail_height":508,"description":"El piloto albardonero estar\u00e1 presente en la segunda fecha de la categor\u00eda, que se disputar\u00e1 en San Luis este fin de semana. Gabriel Abarca viene de tener una excelente actuaci\u00f3n el pasado fin de semana, en el marco de la quinta fecha del Rally Cordob\u00e9s, tras terminar tercero en la clasificaci\u00f3n general y subir al [&hellip;]"}

El piloto albardonero estará presente en la segunda fecha de la categoría, que se disputará en San Luis este fin de semana. Gabriel Abarca viene de tener una excelente actuación el pasado fin de semana, en el marco de la quinta fecha del Rally Cordobés, tras terminar tercero en la clasificación general y subir al [&hellip;]
