{"version":"1.0","provider_name":"San Juan Deportes","provider_url":"https:\/\/www.sanjuandeportes.com\/wp","author_name":"admin","author_url":"https:\/\/www.sanjuandeportes.com\/wp\/author\/admin\/","title":"Forestello, el elegido. - San Juan Deportes","type":"rich","width":600,"height":338,"html":"<blockquote class=\"wp-embedded-content\" data-secret=\"SpvPYYUZNK\"><a href=\"https:\/\/www.sanjuandeportes.com\/wp\/2018\/09\/25\/forestello-el-elegido\/\">Forestello, el elegido.<\/a><\/blockquote><iframe sandbox=\"allow-scripts\" security=\"restricted\" src=\"https:\/\/www.sanjuandeportes.com\/wp\/2018\/09\/25\/forestello-el-elegido\/embed\/#?secret=SpvPYYUZNK\" width=\"600\" height=\"338\" title=\"\u00abForestello, el elegido.\u00bb \u2014 San Juan Deportes\" data-secret=\"SpvPYYUZNK\" frameborder=\"0\" marginwidth=\"0\" marginheight=\"0\" scrolling=\"no\" class=\"wp-embedded-content\"><\/iframe><script>\n\/*! This file is auto-generated *\/\n!function(d,l){\"use strict\";l.querySelector&&d.addEventListener&&\"undefined\"!=typeof URL&&(d.wp=d.wp||{},d.wp.receiveEmbedMessage||(d.wp.receiveEmbedMessage=function(e){var t=e.data;if((t||t.secret||t.message||t.value)&&!\/[^a-zA-Z0-9]\/.test(t.secret)){for(var s,r,n,a=l.querySelectorAll('iframe[data-secret=\"'+t.secret+'\"]'),o=l.querySelectorAll('blockquote[data-secret=\"'+t.secret+'\"]'),c=new RegExp(\"^https?:$\",\"i\"),i=0;i<o.length;i++)o[i].style.display=\"none\";for(i=0;i<a.length;i++)s=a[i],e.source===s.contentWindow&&(s.removeAttribute(\"style\"),\"height\"===t.message?(1e3<(r=parseInt(t.value,10))?r=1e3:~~r<200&&(r=200),s.height=r):\"link\"===t.message&&(r=new URL(s.getAttribute(\"src\")),n=new URL(t.value),c.test(n.protocol))&&n.host===r.host&&l.activeElement===s&&(d.top.location.href=t.value))}},d.addEventListener(\"message\",d.wp.receiveEmbedMessage,!1),l.addEventListener(\"DOMContentLoaded\",function(){for(var e,t,s=l.querySelectorAll(\"iframe.wp-embedded-content\"),r=0;r<s.length;r++)(t=(e=s[r]).getAttribute(\"data-secret\"))||(t=Math.random().toString(36).substring(2,12),e.src+=\"#?secret=\"+t,e.setAttribute(\"data-secret\",t)),e.contentWindow.postMessage({message:\"ready\",secret:t},\"*\")},!1)))}(window,document);\n\/\/# sourceURL=https:\/\/www.sanjuandeportes.com\/wp\/wp-includes\/js\/wp-embed.min.js\n<\/script>\n","thumbnail_url":"https:\/\/www.sanjuandeportes.com\/wp\/wp-content\/uploads\/2018\/09\/maxresdefault.jpg","thumbnail_width":1024,"thumbnail_height":576,"description":"Se acab\u00f3 el misterio, Ruber Forestello vuelve a San Juan a dirigir San Mart\u00edn. Despu\u00e9s de aquel d\u00eda frente a Ferro donde se despidi\u00f3 dejando al Verdinegro en la Primera Divisi\u00f3n del f\u00fatbol Argentino. M\u00e1s all\u00e1 de que en el santo tucumano no le enctonro la vuelta en estos primeros partidos, para el hincha de [&hellip;]"}

Se acabó el misterio, Ruber Forestello vuelve a San Juan a dirigir San Martín. Después de aquel día frente a Ferro donde se despidió dejando al Verdinegro en la Primera División del fútbol Argentino. Más allá de que en el santo tucumano no le enctonro la vuelta en estos primeros partidos, para el hincha de [&hellip;]
