{"version":"1.0","provider_name":"San Juan Deportes","provider_url":"https:\/\/www.sanjuandeportes.com\/wp","author_name":"Pablo Pujado","author_url":"https:\/\/www.sanjuandeportes.com\/wp\/author\/pablo-pujado\/","title":"Desamparados tiene nuevo entrenador - San Juan Deportes","type":"rich","width":600,"height":338,"html":"<blockquote class=\"wp-embedded-content\" data-secret=\"bKA3ME8E8v\"><a href=\"https:\/\/www.sanjuandeportes.com\/wp\/2019\/10\/21\/desamparados-tiene-nuevo-entrenador\/\">Desamparados tiene nuevo entrenador<\/a><\/blockquote><iframe sandbox=\"allow-scripts\" security=\"restricted\" src=\"https:\/\/www.sanjuandeportes.com\/wp\/2019\/10\/21\/desamparados-tiene-nuevo-entrenador\/embed\/#?secret=bKA3ME8E8v\" width=\"600\" height=\"338\" title=\"\u00abDesamparados tiene nuevo entrenador\u00bb \u2014 San Juan Deportes\" data-secret=\"bKA3ME8E8v\" frameborder=\"0\" marginwidth=\"0\" marginheight=\"0\" scrolling=\"no\" class=\"wp-embedded-content\"><\/iframe><script>\n\/*! This file is auto-generated *\/\n!function(d,l){\"use strict\";l.querySelector&&d.addEventListener&&\"undefined\"!=typeof URL&&(d.wp=d.wp||{},d.wp.receiveEmbedMessage||(d.wp.receiveEmbedMessage=function(e){var t=e.data;if((t||t.secret||t.message||t.value)&&!\/[^a-zA-Z0-9]\/.test(t.secret)){for(var s,r,n,a=l.querySelectorAll('iframe[data-secret=\"'+t.secret+'\"]'),o=l.querySelectorAll('blockquote[data-secret=\"'+t.secret+'\"]'),c=new RegExp(\"^https?:$\",\"i\"),i=0;i<o.length;i++)o[i].style.display=\"none\";for(i=0;i<a.length;i++)s=a[i],e.source===s.contentWindow&&(s.removeAttribute(\"style\"),\"height\"===t.message?(1e3<(r=parseInt(t.value,10))?r=1e3:~~r<200&&(r=200),s.height=r):\"link\"===t.message&&(r=new URL(s.getAttribute(\"src\")),n=new URL(t.value),c.test(n.protocol))&&n.host===r.host&&l.activeElement===s&&(d.top.location.href=t.value))}},d.addEventListener(\"message\",d.wp.receiveEmbedMessage,!1),l.addEventListener(\"DOMContentLoaded\",function(){for(var e,t,s=l.querySelectorAll(\"iframe.wp-embedded-content\"),r=0;r<s.length;r++)(t=(e=s[r]).getAttribute(\"data-secret\"))||(t=Math.random().toString(36).substring(2,12),e.src+=\"#?secret=\"+t,e.setAttribute(\"data-secret\",t)),e.contentWindow.postMessage({message:\"ready\",secret:t},\"*\")},!1)))}(window,document);\n\/\/# sourceURL=https:\/\/www.sanjuandeportes.com\/wp\/wp-includes\/js\/wp-embed.min.js\n<\/script>\n","thumbnail_url":"https:\/\/www.sanjuandeportes.com\/wp\/wp-content\/uploads\/2019\/06\/818x460_190624152421_96682.jpg","thumbnail_width":818,"thumbnail_height":460,"description":"Se trata de V\u00edctor Nazareno Godoy, quien estuvo a punto de asumir en el club en junio pasado, pero una sanci\u00f3n impidi\u00f3 su llegada al puyutano. Tras los malos resultados, Magistretti dej\u00f3 de ser DT de Sportivo. Despu\u00e9s de la goleada que el equipo sufri\u00f3 con Maip\u00fa por 3-0. Esto termin\u00f3 con la confianza que [&hellip;]"}

Se trata de Víctor Nazareno Godoy, quien estuvo a punto de asumir en el club en junio pasado, pero una sanción impidió su llegada al puyutano. Tras los malos resultados, Magistretti dejó de ser DT de Sportivo. Después de la goleada que el equipo sufrió con Maipú por 3-0. Esto terminó con la confianza que [&hellip;]
