{"version":"1.0","provider_name":"San Juan Deportes","provider_url":"https:\/\/www.sanjuandeportes.com\/wp","author_name":"Pablo Pujado","author_url":"https:\/\/www.sanjuandeportes.com\/wp\/author\/pablo-pujado\/","title":"Nico Tivani el ganador del Giro del Sol - San Juan Deportes","type":"rich","width":600,"height":338,"html":"<blockquote class=\"wp-embedded-content\" data-secret=\"nyzutMrThB\"><a href=\"https:\/\/www.sanjuandeportes.com\/wp\/2021\/02\/08\/12113\/\">Nico Tivani el ganador del Giro del Sol<\/a><\/blockquote><iframe sandbox=\"allow-scripts\" security=\"restricted\" src=\"https:\/\/www.sanjuandeportes.com\/wp\/2021\/02\/08\/12113\/embed\/#?secret=nyzutMrThB\" width=\"600\" height=\"338\" title=\"\u00abNico Tivani el ganador del Giro del Sol\u00bb \u2014 San Juan Deportes\" data-secret=\"nyzutMrThB\" frameborder=\"0\" marginwidth=\"0\" marginheight=\"0\" scrolling=\"no\" class=\"wp-embedded-content\"><\/iframe><script>\n\/*! This file is auto-generated *\/\n!function(d,l){\"use strict\";l.querySelector&&d.addEventListener&&\"undefined\"!=typeof URL&&(d.wp=d.wp||{},d.wp.receiveEmbedMessage||(d.wp.receiveEmbedMessage=function(e){var t=e.data;if((t||t.secret||t.message||t.value)&&!\/[^a-zA-Z0-9]\/.test(t.secret)){for(var s,r,n,a=l.querySelectorAll('iframe[data-secret=\"'+t.secret+'\"]'),o=l.querySelectorAll('blockquote[data-secret=\"'+t.secret+'\"]'),c=new RegExp(\"^https?:$\",\"i\"),i=0;i<o.length;i++)o[i].style.display=\"none\";for(i=0;i<a.length;i++)s=a[i],e.source===s.contentWindow&&(s.removeAttribute(\"style\"),\"height\"===t.message?(1e3<(r=parseInt(t.value,10))?r=1e3:~~r<200&&(r=200),s.height=r):\"link\"===t.message&&(r=new URL(s.getAttribute(\"src\")),n=new URL(t.value),c.test(n.protocol))&&n.host===r.host&&l.activeElement===s&&(d.top.location.href=t.value))}},d.addEventListener(\"message\",d.wp.receiveEmbedMessage,!1),l.addEventListener(\"DOMContentLoaded\",function(){for(var e,t,s=l.querySelectorAll(\"iframe.wp-embedded-content\"),r=0;r<s.length;r++)(t=(e=s[r]).getAttribute(\"data-secret\"))||(t=Math.random().toString(36).substring(2,12),e.src+=\"#?secret=\"+t,e.setAttribute(\"data-secret\",t)),e.contentWindow.postMessage({message:\"ready\",secret:t},\"*\")},!1)))}(window,document);\n\/\/# sourceURL=https:\/\/www.sanjuandeportes.com\/wp\/wp-includes\/js\/wp-embed.min.js\n<\/script>\n","thumbnail_url":"https:\/\/www.sanjuandeportes.com\/wp\/wp-content\/uploads\/2021\/02\/nicolas-tivani-3jpeg.jpeg","thumbnail_width":1013,"thumbnail_height":675,"description":"El pedalero de la\u00a0Agrupaci\u00f3n Virgen de F\u00e1tima,\u00a0Nicol\u00e1s Tivani, se qued\u00f3 con la victoria este domingo por la tarde, al celebrarse una nueva edici\u00f3n del\u00a0Giro del Sol. Es la tercera victoria del pedalero en la temporada, quien mostr\u00f3 un gran desempe\u00f1o en la 19na edici\u00f3n del Giro del\u00a0Sol. El recorrido fue de 157 kil\u00f3metros. Tivani registr\u00f3 [&hellip;]"}

El pedalero de la Agrupación Virgen de Fátima, Nicolás Tivani, se quedó con la victoria este domingo por la tarde, al celebrarse una nueva edición del Giro del Sol. Es la tercera victoria del pedalero en la temporada, quien mostró un gran desempeño en la 19na edición del Giro del Sol. El recorrido fue de 157 kilómetros. Tivani registró [&hellip;]
