{"version":"1.0","provider_name":"San Juan Deportes","provider_url":"https:\/\/www.sanjuandeportes.com\/wp","author_name":"Pablo Pujado","author_url":"https:\/\/www.sanjuandeportes.com\/wp\/author\/pablo-pujado\/","title":"El sanjuanino Rodrigo Quiroga grit\u00f3 \"campe\u00f3n\" en Alemania - San Juan Deportes","type":"rich","width":600,"height":338,"html":"<blockquote class=\"wp-embedded-content\" data-secret=\"UNceuyIGLe\"><a href=\"https:\/\/www.sanjuandeportes.com\/wp\/2021\/03\/03\/el-sanjuanino-quirora-grito-campeon-en-alemania\/\">El sanjuanino Rodrigo Quiroga grit\u00f3 \u00abcampe\u00f3n\u00bb en Alemania<\/a><\/blockquote><iframe sandbox=\"allow-scripts\" security=\"restricted\" src=\"https:\/\/www.sanjuandeportes.com\/wp\/2021\/03\/03\/el-sanjuanino-quirora-grito-campeon-en-alemania\/embed\/#?secret=UNceuyIGLe\" width=\"600\" height=\"338\" title=\"\u00abEl sanjuanino Rodrigo Quiroga grit\u00f3 \u00abcampe\u00f3n\u00bb en Alemania\u00bb \u2014 San Juan Deportes\" data-secret=\"UNceuyIGLe\" frameborder=\"0\" marginwidth=\"0\" marginheight=\"0\" scrolling=\"no\" class=\"wp-embedded-content\"><\/iframe><script>\n\/*! This file is auto-generated *\/\n!function(d,l){\"use strict\";l.querySelector&&d.addEventListener&&\"undefined\"!=typeof URL&&(d.wp=d.wp||{},d.wp.receiveEmbedMessage||(d.wp.receiveEmbedMessage=function(e){var t=e.data;if((t||t.secret||t.message||t.value)&&!\/[^a-zA-Z0-9]\/.test(t.secret)){for(var s,r,n,a=l.querySelectorAll('iframe[data-secret=\"'+t.secret+'\"]'),o=l.querySelectorAll('blockquote[data-secret=\"'+t.secret+'\"]'),c=new RegExp(\"^https?:$\",\"i\"),i=0;i<o.length;i++)o[i].style.display=\"none\";for(i=0;i<a.length;i++)s=a[i],e.source===s.contentWindow&&(s.removeAttribute(\"style\"),\"height\"===t.message?(1e3<(r=parseInt(t.value,10))?r=1e3:~~r<200&&(r=200),s.height=r):\"link\"===t.message&&(r=new URL(s.getAttribute(\"src\")),n=new URL(t.value),c.test(n.protocol))&&n.host===r.host&&l.activeElement===s&&(d.top.location.href=t.value))}},d.addEventListener(\"message\",d.wp.receiveEmbedMessage,!1),l.addEventListener(\"DOMContentLoaded\",function(){for(var e,t,s=l.querySelectorAll(\"iframe.wp-embedded-content\"),r=0;r<s.length;r++)(t=(e=s[r]).getAttribute(\"data-secret\"))||(t=Math.random().toString(36).substring(2,12),e.src+=\"#?secret=\"+t,e.setAttribute(\"data-secret\",t)),e.contentWindow.postMessage({message:\"ready\",secret:t},\"*\")},!1)))}(window,document);\n\/\/# sourceURL=https:\/\/www.sanjuandeportes.com\/wp\/wp-includes\/js\/wp-embed.min.js\n<\/script>\n","thumbnail_url":"https:\/\/www.sanjuandeportes.com\/wp\/wp-content\/uploads\/2021\/03\/EvYpSu8XEAEjDBb.jpg","thumbnail_width":1280,"thumbnail_height":852,"description":"Con Juan Manuel Serramalera y Agust\u00edn Briscioli en el cuerpo t\u00e9cnico, y Rodrigo Quiroga y Facu Imhoff en el plantel, United Volleys Frankfurt se consagr\u00f3 campe\u00f3n de la Copa Alemania. Hubo grito de\u00a0Meisterin\u00a0en muchos jugadores del United Volleys Frankfurt, sin embargo el vocablo\u00a0campeones\u00a0tambi\u00e9n se hizo sentir en la ciudad alemana de Manhneim. El equipo dirigido [&hellip;]"}

El sanjuanino Rodrigo Quiroga gritó "campeón" en Alemania - San Juan Deportes

<blockquote class="wp-embedded-content" data-secret="UNceuyIGLe"><a href="https://www.sanjuandeportes.com/wp/2021/03/03/el-sanjuanino-quirora-grito-campeon-en-alemania/">El sanjuanino Rodrigo Quiroga gritó «campeón» en Alemania</a></blockquote><iframe sandbox="allow-scripts" security="restricted" src="https://www.sanjuandeportes.com/wp/2021/03/03/el-sanjuanino-quirora-grito-campeon-en-alemania/embed/#?secret=UNceuyIGLe" width="600" height="338" title="«El sanjuanino Rodrigo Quiroga gritó «campeón» en Alemania» — San Juan Deportes" data-secret="UNceuyIGLe" frameborder="0" marginwidth="0" marginheight="0" scrolling="no" class="wp-embedded-content"></iframe><script>
/*! This file is auto-generated */
!function(d,l){"use strict";l.querySelector&&d.addEventListener&&"undefined"!=typeof URL&&(d.wp=d.wp||{},d.wp.receiveEmbedMessage||(d.wp.receiveEmbedMessage=function(e){var t=e.data;if((t||t.secret||t.message||t.value)&&!/[^a-zA-Z0-9]/.test(t.secret)){for(var s,r,n,a=l.querySelectorAll('iframe[data-secret="'+t.secret+'"]'),o=l.querySelectorAll('blockquote[data-secret="'+t.secret+'"]'),c=new RegExp("^https?:$","i"),i=0;i<o.length;i++)o[i].style.display="none";for(i=0;i<a.length;i++)s=a[i],e.source===s.contentWindow&&(s.removeAttribute("style"),"height"===t.message?(1e3<(r=parseInt(t.value,10))?r=1e3:~~r<200&&(r=200),s.height=r):"link"===t.message&&(r=new URL(s.getAttribute("src")),n=new URL(t.value),c.test(n.protocol))&&n.host===r.host&&l.activeElement===s&&(d.top.location.href=t.value))}},d.addEventListener("message",d.wp.receiveEmbedMessage,!1),l.addEventListener("DOMContentLoaded",function(){for(var e,t,s=l.querySelectorAll("iframe.wp-embedded-content"),r=0;r<s.length;r++)(t=(e=s[r]).getAttribute("data-secret"))||(t=Math.random().toString(36).substring(2,12),e.src+="#?secret="+t,e.setAttribute("data-secret",t)),e.contentWindow.postMessage({message:"ready",secret:t},"*")},!1)))}(window,document);
//# sourceURL=https://www.sanjuandeportes.com/wp/wp-includes/js/wp-embed.min.js
</script>

Con Juan Manuel Serramalera y Agustín Briscioli en el cuerpo técnico, y Rodrigo Quiroga y Facu Imhoff en el plantel, United Volleys Frankfurt se consagró campeón de la Copa Alemania. Hubo grito de Meisterin en muchos jugadores del United Volleys Frankfurt, sin embargo el vocablo campeones también se hizo sentir en la ciudad alemana de Manhneim. El equipo dirigido [&hellip;]
