{"version":"1.0","provider_name":"San Juan Deportes","provider_url":"https:\/\/www.sanjuandeportes.com\/wp","author_name":"Pablo Pujado","author_url":"https:\/\/www.sanjuandeportes.com\/wp\/author\/pablo-pujado\/","title":"Jorge Elgueta ser\u00e1 nuevamente DT de UVT V\u00f3ley - San Juan Deportes","type":"rich","width":600,"height":338,"html":"<blockquote class=\"wp-embedded-content\" data-secret=\"I0ZcvzTIbA\"><a href=\"https:\/\/www.sanjuandeportes.com\/wp\/2022\/02\/08\/jorge-elgueta-sera-nuevamente-dt-de-uvt-voley\/\">Jorge Elgueta ser\u00e1 nuevamente DT de UVT V\u00f3ley<\/a><\/blockquote><iframe sandbox=\"allow-scripts\" security=\"restricted\" src=\"https:\/\/www.sanjuandeportes.com\/wp\/2022\/02\/08\/jorge-elgueta-sera-nuevamente-dt-de-uvt-voley\/embed\/#?secret=I0ZcvzTIbA\" width=\"600\" height=\"338\" title=\"\u00abJorge Elgueta ser\u00e1 nuevamente DT de UVT V\u00f3ley\u00bb \u2014 San Juan Deportes\" data-secret=\"I0ZcvzTIbA\" frameborder=\"0\" marginwidth=\"0\" marginheight=\"0\" scrolling=\"no\" class=\"wp-embedded-content\"><\/iframe><script>\n\/*! This file is auto-generated *\/\n!function(d,l){\"use strict\";l.querySelector&&d.addEventListener&&\"undefined\"!=typeof URL&&(d.wp=d.wp||{},d.wp.receiveEmbedMessage||(d.wp.receiveEmbedMessage=function(e){var t=e.data;if((t||t.secret||t.message||t.value)&&!\/[^a-zA-Z0-9]\/.test(t.secret)){for(var s,r,n,a=l.querySelectorAll('iframe[data-secret=\"'+t.secret+'\"]'),o=l.querySelectorAll('blockquote[data-secret=\"'+t.secret+'\"]'),c=new RegExp(\"^https?:$\",\"i\"),i=0;i<o.length;i++)o[i].style.display=\"none\";for(i=0;i<a.length;i++)s=a[i],e.source===s.contentWindow&&(s.removeAttribute(\"style\"),\"height\"===t.message?(1e3<(r=parseInt(t.value,10))?r=1e3:~~r<200&&(r=200),s.height=r):\"link\"===t.message&&(r=new URL(s.getAttribute(\"src\")),n=new URL(t.value),c.test(n.protocol))&&n.host===r.host&&l.activeElement===s&&(d.top.location.href=t.value))}},d.addEventListener(\"message\",d.wp.receiveEmbedMessage,!1),l.addEventListener(\"DOMContentLoaded\",function(){for(var e,t,s=l.querySelectorAll(\"iframe.wp-embedded-content\"),r=0;r<s.length;r++)(t=(e=s[r]).getAttribute(\"data-secret\"))||(t=Math.random().toString(36).substring(2,12),e.src+=\"#?secret=\"+t,e.setAttribute(\"data-secret\",t)),e.contentWindow.postMessage({message:\"ready\",secret:t},\"*\")},!1)))}(window,document);\n\/\/# sourceURL=https:\/\/www.sanjuandeportes.com\/wp\/wp-includes\/js\/wp-embed.min.js\n<\/script>\n","thumbnail_url":"https:\/\/www.sanjuandeportes.com\/wp\/wp-content\/uploads\/2022\/02\/Elgueta.jpg","thumbnail_width":600,"thumbnail_height":365,"description":"La Uni\u00f3n Vecinal de Trinidad comunica de forma oficial que, el se\u00f1or Ariel Fachinelli no continuar\u00e1 como Director T\u00e9cnico del equipo de primera divisi\u00f3n de v\u00f3ley de nuestro club luego de que presentara su renuncia ante la Comisi\u00f3n Directiva por motivos personales. De parte de toda la Junta Directiva, jugadores, colaboradores y administrativos, agradecemos profundamente [&hellip;]"}

Jorge Elgueta será nuevamente DT de UVT Vóley - San Juan Deportes

<blockquote class="wp-embedded-content" data-secret="I0ZcvzTIbA"><a href="https://www.sanjuandeportes.com/wp/2022/02/08/jorge-elgueta-sera-nuevamente-dt-de-uvt-voley/">Jorge Elgueta será nuevamente DT de UVT Vóley</a></blockquote><iframe sandbox="allow-scripts" security="restricted" src="https://www.sanjuandeportes.com/wp/2022/02/08/jorge-elgueta-sera-nuevamente-dt-de-uvt-voley/embed/#?secret=I0ZcvzTIbA" width="600" height="338" title="«Jorge Elgueta será nuevamente DT de UVT Vóley» — San Juan Deportes" data-secret="I0ZcvzTIbA" frameborder="0" marginwidth="0" marginheight="0" scrolling="no" class="wp-embedded-content"></iframe><script>
/*! This file is auto-generated */
!function(d,l){"use strict";l.querySelector&&d.addEventListener&&"undefined"!=typeof URL&&(d.wp=d.wp||{},d.wp.receiveEmbedMessage||(d.wp.receiveEmbedMessage=function(e){var t=e.data;if((t||t.secret||t.message||t.value)&&!/[^a-zA-Z0-9]/.test(t.secret)){for(var s,r,n,a=l.querySelectorAll('iframe[data-secret="'+t.secret+'"]'),o=l.querySelectorAll('blockquote[data-secret="'+t.secret+'"]'),c=new RegExp("^https?:$","i"),i=0;i<o.length;i++)o[i].style.display="none";for(i=0;i<a.length;i++)s=a[i],e.source===s.contentWindow&&(s.removeAttribute("style"),"height"===t.message?(1e3<(r=parseInt(t.value,10))?r=1e3:~~r<200&&(r=200),s.height=r):"link"===t.message&&(r=new URL(s.getAttribute("src")),n=new URL(t.value),c.test(n.protocol))&&n.host===r.host&&l.activeElement===s&&(d.top.location.href=t.value))}},d.addEventListener("message",d.wp.receiveEmbedMessage,!1),l.addEventListener("DOMContentLoaded",function(){for(var e,t,s=l.querySelectorAll("iframe.wp-embedded-content"),r=0;r<s.length;r++)(t=(e=s[r]).getAttribute("data-secret"))||(t=Math.random().toString(36).substring(2,12),e.src+="#?secret="+t,e.setAttribute("data-secret",t)),e.contentWindow.postMessage({message:"ready",secret:t},"*")},!1)))}(window,document);
//# sourceURL=https://www.sanjuandeportes.com/wp/wp-includes/js/wp-embed.min.js
</script>

La Unión Vecinal de Trinidad comunica de forma oficial que, el señor Ariel Fachinelli no continuará como Director Técnico del equipo de primera división de vóley de nuestro club luego de que presentara su renuncia ante la Comisión Directiva por motivos personales. De parte de toda la Junta Directiva, jugadores, colaboradores y administrativos, agradecemos profundamente [&hellip;]
