{"version":"1.0","provider_name":"San Juan Deportes","provider_url":"https:\/\/www.sanjuandeportes.com\/wp","author_name":"Pablo Pujado","author_url":"https:\/\/www.sanjuandeportes.com\/wp\/author\/pablo-pujado\/","title":"Otro partido del f\u00fatbol sanjuanino termin\u00f3 en pelea - San Juan Deportes","type":"rich","width":600,"height":338,"html":"<blockquote class=\"wp-embedded-content\" data-secret=\"cyvjewDdHO\"><a href=\"https:\/\/www.sanjuandeportes.com\/wp\/2022\/08\/22\/otro-partido-del-futbol-sanjuanino-termino-en-pelea\/\">Otro partido del f\u00fatbol sanjuanino termin\u00f3 en pelea<\/a><\/blockquote><iframe sandbox=\"allow-scripts\" security=\"restricted\" src=\"https:\/\/www.sanjuandeportes.com\/wp\/2022\/08\/22\/otro-partido-del-futbol-sanjuanino-termino-en-pelea\/embed\/#?secret=cyvjewDdHO\" width=\"600\" height=\"338\" title=\"\u00abOtro partido del f\u00fatbol sanjuanino termin\u00f3 en pelea\u00bb \u2014 San Juan Deportes\" data-secret=\"cyvjewDdHO\" frameborder=\"0\" marginwidth=\"0\" marginheight=\"0\" scrolling=\"no\" class=\"wp-embedded-content\"><\/iframe><script>\n\/*! This file is auto-generated *\/\n!function(d,l){\"use strict\";l.querySelector&&d.addEventListener&&\"undefined\"!=typeof URL&&(d.wp=d.wp||{},d.wp.receiveEmbedMessage||(d.wp.receiveEmbedMessage=function(e){var t=e.data;if((t||t.secret||t.message||t.value)&&!\/[^a-zA-Z0-9]\/.test(t.secret)){for(var s,r,n,a=l.querySelectorAll('iframe[data-secret=\"'+t.secret+'\"]'),o=l.querySelectorAll('blockquote[data-secret=\"'+t.secret+'\"]'),c=new RegExp(\"^https?:$\",\"i\"),i=0;i<o.length;i++)o[i].style.display=\"none\";for(i=0;i<a.length;i++)s=a[i],e.source===s.contentWindow&&(s.removeAttribute(\"style\"),\"height\"===t.message?(1e3<(r=parseInt(t.value,10))?r=1e3:~~r<200&&(r=200),s.height=r):\"link\"===t.message&&(r=new URL(s.getAttribute(\"src\")),n=new URL(t.value),c.test(n.protocol))&&n.host===r.host&&l.activeElement===s&&(d.top.location.href=t.value))}},d.addEventListener(\"message\",d.wp.receiveEmbedMessage,!1),l.addEventListener(\"DOMContentLoaded\",function(){for(var e,t,s=l.querySelectorAll(\"iframe.wp-embedded-content\"),r=0;r<s.length;r++)(t=(e=s[r]).getAttribute(\"data-secret\"))||(t=Math.random().toString(36).substring(2,12),e.src+=\"#?secret=\"+t,e.setAttribute(\"data-secret\",t)),e.contentWindow.postMessage({message:\"ready\",secret:t},\"*\")},!1)))}(window,document);\n\/\/# sourceURL=https:\/\/www.sanjuandeportes.com\/wp\/wp-includes\/js\/wp-embed.min.js\n<\/script>\n","thumbnail_url":"http:\/\/www.sanjuandeportes.com\/wp\/wp-content\/uploads\/2022\/08\/pinas.jpg","thumbnail_width":800,"thumbnail_height":450,"description":"La violencia en el f\u00fatbol argentino no se detiene y en ese contexto lamentablemente la provincia de San Juan no es la excepci\u00f3n. Si bien esta vez la pol\u00e9mica no se dio en la liga local, si fueron dos equipos sanjuaninos los que protagonizaron el esc\u00e1ndalo.&nbsp;Fueron dos conjuntos que estaban disputando la Copa Cordillerana los [&hellip;]"}

Otro partido del fútbol sanjuanino terminó en pelea - San Juan Deportes

<blockquote class="wp-embedded-content" data-secret="cyvjewDdHO"><a href="https://www.sanjuandeportes.com/wp/2022/08/22/otro-partido-del-futbol-sanjuanino-termino-en-pelea/">Otro partido del fútbol sanjuanino terminó en pelea</a></blockquote><iframe sandbox="allow-scripts" security="restricted" src="https://www.sanjuandeportes.com/wp/2022/08/22/otro-partido-del-futbol-sanjuanino-termino-en-pelea/embed/#?secret=cyvjewDdHO" width="600" height="338" title="«Otro partido del fútbol sanjuanino terminó en pelea» — San Juan Deportes" data-secret="cyvjewDdHO" frameborder="0" marginwidth="0" marginheight="0" scrolling="no" class="wp-embedded-content"></iframe><script>
/*! This file is auto-generated */
!function(d,l){"use strict";l.querySelector&&d.addEventListener&&"undefined"!=typeof URL&&(d.wp=d.wp||{},d.wp.receiveEmbedMessage||(d.wp.receiveEmbedMessage=function(e){var t=e.data;if((t||t.secret||t.message||t.value)&&!/[^a-zA-Z0-9]/.test(t.secret)){for(var s,r,n,a=l.querySelectorAll('iframe[data-secret="'+t.secret+'"]'),o=l.querySelectorAll('blockquote[data-secret="'+t.secret+'"]'),c=new RegExp("^https?:$","i"),i=0;i<o.length;i++)o[i].style.display="none";for(i=0;i<a.length;i++)s=a[i],e.source===s.contentWindow&&(s.removeAttribute("style"),"height"===t.message?(1e3<(r=parseInt(t.value,10))?r=1e3:~~r<200&&(r=200),s.height=r):"link"===t.message&&(r=new URL(s.getAttribute("src")),n=new URL(t.value),c.test(n.protocol))&&n.host===r.host&&l.activeElement===s&&(d.top.location.href=t.value))}},d.addEventListener("message",d.wp.receiveEmbedMessage,!1),l.addEventListener("DOMContentLoaded",function(){for(var e,t,s=l.querySelectorAll("iframe.wp-embedded-content"),r=0;r<s.length;r++)(t=(e=s[r]).getAttribute("data-secret"))||(t=Math.random().toString(36).substring(2,12),e.src+="#?secret="+t,e.setAttribute("data-secret",t)),e.contentWindow.postMessage({message:"ready",secret:t},"*")},!1)))}(window,document);
//# sourceURL=https://www.sanjuandeportes.com/wp/wp-includes/js/wp-embed.min.js
</script>

La violencia en el fútbol argentino no se detiene y en ese contexto lamentablemente la provincia de San Juan no es la excepción. Si bien esta vez la polémica no se dio en la liga local, si fueron dos equipos sanjuaninos los que protagonizaron el escándalo.&nbsp;Fueron dos conjuntos que estaban disputando la Copa Cordillerana los [&hellip;]
