{"version":"1.0","provider_name":"San Juan Deportes","provider_url":"https:\/\/www.sanjuandeportes.com\/wp","author_name":"Pablo Pujado","author_url":"https:\/\/www.sanjuandeportes.com\/wp\/author\/pablo-pujado\/","title":"Mateo Maldonado finaliz\u00f3 el Mundial de Portugal - San Juan Deportes","type":"rich","width":600,"height":338,"html":"<blockquote class=\"wp-embedded-content\" data-secret=\"ld1HuKolyE\"><a href=\"https:\/\/www.sanjuandeportes.com\/wp\/2022\/08\/29\/mateo-maldonado-finalizo-el-mundial-de-portugal\/\">Mateo Maldonado finaliz\u00f3 el Mundial de Portugal<\/a><\/blockquote><iframe sandbox=\"allow-scripts\" security=\"restricted\" src=\"https:\/\/www.sanjuandeportes.com\/wp\/2022\/08\/29\/mateo-maldonado-finalizo-el-mundial-de-portugal\/embed\/#?secret=ld1HuKolyE\" width=\"600\" height=\"338\" title=\"\u00abMateo Maldonado finaliz\u00f3 el Mundial de Portugal\u00bb \u2014 San Juan Deportes\" data-secret=\"ld1HuKolyE\" frameborder=\"0\" marginwidth=\"0\" marginheight=\"0\" scrolling=\"no\" class=\"wp-embedded-content\"><\/iframe><script>\n\/*! This file is auto-generated *\/\n!function(d,l){\"use strict\";l.querySelector&&d.addEventListener&&\"undefined\"!=typeof URL&&(d.wp=d.wp||{},d.wp.receiveEmbedMessage||(d.wp.receiveEmbedMessage=function(e){var t=e.data;if((t||t.secret||t.message||t.value)&&!\/[^a-zA-Z0-9]\/.test(t.secret)){for(var s,r,n,a=l.querySelectorAll('iframe[data-secret=\"'+t.secret+'\"]'),o=l.querySelectorAll('blockquote[data-secret=\"'+t.secret+'\"]'),c=new RegExp(\"^https?:$\",\"i\"),i=0;i<o.length;i++)o[i].style.display=\"none\";for(i=0;i<a.length;i++)s=a[i],e.source===s.contentWindow&&(s.removeAttribute(\"style\"),\"height\"===t.message?(1e3<(r=parseInt(t.value,10))?r=1e3:~~r<200&&(r=200),s.height=r):\"link\"===t.message&&(r=new URL(s.getAttribute(\"src\")),n=new URL(t.value),c.test(n.protocol))&&n.host===r.host&&l.activeElement===s&&(d.top.location.href=t.value))}},d.addEventListener(\"message\",d.wp.receiveEmbedMessage,!1),l.addEventListener(\"DOMContentLoaded\",function(){for(var e,t,s=l.querySelectorAll(\"iframe.wp-embedded-content\"),r=0;r<s.length;r++)(t=(e=s[r]).getAttribute(\"data-secret\"))||(t=Math.random().toString(36).substring(2,12),e.src+=\"#?secret=\"+t,e.setAttribute(\"data-secret\",t)),e.contentWindow.postMessage({message:\"ready\",secret:t},\"*\")},!1)))}(window,document);\n\/\/# sourceURL=https:\/\/www.sanjuandeportes.com\/wp\/wp-includes\/js\/wp-embed.min.js\n<\/script>\n","thumbnail_url":"https:\/\/www.sanjuandeportes.com\/wp\/wp-content\/uploads\/2022\/08\/94a8d67642874cf82d7f79cdc73b2482_L.jpg","thumbnail_width":782,"thumbnail_height":440,"description":"El velerista sanjuanino clasific\u00f3 72\u00ba en un Mundial de vela muy discutido por la decisi\u00f3n de la organizaci\u00f3n de llevarlo a cabo a pesar de la falta de viento. Sin dudas uno de los mundiales m\u00e1s irregulares en el mundo de la vela, el que finaliz\u00f3 durante el fin de semana pasado en Vilamoura, Portugal. [&hellip;]"}

Mateo Maldonado finalizó el Mundial de Portugal - San Juan Deportes

<blockquote class="wp-embedded-content" data-secret="ld1HuKolyE"><a href="https://www.sanjuandeportes.com/wp/2022/08/29/mateo-maldonado-finalizo-el-mundial-de-portugal/">Mateo Maldonado finalizó el Mundial de Portugal</a></blockquote><iframe sandbox="allow-scripts" security="restricted" src="https://www.sanjuandeportes.com/wp/2022/08/29/mateo-maldonado-finalizo-el-mundial-de-portugal/embed/#?secret=ld1HuKolyE" width="600" height="338" title="«Mateo Maldonado finalizó el Mundial de Portugal» — San Juan Deportes" data-secret="ld1HuKolyE" frameborder="0" marginwidth="0" marginheight="0" scrolling="no" class="wp-embedded-content"></iframe><script>
/*! This file is auto-generated */
!function(d,l){"use strict";l.querySelector&&d.addEventListener&&"undefined"!=typeof URL&&(d.wp=d.wp||{},d.wp.receiveEmbedMessage||(d.wp.receiveEmbedMessage=function(e){var t=e.data;if((t||t.secret||t.message||t.value)&&!/[^a-zA-Z0-9]/.test(t.secret)){for(var s,r,n,a=l.querySelectorAll('iframe[data-secret="'+t.secret+'"]'),o=l.querySelectorAll('blockquote[data-secret="'+t.secret+'"]'),c=new RegExp("^https?:$","i"),i=0;i<o.length;i++)o[i].style.display="none";for(i=0;i<a.length;i++)s=a[i],e.source===s.contentWindow&&(s.removeAttribute("style"),"height"===t.message?(1e3<(r=parseInt(t.value,10))?r=1e3:~~r<200&&(r=200),s.height=r):"link"===t.message&&(r=new URL(s.getAttribute("src")),n=new URL(t.value),c.test(n.protocol))&&n.host===r.host&&l.activeElement===s&&(d.top.location.href=t.value))}},d.addEventListener("message",d.wp.receiveEmbedMessage,!1),l.addEventListener("DOMContentLoaded",function(){for(var e,t,s=l.querySelectorAll("iframe.wp-embedded-content"),r=0;r<s.length;r++)(t=(e=s[r]).getAttribute("data-secret"))||(t=Math.random().toString(36).substring(2,12),e.src+="#?secret="+t,e.setAttribute("data-secret",t)),e.contentWindow.postMessage({message:"ready",secret:t},"*")},!1)))}(window,document);
//# sourceURL=https://www.sanjuandeportes.com/wp/wp-includes/js/wp-embed.min.js
</script>

El velerista sanjuanino clasificó 72º en un Mundial de vela muy discutido por la decisión de la organización de llevarlo a cabo a pesar de la falta de viento. Sin dudas uno de los mundiales más irregulares en el mundo de la vela, el que finalizó durante el fin de semana pasado en Vilamoura, Portugal. [&hellip;]
