{"version":"1.0","provider_name":"San Juan Deportes","provider_url":"https:\/\/www.sanjuandeportes.com\/wp","author_name":"Pablo Pujado","author_url":"https:\/\/www.sanjuandeportes.com\/wp\/author\/pablo-pujado\/","title":"Un sanjuanino se suma al equipo ol\u00edmpico argentino - San Juan Deportes","type":"rich","width":600,"height":338,"html":"<blockquote class=\"wp-embedded-content\" data-secret=\"t0Lh1cDQoa\"><a href=\"https:\/\/www.sanjuandeportes.com\/wp\/2023\/01\/18\/un-sanjuanino-se-suma-al-equipo-olimpico-argentino\/\">Un sanjuanino se suma al equipo ol\u00edmpico argentino<\/a><\/blockquote><iframe sandbox=\"allow-scripts\" security=\"restricted\" src=\"https:\/\/www.sanjuandeportes.com\/wp\/2023\/01\/18\/un-sanjuanino-se-suma-al-equipo-olimpico-argentino\/embed\/#?secret=t0Lh1cDQoa\" width=\"600\" height=\"338\" title=\"\u00abUn sanjuanino se suma al equipo ol\u00edmpico argentino\u00bb \u2014 San Juan Deportes\" data-secret=\"t0Lh1cDQoa\" frameborder=\"0\" marginwidth=\"0\" marginheight=\"0\" scrolling=\"no\" class=\"wp-embedded-content\"><\/iframe><script>\n\/*! This file is auto-generated *\/\n!function(d,l){\"use strict\";l.querySelector&&d.addEventListener&&\"undefined\"!=typeof URL&&(d.wp=d.wp||{},d.wp.receiveEmbedMessage||(d.wp.receiveEmbedMessage=function(e){var t=e.data;if((t||t.secret||t.message||t.value)&&!\/[^a-zA-Z0-9]\/.test(t.secret)){for(var s,r,n,a=l.querySelectorAll('iframe[data-secret=\"'+t.secret+'\"]'),o=l.querySelectorAll('blockquote[data-secret=\"'+t.secret+'\"]'),c=new RegExp(\"^https?:$\",\"i\"),i=0;i<o.length;i++)o[i].style.display=\"none\";for(i=0;i<a.length;i++)s=a[i],e.source===s.contentWindow&&(s.removeAttribute(\"style\"),\"height\"===t.message?(1e3<(r=parseInt(t.value,10))?r=1e3:~~r<200&&(r=200),s.height=r):\"link\"===t.message&&(r=new URL(s.getAttribute(\"src\")),n=new URL(t.value),c.test(n.protocol))&&n.host===r.host&&l.activeElement===s&&(d.top.location.href=t.value))}},d.addEventListener(\"message\",d.wp.receiveEmbedMessage,!1),l.addEventListener(\"DOMContentLoaded\",function(){for(var e,t,s=l.querySelectorAll(\"iframe.wp-embedded-content\"),r=0;r<s.length;r++)(t=(e=s[r]).getAttribute(\"data-secret\"))||(t=Math.random().toString(36).substring(2,12),e.src+=\"#?secret=\"+t,e.setAttribute(\"data-secret\",t)),e.contentWindow.postMessage({message:\"ready\",secret:t},\"*\")},!1)))}(window,document);\n\/\/# sourceURL=https:\/\/www.sanjuandeportes.com\/wp\/wp-includes\/js\/wp-embed.min.js\n<\/script>\n","thumbnail_url":"https:\/\/www.sanjuandeportes.com\/wp\/wp-content\/uploads\/2023\/01\/ca576052e05931e6b039b413ff9618c1_L.jpg","thumbnail_width":782,"thumbnail_height":440,"description":"Se viene un gran 2023 para el velerista sanjuanino, que viaja en la presente jornada a Mar del Plata para sumarse al equipo nacional. Mateo Maldonado sigue sumando experiencia en el yachting. Siendo a\u00fan un juvenil U21 en clase ILCA 7, el sanjuanino cerr\u00f3 un gran 2022 que incluy\u00f3 dos presencias en la Copa del [&hellip;]"}

Un sanjuanino se suma al equipo olímpico argentino - San Juan Deportes

<blockquote class="wp-embedded-content" data-secret="t0Lh1cDQoa"><a href="https://www.sanjuandeportes.com/wp/2023/01/18/un-sanjuanino-se-suma-al-equipo-olimpico-argentino/">Un sanjuanino se suma al equipo olímpico argentino</a></blockquote><iframe sandbox="allow-scripts" security="restricted" src="https://www.sanjuandeportes.com/wp/2023/01/18/un-sanjuanino-se-suma-al-equipo-olimpico-argentino/embed/#?secret=t0Lh1cDQoa" width="600" height="338" title="«Un sanjuanino se suma al equipo olímpico argentino» — San Juan Deportes" data-secret="t0Lh1cDQoa" frameborder="0" marginwidth="0" marginheight="0" scrolling="no" class="wp-embedded-content"></iframe><script>
/*! This file is auto-generated */
!function(d,l){"use strict";l.querySelector&&d.addEventListener&&"undefined"!=typeof URL&&(d.wp=d.wp||{},d.wp.receiveEmbedMessage||(d.wp.receiveEmbedMessage=function(e){var t=e.data;if((t||t.secret||t.message||t.value)&&!/[^a-zA-Z0-9]/.test(t.secret)){for(var s,r,n,a=l.querySelectorAll('iframe[data-secret="'+t.secret+'"]'),o=l.querySelectorAll('blockquote[data-secret="'+t.secret+'"]'),c=new RegExp("^https?:$","i"),i=0;i<o.length;i++)o[i].style.display="none";for(i=0;i<a.length;i++)s=a[i],e.source===s.contentWindow&&(s.removeAttribute("style"),"height"===t.message?(1e3<(r=parseInt(t.value,10))?r=1e3:~~r<200&&(r=200),s.height=r):"link"===t.message&&(r=new URL(s.getAttribute("src")),n=new URL(t.value),c.test(n.protocol))&&n.host===r.host&&l.activeElement===s&&(d.top.location.href=t.value))}},d.addEventListener("message",d.wp.receiveEmbedMessage,!1),l.addEventListener("DOMContentLoaded",function(){for(var e,t,s=l.querySelectorAll("iframe.wp-embedded-content"),r=0;r<s.length;r++)(t=(e=s[r]).getAttribute("data-secret"))||(t=Math.random().toString(36).substring(2,12),e.src+="#?secret="+t,e.setAttribute("data-secret",t)),e.contentWindow.postMessage({message:"ready",secret:t},"*")},!1)))}(window,document);
//# sourceURL=https://www.sanjuandeportes.com/wp/wp-includes/js/wp-embed.min.js
</script>

Se viene un gran 2023 para el velerista sanjuanino, que viaja en la presente jornada a Mar del Plata para sumarse al equipo nacional. Mateo Maldonado sigue sumando experiencia en el yachting. Siendo aún un juvenil U21 en clase ILCA 7, el sanjuanino cerró un gran 2022 que incluyó dos presencias en la Copa del [&hellip;]
