{"version":"1.0","provider_name":"San Juan Deportes","provider_url":"https:\/\/www.sanjuandeportes.com\/wp","author_name":"admin","author_url":"https:\/\/www.sanjuandeportes.com\/wp\/author\/admin\/","title":"\u00bfCancelan la carrera del TC2000 en El Zonda? - San Juan Deportes","type":"rich","width":600,"height":338,"html":"<blockquote class=\"wp-embedded-content\" data-secret=\"QfZXi2lRk4\"><a href=\"https:\/\/www.sanjuandeportes.com\/wp\/2023\/10\/17\/cancelan-la-carrera-del-tc2000-en-el-zonda\/\">\u00bfCancelan la carrera del TC2000 en El Zonda?<\/a><\/blockquote><iframe sandbox=\"allow-scripts\" security=\"restricted\" src=\"https:\/\/www.sanjuandeportes.com\/wp\/2023\/10\/17\/cancelan-la-carrera-del-tc2000-en-el-zonda\/embed\/#?secret=QfZXi2lRk4\" width=\"600\" height=\"338\" title=\"\u00ab\u00bfCancelan la carrera del TC2000 en El Zonda?\u00bb \u2014 San Juan Deportes\" data-secret=\"QfZXi2lRk4\" frameborder=\"0\" marginwidth=\"0\" marginheight=\"0\" scrolling=\"no\" class=\"wp-embedded-content\"><\/iframe><script>\n\/*! This file is auto-generated *\/\n!function(d,l){\"use strict\";l.querySelector&&d.addEventListener&&\"undefined\"!=typeof URL&&(d.wp=d.wp||{},d.wp.receiveEmbedMessage||(d.wp.receiveEmbedMessage=function(e){var t=e.data;if((t||t.secret||t.message||t.value)&&!\/[^a-zA-Z0-9]\/.test(t.secret)){for(var s,r,n,a=l.querySelectorAll('iframe[data-secret=\"'+t.secret+'\"]'),o=l.querySelectorAll('blockquote[data-secret=\"'+t.secret+'\"]'),c=new RegExp(\"^https?:$\",\"i\"),i=0;i<o.length;i++)o[i].style.display=\"none\";for(i=0;i<a.length;i++)s=a[i],e.source===s.contentWindow&&(s.removeAttribute(\"style\"),\"height\"===t.message?(1e3<(r=parseInt(t.value,10))?r=1e3:~~r<200&&(r=200),s.height=r):\"link\"===t.message&&(r=new URL(s.getAttribute(\"src\")),n=new URL(t.value),c.test(n.protocol))&&n.host===r.host&&l.activeElement===s&&(d.top.location.href=t.value))}},d.addEventListener(\"message\",d.wp.receiveEmbedMessage,!1),l.addEventListener(\"DOMContentLoaded\",function(){for(var e,t,s=l.querySelectorAll(\"iframe.wp-embedded-content\"),r=0;r<s.length;r++)(t=(e=s[r]).getAttribute(\"data-secret\"))||(t=Math.random().toString(36).substring(2,12),e.src+=\"#?secret=\"+t,e.setAttribute(\"data-secret\",t)),e.contentWindow.postMessage({message:\"ready\",secret:t},\"*\")},!1)))}(window,document);\n\/\/# sourceURL=https:\/\/www.sanjuandeportes.com\/wp\/wp-includes\/js\/wp-embed.min.js\n<\/script>\n","thumbnail_url":"https:\/\/www.sanjuandeportes.com\/wp\/wp-content\/uploads\/2020\/10\/el_zonda_3.jpg","thumbnail_width":1200,"thumbnail_height":800,"description":"El TC2000 volver\u00eda al Zonda \u00abEduardo Copello\u00bb de San Juan el pr\u00f3ximo 5 de noviembre para disputar la pen\u00faltima fecha del campeonato 2023. Para controlar los trabajos en el trazado, una comitiva de la CDA del ACA visitar\u00e1 el circuito esta semana. La \u00abQuebrada Rugiente\u00bb volver\u00e1 a tener a la categor\u00eda m\u00e1s tecnol\u00f3gica en el [&hellip;]"}

El TC2000 volvería al Zonda «Eduardo Copello» de San Juan el próximo 5 de noviembre para disputar la penúltima fecha del campeonato 2023. Para controlar los trabajos en el trazado, una comitiva de la CDA del ACA visitará el circuito esta semana. La «Quebrada Rugiente» volverá a tener a la categoría más tecnológica en el [&hellip;]
