{"version":"1.0","provider_name":"San Juan Deportes","provider_url":"https:\/\/www.sanjuandeportes.com\/wp","author_name":"admin","author_url":"https:\/\/www.sanjuandeportes.com\/wp\/author\/admin\/","title":"Sebasti\u00e1n Landa triunf\u00f3 en el Rally Argentino - San Juan Deportes","type":"rich","width":600,"height":338,"html":"<blockquote class=\"wp-embedded-content\" data-secret=\"F9nXrH0rG3\"><a href=\"https:\/\/www.sanjuandeportes.com\/wp\/2023\/11\/12\/sebastian-landa-triunfo-en-el-rally-argentino\/\">Sebasti\u00e1n Landa triunf\u00f3 en el Rally Argentino<\/a><\/blockquote><iframe sandbox=\"allow-scripts\" security=\"restricted\" src=\"https:\/\/www.sanjuandeportes.com\/wp\/2023\/11\/12\/sebastian-landa-triunfo-en-el-rally-argentino\/embed\/#?secret=F9nXrH0rG3\" width=\"600\" height=\"338\" title=\"\u00abSebasti\u00e1n Landa triunf\u00f3 en el Rally Argentino\u00bb \u2014 San Juan Deportes\" data-secret=\"F9nXrH0rG3\" frameborder=\"0\" marginwidth=\"0\" marginheight=\"0\" scrolling=\"no\" class=\"wp-embedded-content\"><\/iframe><script>\n\/*! This file is auto-generated *\/\n!function(d,l){\"use strict\";l.querySelector&&d.addEventListener&&\"undefined\"!=typeof URL&&(d.wp=d.wp||{},d.wp.receiveEmbedMessage||(d.wp.receiveEmbedMessage=function(e){var t=e.data;if((t||t.secret||t.message||t.value)&&!\/[^a-zA-Z0-9]\/.test(t.secret)){for(var s,r,n,a=l.querySelectorAll('iframe[data-secret=\"'+t.secret+'\"]'),o=l.querySelectorAll('blockquote[data-secret=\"'+t.secret+'\"]'),c=new RegExp(\"^https?:$\",\"i\"),i=0;i<o.length;i++)o[i].style.display=\"none\";for(i=0;i<a.length;i++)s=a[i],e.source===s.contentWindow&&(s.removeAttribute(\"style\"),\"height\"===t.message?(1e3<(r=parseInt(t.value,10))?r=1e3:~~r<200&&(r=200),s.height=r):\"link\"===t.message&&(r=new URL(s.getAttribute(\"src\")),n=new URL(t.value),c.test(n.protocol))&&n.host===r.host&&l.activeElement===s&&(d.top.location.href=t.value))}},d.addEventListener(\"message\",d.wp.receiveEmbedMessage,!1),l.addEventListener(\"DOMContentLoaded\",function(){for(var e,t,s=l.querySelectorAll(\"iframe.wp-embedded-content\"),r=0;r<s.length;r++)(t=(e=s[r]).getAttribute(\"data-secret\"))||(t=Math.random().toString(36).substring(2,12),e.src+=\"#?secret=\"+t,e.setAttribute(\"data-secret\",t)),e.contentWindow.postMessage({message:\"ready\",secret:t},\"*\")},!1)))}(window,document);\n\/\/# sourceURL=https:\/\/www.sanjuandeportes.com\/wp\/wp-includes\/js\/wp-embed.min.js\n<\/script>\n","thumbnail_url":"https:\/\/www.sanjuandeportes.com\/wp\/wp-content\/uploads\/2023\/11\/308084w790h527c.jpg.webp","thumbnail_width":790,"thumbnail_height":527,"description":"La pen\u00faltima fecha del a\u00f1o del Campeonato Argentino de Rally ya es historia. Y, as\u00ed tambi\u00e9n lo es, la participaci\u00f3n de los tres pilotos de la provincia de Entre R\u00edos que a\u00fan segu\u00edan en competencia en el cierre del fin de semana de la novena fecha de la temporada 2023, que se desarroll\u00f3 en el [&hellip;]"}

Sebastián Landa triunfó en el Rally Argentino - San Juan Deportes

<blockquote class="wp-embedded-content" data-secret="F9nXrH0rG3"><a href="https://www.sanjuandeportes.com/wp/2023/11/12/sebastian-landa-triunfo-en-el-rally-argentino/">Sebastián Landa triunfó en el Rally Argentino</a></blockquote><iframe sandbox="allow-scripts" security="restricted" src="https://www.sanjuandeportes.com/wp/2023/11/12/sebastian-landa-triunfo-en-el-rally-argentino/embed/#?secret=F9nXrH0rG3" width="600" height="338" title="«Sebastián Landa triunfó en el Rally Argentino» — San Juan Deportes" data-secret="F9nXrH0rG3" frameborder="0" marginwidth="0" marginheight="0" scrolling="no" class="wp-embedded-content"></iframe><script>
/*! This file is auto-generated */
!function(d,l){"use strict";l.querySelector&&d.addEventListener&&"undefined"!=typeof URL&&(d.wp=d.wp||{},d.wp.receiveEmbedMessage||(d.wp.receiveEmbedMessage=function(e){var t=e.data;if((t||t.secret||t.message||t.value)&&!/[^a-zA-Z0-9]/.test(t.secret)){for(var s,r,n,a=l.querySelectorAll('iframe[data-secret="'+t.secret+'"]'),o=l.querySelectorAll('blockquote[data-secret="'+t.secret+'"]'),c=new RegExp("^https?:$","i"),i=0;i<o.length;i++)o[i].style.display="none";for(i=0;i<a.length;i++)s=a[i],e.source===s.contentWindow&&(s.removeAttribute("style"),"height"===t.message?(1e3<(r=parseInt(t.value,10))?r=1e3:~~r<200&&(r=200),s.height=r):"link"===t.message&&(r=new URL(s.getAttribute("src")),n=new URL(t.value),c.test(n.protocol))&&n.host===r.host&&l.activeElement===s&&(d.top.location.href=t.value))}},d.addEventListener("message",d.wp.receiveEmbedMessage,!1),l.addEventListener("DOMContentLoaded",function(){for(var e,t,s=l.querySelectorAll("iframe.wp-embedded-content"),r=0;r<s.length;r++)(t=(e=s[r]).getAttribute("data-secret"))||(t=Math.random().toString(36).substring(2,12),e.src+="#?secret="+t,e.setAttribute("data-secret",t)),e.contentWindow.postMessage({message:"ready",secret:t},"*")},!1)))}(window,document);
//# sourceURL=https://www.sanjuandeportes.com/wp/wp-includes/js/wp-embed.min.js
</script>

La penúltima fecha del año del Campeonato Argentino de Rally ya es historia. Y, así también lo es, la participación de los tres pilotos de la provincia de Entre Ríos que aún seguían en competencia en el cierre del fin de semana de la novena fecha de la temporada 2023, que se desarrolló en el [&hellip;]
