{"version":"1.0","provider_name":"San Juan Deportes","provider_url":"https:\/\/www.sanjuandeportes.com\/wp","author_name":"admin","author_url":"https:\/\/www.sanjuandeportes.com\/wp\/author\/admin\/","title":"Fue postergada la final del f\u00fatbol sanjuanino - San Juan Deportes","type":"rich","width":600,"height":338,"html":"<blockquote class=\"wp-embedded-content\" data-secret=\"QiposKvyBu\"><a href=\"https:\/\/www.sanjuandeportes.com\/wp\/2023\/12\/12\/fue-postergada-la-final-del-futbol-sanjuanino\/\">Fue postergada la final del f\u00fatbol sanjuanino<\/a><\/blockquote><iframe sandbox=\"allow-scripts\" security=\"restricted\" src=\"https:\/\/www.sanjuandeportes.com\/wp\/2023\/12\/12\/fue-postergada-la-final-del-futbol-sanjuanino\/embed\/#?secret=QiposKvyBu\" width=\"600\" height=\"338\" title=\"\u00abFue postergada la final del f\u00fatbol sanjuanino\u00bb \u2014 San Juan Deportes\" data-secret=\"QiposKvyBu\" frameborder=\"0\" marginwidth=\"0\" marginheight=\"0\" scrolling=\"no\" class=\"wp-embedded-content\"><\/iframe><script>\n\/*! This file is auto-generated *\/\n!function(d,l){\"use strict\";l.querySelector&&d.addEventListener&&\"undefined\"!=typeof URL&&(d.wp=d.wp||{},d.wp.receiveEmbedMessage||(d.wp.receiveEmbedMessage=function(e){var t=e.data;if((t||t.secret||t.message||t.value)&&!\/[^a-zA-Z0-9]\/.test(t.secret)){for(var s,r,n,a=l.querySelectorAll('iframe[data-secret=\"'+t.secret+'\"]'),o=l.querySelectorAll('blockquote[data-secret=\"'+t.secret+'\"]'),c=new RegExp(\"^https?:$\",\"i\"),i=0;i<o.length;i++)o[i].style.display=\"none\";for(i=0;i<a.length;i++)s=a[i],e.source===s.contentWindow&&(s.removeAttribute(\"style\"),\"height\"===t.message?(1e3<(r=parseInt(t.value,10))?r=1e3:~~r<200&&(r=200),s.height=r):\"link\"===t.message&&(r=new URL(s.getAttribute(\"src\")),n=new URL(t.value),c.test(n.protocol))&&n.host===r.host&&l.activeElement===s&&(d.top.location.href=t.value))}},d.addEventListener(\"message\",d.wp.receiveEmbedMessage,!1),l.addEventListener(\"DOMContentLoaded\",function(){for(var e,t,s=l.querySelectorAll(\"iframe.wp-embedded-content\"),r=0;r<s.length;r++)(t=(e=s[r]).getAttribute(\"data-secret\"))||(t=Math.random().toString(36).substring(2,12),e.src+=\"#?secret=\"+t,e.setAttribute(\"data-secret\",t)),e.contentWindow.postMessage({message:\"ready\",secret:t},\"*\")},!1)))}(window,document);\n\/\/# sourceURL=https:\/\/www.sanjuandeportes.com\/wp\/wp-includes\/js\/wp-embed.min.js\n<\/script>\n","thumbnail_url":"https:\/\/www.sanjuandeportes.com\/wp\/wp-content\/uploads\/2023\/12\/310154w790h547c.jpg.webp","thumbnail_width":790,"thumbnail_height":547,"description":"La&nbsp;final&nbsp;del&nbsp;Torneo&nbsp;de&nbsp;Verano&nbsp;del&nbsp;f\u00fatbol sanjuanino,&nbsp;entre&nbsp;Alianza&nbsp;y&nbsp;Col\u00f3n&nbsp;Juniors seguir\u00e1&nbsp;postergada.&nbsp;Aunque originalmente estaba programada para este mi\u00e9rcoles, la&nbsp;Liga Sanjuanina&nbsp;de&nbsp;F\u00fatbol&nbsp;dio a conocer que aguardar\u00e1 la decisi\u00f3n del&nbsp;Consejo Federal&nbsp;en respuesta al reclamo presentado por San&nbsp;Mart\u00edn. El&nbsp;equipo&nbsp;de&nbsp;San Mart\u00edn&nbsp;present\u00f3 un reclamo ante la Liga en ambos partidos de la serie semifinal contra&nbsp;Alianza,&nbsp;alegando la mala inclusi\u00f3n de&nbsp;Adri\u00e1n Vargas&nbsp;y&nbsp;Emiliano Sagua&nbsp;en el encuentro de vuelta disputado en el&nbsp;Hilario S\u00e1nchez.&nbsp;A pesar [&hellip;]"}

Fue postergada la final del fútbol sanjuanino - San Juan Deportes

<blockquote class="wp-embedded-content" data-secret="QiposKvyBu"><a href="https://www.sanjuandeportes.com/wp/2023/12/12/fue-postergada-la-final-del-futbol-sanjuanino/">Fue postergada la final del fútbol sanjuanino</a></blockquote><iframe sandbox="allow-scripts" security="restricted" src="https://www.sanjuandeportes.com/wp/2023/12/12/fue-postergada-la-final-del-futbol-sanjuanino/embed/#?secret=QiposKvyBu" width="600" height="338" title="«Fue postergada la final del fútbol sanjuanino» — San Juan Deportes" data-secret="QiposKvyBu" frameborder="0" marginwidth="0" marginheight="0" scrolling="no" class="wp-embedded-content"></iframe><script>
/*! This file is auto-generated */
!function(d,l){"use strict";l.querySelector&&d.addEventListener&&"undefined"!=typeof URL&&(d.wp=d.wp||{},d.wp.receiveEmbedMessage||(d.wp.receiveEmbedMessage=function(e){var t=e.data;if((t||t.secret||t.message||t.value)&&!/[^a-zA-Z0-9]/.test(t.secret)){for(var s,r,n,a=l.querySelectorAll('iframe[data-secret="'+t.secret+'"]'),o=l.querySelectorAll('blockquote[data-secret="'+t.secret+'"]'),c=new RegExp("^https?:$","i"),i=0;i<o.length;i++)o[i].style.display="none";for(i=0;i<a.length;i++)s=a[i],e.source===s.contentWindow&&(s.removeAttribute("style"),"height"===t.message?(1e3<(r=parseInt(t.value,10))?r=1e3:~~r<200&&(r=200),s.height=r):"link"===t.message&&(r=new URL(s.getAttribute("src")),n=new URL(t.value),c.test(n.protocol))&&n.host===r.host&&l.activeElement===s&&(d.top.location.href=t.value))}},d.addEventListener("message",d.wp.receiveEmbedMessage,!1),l.addEventListener("DOMContentLoaded",function(){for(var e,t,s=l.querySelectorAll("iframe.wp-embedded-content"),r=0;r<s.length;r++)(t=(e=s[r]).getAttribute("data-secret"))||(t=Math.random().toString(36).substring(2,12),e.src+="#?secret="+t,e.setAttribute("data-secret",t)),e.contentWindow.postMessage({message:"ready",secret:t},"*")},!1)))}(window,document);
//# sourceURL=https://www.sanjuandeportes.com/wp/wp-includes/js/wp-embed.min.js
</script>

La&nbsp;final&nbsp;del&nbsp;Torneo&nbsp;de&nbsp;Verano&nbsp;del&nbsp;fútbol sanjuanino,&nbsp;entre&nbsp;Alianza&nbsp;y&nbsp;Colón&nbsp;Juniors seguirá&nbsp;postergada.&nbsp;Aunque originalmente estaba programada para este miércoles, la&nbsp;Liga Sanjuanina&nbsp;de&nbsp;Fútbol&nbsp;dio a conocer que aguardará la decisión del&nbsp;Consejo Federal&nbsp;en respuesta al reclamo presentado por San&nbsp;Martín. El&nbsp;equipo&nbsp;de&nbsp;San Martín&nbsp;presentó un reclamo ante la Liga en ambos partidos de la serie semifinal contra&nbsp;Alianza,&nbsp;alegando la mala inclusión de&nbsp;Adrián Vargas&nbsp;y&nbsp;Emiliano Sagua&nbsp;en el encuentro de vuelta disputado en el&nbsp;Hilario Sánchez.&nbsp;A pesar [&hellip;]
