{"version":"1.0","provider_name":"San Juan Deportes","provider_url":"https:\/\/www.sanjuandeportes.com\/wp","author_name":"admin","author_url":"https:\/\/www.sanjuandeportes.com\/wp\/author\/admin\/","title":"Carlos Nicol\u00eda no continuar\u00e1 en el Benfica - San Juan Deportes","type":"rich","width":600,"height":338,"html":"<blockquote class=\"wp-embedded-content\" data-secret=\"kEOMTTv1kc\"><a href=\"https:\/\/www.sanjuandeportes.com\/wp\/2024\/07\/05\/carlos-nicolia-no-continuara-en-el-benfica\/\">Carlos Nicol\u00eda no continuar\u00e1 en el Benfica<\/a><\/blockquote><iframe sandbox=\"allow-scripts\" security=\"restricted\" src=\"https:\/\/www.sanjuandeportes.com\/wp\/2024\/07\/05\/carlos-nicolia-no-continuara-en-el-benfica\/embed\/#?secret=kEOMTTv1kc\" width=\"600\" height=\"338\" title=\"\u00abCarlos Nicol\u00eda no continuar\u00e1 en el Benfica\u00bb \u2014 San Juan Deportes\" data-secret=\"kEOMTTv1kc\" frameborder=\"0\" marginwidth=\"0\" marginheight=\"0\" scrolling=\"no\" class=\"wp-embedded-content\"><\/iframe><script>\n\/*! This file is auto-generated *\/\n!function(d,l){\"use strict\";l.querySelector&&d.addEventListener&&\"undefined\"!=typeof URL&&(d.wp=d.wp||{},d.wp.receiveEmbedMessage||(d.wp.receiveEmbedMessage=function(e){var t=e.data;if((t||t.secret||t.message||t.value)&&!\/[^a-zA-Z0-9]\/.test(t.secret)){for(var s,r,n,a=l.querySelectorAll('iframe[data-secret=\"'+t.secret+'\"]'),o=l.querySelectorAll('blockquote[data-secret=\"'+t.secret+'\"]'),c=new RegExp(\"^https?:$\",\"i\"),i=0;i<o.length;i++)o[i].style.display=\"none\";for(i=0;i<a.length;i++)s=a[i],e.source===s.contentWindow&&(s.removeAttribute(\"style\"),\"height\"===t.message?(1e3<(r=parseInt(t.value,10))?r=1e3:~~r<200&&(r=200),s.height=r):\"link\"===t.message&&(r=new URL(s.getAttribute(\"src\")),n=new URL(t.value),c.test(n.protocol))&&n.host===r.host&&l.activeElement===s&&(d.top.location.href=t.value))}},d.addEventListener(\"message\",d.wp.receiveEmbedMessage,!1),l.addEventListener(\"DOMContentLoaded\",function(){for(var e,t,s=l.querySelectorAll(\"iframe.wp-embedded-content\"),r=0;r<s.length;r++)(t=(e=s[r]).getAttribute(\"data-secret\"))||(t=Math.random().toString(36).substring(2,12),e.src+=\"#?secret=\"+t,e.setAttribute(\"data-secret\",t)),e.contentWindow.postMessage({message:\"ready\",secret:t},\"*\")},!1)))}(window,document);\n\/\/# sourceURL=https:\/\/www.sanjuandeportes.com\/wp\/wp-includes\/js\/wp-embed.min.js\n<\/script>\n","thumbnail_url":"http:\/\/www.sanjuandeportes.com\/wp\/wp-content\/uploads\/2024\/07\/38836336.jpg","thumbnail_width":960,"thumbnail_height":540,"description":"\u201cHoy me anunciaron que ya no soy parte de mi club. Creo que la vida est\u00e1 hecha de momentos \u00fanicos que nos marcan para toda la vida, estar\u00eda mintiendo si dijera que la tristeza no me invade, ya no soy un jugador glorioso, pero nunca dejar\u00e9 de ser del Benfica. Estoy sin palabras hoy. Estar\u00e9 [&hellip;]"}

Carlos Nicolía no continuará en el Benfica - San Juan Deportes

<blockquote class="wp-embedded-content" data-secret="kEOMTTv1kc"><a href="https://www.sanjuandeportes.com/wp/2024/07/05/carlos-nicolia-no-continuara-en-el-benfica/">Carlos Nicolía no continuará en el Benfica</a></blockquote><iframe sandbox="allow-scripts" security="restricted" src="https://www.sanjuandeportes.com/wp/2024/07/05/carlos-nicolia-no-continuara-en-el-benfica/embed/#?secret=kEOMTTv1kc" width="600" height="338" title="«Carlos Nicolía no continuará en el Benfica» — San Juan Deportes" data-secret="kEOMTTv1kc" frameborder="0" marginwidth="0" marginheight="0" scrolling="no" class="wp-embedded-content"></iframe><script>
/*! This file is auto-generated */
!function(d,l){"use strict";l.querySelector&&d.addEventListener&&"undefined"!=typeof URL&&(d.wp=d.wp||{},d.wp.receiveEmbedMessage||(d.wp.receiveEmbedMessage=function(e){var t=e.data;if((t||t.secret||t.message||t.value)&&!/[^a-zA-Z0-9]/.test(t.secret)){for(var s,r,n,a=l.querySelectorAll('iframe[data-secret="'+t.secret+'"]'),o=l.querySelectorAll('blockquote[data-secret="'+t.secret+'"]'),c=new RegExp("^https?:$","i"),i=0;i<o.length;i++)o[i].style.display="none";for(i=0;i<a.length;i++)s=a[i],e.source===s.contentWindow&&(s.removeAttribute("style"),"height"===t.message?(1e3<(r=parseInt(t.value,10))?r=1e3:~~r<200&&(r=200),s.height=r):"link"===t.message&&(r=new URL(s.getAttribute("src")),n=new URL(t.value),c.test(n.protocol))&&n.host===r.host&&l.activeElement===s&&(d.top.location.href=t.value))}},d.addEventListener("message",d.wp.receiveEmbedMessage,!1),l.addEventListener("DOMContentLoaded",function(){for(var e,t,s=l.querySelectorAll("iframe.wp-embedded-content"),r=0;r<s.length;r++)(t=(e=s[r]).getAttribute("data-secret"))||(t=Math.random().toString(36).substring(2,12),e.src+="#?secret="+t,e.setAttribute("data-secret",t)),e.contentWindow.postMessage({message:"ready",secret:t},"*")},!1)))}(window,document);
//# sourceURL=https://www.sanjuandeportes.com/wp/wp-includes/js/wp-embed.min.js
</script>

“Hoy me anunciaron que ya no soy parte de mi club. Creo que la vida está hecha de momentos únicos que nos marcan para toda la vida, estaría mintiendo si dijera que la tristeza no me invade, ya no soy un jugador glorioso, pero nunca dejaré de ser del Benfica. Estoy sin palabras hoy. Estaré [&hellip;]
