{"version":"1.0","provider_name":"San Juan Deportes","provider_url":"https:\/\/www.sanjuandeportes.com\/wp","author_name":"admin","author_url":"https:\/\/www.sanjuandeportes.com\/wp\/author\/admin\/","title":"Deportistas sanjuaninos con actividad internacional - San Juan Deportes","type":"rich","width":600,"height":338,"html":"<blockquote class=\"wp-embedded-content\" data-secret=\"UQK3sMJBjc\"><a href=\"https:\/\/www.sanjuandeportes.com\/wp\/2025\/01\/10\/deportistas-sanjuaninos-con-actividad-internacional\/\">Deportistas sanjuaninos con actividad internacional<\/a><\/blockquote><iframe sandbox=\"allow-scripts\" security=\"restricted\" src=\"https:\/\/www.sanjuandeportes.com\/wp\/2025\/01\/10\/deportistas-sanjuaninos-con-actividad-internacional\/embed\/#?secret=UQK3sMJBjc\" width=\"600\" height=\"338\" title=\"\u00abDeportistas sanjuaninos con actividad internacional\u00bb \u2014 San Juan Deportes\" data-secret=\"UQK3sMJBjc\" frameborder=\"0\" marginwidth=\"0\" marginheight=\"0\" scrolling=\"no\" class=\"wp-embedded-content\"><\/iframe><script>\n\/*! This file is auto-generated *\/\n!function(d,l){\"use strict\";l.querySelector&&d.addEventListener&&\"undefined\"!=typeof URL&&(d.wp=d.wp||{},d.wp.receiveEmbedMessage||(d.wp.receiveEmbedMessage=function(e){var t=e.data;if((t||t.secret||t.message||t.value)&&!\/[^a-zA-Z0-9]\/.test(t.secret)){for(var s,r,n,a=l.querySelectorAll('iframe[data-secret=\"'+t.secret+'\"]'),o=l.querySelectorAll('blockquote[data-secret=\"'+t.secret+'\"]'),c=new RegExp(\"^https?:$\",\"i\"),i=0;i<o.length;i++)o[i].style.display=\"none\";for(i=0;i<a.length;i++)s=a[i],e.source===s.contentWindow&&(s.removeAttribute(\"style\"),\"height\"===t.message?(1e3<(r=parseInt(t.value,10))?r=1e3:~~r<200&&(r=200),s.height=r):\"link\"===t.message&&(r=new URL(s.getAttribute(\"src\")),n=new URL(t.value),c.test(n.protocol))&&n.host===r.host&&l.activeElement===s&&(d.top.location.href=t.value))}},d.addEventListener(\"message\",d.wp.receiveEmbedMessage,!1),l.addEventListener(\"DOMContentLoaded\",function(){for(var e,t,s=l.querySelectorAll(\"iframe.wp-embedded-content\"),r=0;r<s.length;r++)(t=(e=s[r]).getAttribute(\"data-secret\"))||(t=Math.random().toString(36).substring(2,12),e.src+=\"#?secret=\"+t,e.setAttribute(\"data-secret\",t)),e.contentWindow.postMessage({message:\"ready\",secret:t},\"*\")},!1)))}(window,document);\n\/\/# sourceURL=https:\/\/www.sanjuandeportes.com\/wp\/wp-includes\/js\/wp-embed.min.js\n<\/script>\n","thumbnail_url":"http:\/\/www.sanjuandeportes.com\/wp\/wp-content\/uploads\/2025\/01\/f89c1e966d1c2607828434ecfae20946_L.jpg","thumbnail_width":782,"thumbnail_height":440,"description":"Se reinicia la disputa de La Liga de Campeones de Baloncesto de las Am\u00e9ricas, oficialmente llamada Basketball Champions League Americas, que es el m\u00e1ximo torneo de FIBA Am\u00e9ricas para clubes de todo el continente americano, donde participan 12 equipos. Uno de los representantes de Argentina es Boca Juniors que cuenta en su plantilla con el [&hellip;]"}

Se reinicia la disputa de La Liga de Campeones de Baloncesto de las Américas, oficialmente llamada Basketball Champions League Americas, que es el máximo torneo de FIBA Américas para clubes de todo el continente americano, donde participan 12 equipos. Uno de los representantes de Argentina es Boca Juniors que cuenta en su plantilla con el [&hellip;]
